CRAN Package Check Results for Package gaston

Last updated on 2020-09-23 03:59:58 CEST.

Flavor Version Tinstall Tcheck Ttotal Status Flags
r-devel-linux-x86_64-debian-clang 1.5.6 727.62 112.23 839.85 OK
r-devel-linux-x86_64-debian-gcc 1.5.6 580.33 99.86 680.19 NOTE
r-devel-linux-x86_64-fedora-clang 1.5.6 1255.74 NOTE
r-devel-linux-x86_64-fedora-gcc 1.5.6 1179.39 NOTE
r-devel-windows-ix86+x86_64 1.5.6 1560.00 236.00 1796.00 NOTE
r-patched-linux-x86_64 1.5.6 616.92 124.22 741.14 OK
r-patched-solaris-x86 1.5.6 914.30 NOTE
r-release-linux-x86_64 1.5.6 601.60 123.59 725.19 OK
r-release-macos-x86_64 1.5.6 NOTE
r-release-windows-ix86+x86_64 1.5.6 1321.00 232.00 1553.00 NOTE
r-oldrel-macos-x86_64 1.5.6 NOTE
r-oldrel-windows-ix86+x86_64 1.5.6 1035.00 203.00 1238.00 NOTE

Additional issues

clang-UBSAN gcc-UBSAN

Check Details

Version: 1.5.6
Check: R code for possible problems
Result: NOTE
    Possibly missing '()' after 'return' in the following function:
     ‘snp.sq’
Flavors: r-devel-linux-x86_64-debian-gcc, r-devel-linux-x86_64-fedora-clang, r-devel-linux-x86_64-fedora-gcc

Version: 1.5.6
Check: installed package size
Result: NOTE
     installed size is 82.4Mb
     sub-directories of 1Mb or more:
     extdata 1.6Mb
     libs 79.1Mb
Flavors: r-devel-linux-x86_64-fedora-clang, r-devel-windows-ix86+x86_64, r-patched-solaris-x86, r-release-macos-x86_64, r-release-windows-ix86+x86_64, r-oldrel-macos-x86_64, r-oldrel-windows-ix86+x86_64

Version: 1.5.6
Check: Rd cross-references
Result: NOTE
    Undeclared package ‘RcppEigen’ in Rd xrefs
Flavor: r-devel-linux-x86_64-fedora-clang