CRAN Package Check Results for Package gbeta

Last updated on 2025-01-19 07:49:59 CET.

Flavor Version Tinstall Tcheck Ttotal Status Flags
r-devel-linux-x86_64-debian-clang 0.1.0 21.35 27.02 48.37 OK
r-devel-linux-x86_64-debian-gcc 0.1.0 15.93 22.99 38.92 OK
r-devel-linux-x86_64-fedora-clang 0.1.0 90.21 OK
r-devel-linux-x86_64-fedora-gcc 0.1.0 112.61 OK
r-devel-windows-x86_64 0.1.0 26.00 65.00 91.00 OK
r-patched-linux-x86_64 0.1.0 25.06 27.75 52.81 OK
r-release-linux-x86_64 0.1.0 23.40 28.04 51.44 OK
r-release-macos-arm64 0.1.0 31.00 NOTE
r-release-macos-x86_64 0.1.0 49.00 NOTE
r-release-windows-x86_64 0.1.0 25.00 64.00 89.00 OK
r-oldrel-macos-arm64 0.1.0 36.00 NOTE
r-oldrel-macos-x86_64 0.1.0 54.00 NOTE
r-oldrel-windows-x86_64 0.1.0 27.00 73.00 100.00 OK

Check Details

Version: 0.1.0
Check: installed package size
Result: NOTE installed size is 6.6Mb sub-directories of 1Mb or more: libs 6.5Mb Flavors: r-release-macos-arm64, r-release-macos-x86_64, r-oldrel-macos-arm64, r-oldrel-macos-x86_64