CRAN Package Check Results for Package gbfs

Last updated on 2020-06-05 01:50:02 CEST.

Flavor Version Tinstall Tcheck Ttotal Status Flags
r-devel-linux-x86_64-debian-clang 1.3.2 3.98 40.84 44.82 ERROR
r-devel-linux-x86_64-debian-gcc 1.3.2 2.89 32.02 34.91 ERROR
r-devel-linux-x86_64-fedora-clang 1.3.2 62.52 OK
r-devel-linux-x86_64-fedora-gcc 1.3.2 62.05 OK
r-devel-windows-ix86+x86_64 1.3.2 17.00 182.00 199.00 OK
r-patched-linux-x86_64 1.3.2 3.44 40.67 44.11 ERROR
r-patched-solaris-x86 1.3.2 78.40 ERROR
r-release-linux-x86_64 1.3.2 3.79 40.60 44.39 ERROR
r-release-osx-x86_64 1.3.2 OK
r-release-windows-ix86+x86_64 1.3.2 10.00 152.00 162.00 OK
r-oldrel-osx-x86_64 1.3.2 OK
r-oldrel-windows-ix86+x86_64 1.3.2 12.00 179.00 191.00 OK

Check Details

Version: 1.3.2
Check: tests
Result: ERROR
     Running 'testthat.R' [8s/29s]
    Running the tests in 'tests/testthat.R' failed.
    Complete output:
     > library(testthat)
     > library(gbfs)
     >
     > test_check("gbfs")
     -- 1. Error: (unknown) (@test-wrapper.R#10) -----------------------------------
     No supported cities matched the string supplied. Consider using `get_gbfs_cities()` to find the desired .json URL.
     Backtrace:
     1. gbfs::get_gbfs("https://share.veoride.com/api/share/gbfs")
     2. gbfs:::city_to_url(city, "gbfs")
    
     == testthat results ===========================================================
     [ OK: 25 | SKIPPED: 1 | WARNINGS: 0 | FAILED: 1 ]
     1. Error: (unknown) (@test-wrapper.R#10)
    
     Error: testthat unit tests failed
     Execution halted
Flavor: r-devel-linux-x86_64-debian-clang

Version: 1.3.2
Check: tests
Result: ERROR
     Running ‘testthat.R’ [6s/31s]
    Running the tests in ‘tests/testthat.R’ failed.
    Complete output:
     > library(testthat)
     > library(gbfs)
     >
     > test_check("gbfs")
     ── 1. Error: (unknown) (@test-wrapper.R#10) ───────────────────────────────────
     No supported cities matched the string supplied. Consider using `get_gbfs_cities()` to find the desired .json URL.
     Backtrace:
     1. gbfs::get_gbfs("https://share.veoride.com/api/share/gbfs")
     2. gbfs:::city_to_url(city, "gbfs")
    
     ══ testthat results ═══════════════════════════════════════════════════════════
     [ OK: 25 | SKIPPED: 1 | WARNINGS: 0 | FAILED: 1 ]
     1. Error: (unknown) (@test-wrapper.R#10)
    
     Error: testthat unit tests failed
     Execution halted
Flavor: r-devel-linux-x86_64-debian-gcc

Version: 1.3.2
Check: tests
Result: ERROR
     Running ‘testthat.R’ [8s/28s]
    Running the tests in ‘tests/testthat.R’ failed.
    Complete output:
     > library(testthat)
     > library(gbfs)
     >
     > test_check("gbfs")
     ── 1. Error: (unknown) (@test-wrapper.R#10) ───────────────────────────────────
     No supported cities matched the string supplied. Consider using `get_gbfs_cities()` to find the desired .json URL.
     Backtrace:
     1. gbfs::get_gbfs("https://share.veoride.com/api/share/gbfs")
     2. gbfs:::city_to_url(city, "gbfs")
    
     ══ testthat results ═══════════════════════════════════════════════════════════
     [ OK: 25 | SKIPPED: 1 | WARNINGS: 0 | FAILED: 1 ]
     1. Error: (unknown) (@test-wrapper.R#10)
    
     Error: testthat unit tests failed
     Execution halted
Flavor: r-patched-linux-x86_64

Version: 1.3.2
Check: tests
Result: ERROR
     Running ‘testthat.R’ [0m/12m]
    Running the tests in ‘tests/testthat.R’ failed.
    Complete output:
     > library(testthat)
     > library(gbfs)
     >
     > test_check("gbfs")
     ── 1. Error: (unknown) (@test-wrapper.R#7) ────────────────────────────────────
     Timeout was reached: [biketownpdx.socialbicycles.com] Resolving timed out after 10000 milliseconds
     Backtrace:
     1. gbfs::get_gbfs("portland")
     4. purrr::map2(...)
     5. gbfs:::.f(.x[[i]], .y[[i]], ...)
     6. jsonlite::fromJSON(txt = url)
     7. jsonlite:::parse_and_simplify(...)
     8. jsonlite:::parseJSON(txt, bigint_as_char)
     9. jsonlite:::parse_con(txt, bigint_as_char)
     11. base::open.connection(con, "rb")
    
     ══ testthat results ═══════════════════════════════════════════════════════════
     [ OK: 25 | SKIPPED: 1 | WARNINGS: 0 | FAILED: 1 ]
     1. Error: (unknown) (@test-wrapper.R#7)
    
     Error: testthat unit tests failed
     Execution halted
Flavor: r-patched-solaris-x86

Version: 1.3.2
Check: tests
Result: ERROR
     Running ‘testthat.R’ [8s/27s]
    Running the tests in ‘tests/testthat.R’ failed.
    Complete output:
     > library(testthat)
     > library(gbfs)
     >
     > test_check("gbfs")
     ── 1. Error: (unknown) (@test-wrapper.R#10) ───────────────────────────────────
     No supported cities matched the string supplied. Consider using `get_gbfs_cities()` to find the desired .json URL.
     Backtrace:
     1. gbfs::get_gbfs("https://share.veoride.com/api/share/gbfs")
     2. gbfs:::city_to_url(city, "gbfs")
    
     ══ testthat results ═══════════════════════════════════════════════════════════
     [ OK: 25 | SKIPPED: 1 | WARNINGS: 0 | FAILED: 1 ]
     1. Error: (unknown) (@test-wrapper.R#10)
    
     Error: testthat unit tests failed
     Execution halted
Flavor: r-release-linux-x86_64