CRAN Package Check Results for Package gbs2ploidy

Last updated on 2023-12-05 07:48:32 CET.

Flavor Version Tinstall Tcheck Ttotal Status Flags
r-devel-linux-x86_64-debian-clang 1.0 2.20 35.16 37.36 NOTE
r-devel-linux-x86_64-debian-gcc 1.0 2.10 28.38 30.48 NOTE
r-devel-linux-x86_64-fedora-clang 1.0 46.26 NOTE
r-devel-linux-x86_64-fedora-gcc 1.0 44.33 NOTE
r-devel-windows-x86_64 1.0 3.00 54.00 57.00 NOTE
r-patched-linux-x86_64 1.0 2.86 32.28 35.14 NOTE
r-release-linux-x86_64 1.0 2.35 32.46 34.81 NOTE
r-release-macos-arm64 1.0 21.00 NOTE
r-release-macos-x86_64 1.0 30.00 NOTE
r-release-windows-x86_64 1.0 3.00 56.00 59.00 NOTE
r-oldrel-macos-arm64 1.0 21.00 OK
r-oldrel-macos-x86_64 1.0 28.00 OK
r-oldrel-windows-x86_64 1.0 4.00 58.00 62.00 OK

Check Details

Version: 1.0
Check: Rd files
Result: NOTE checkRd: (-1) estprops.Rd:40: Escaped LaTeX specials: \& Flavors: r-devel-linux-x86_64-debian-clang, r-devel-linux-x86_64-debian-gcc, r-devel-linux-x86_64-fedora-clang, r-devel-linux-x86_64-fedora-gcc, r-devel-windows-x86_64, r-patched-linux-x86_64, r-release-linux-x86_64, r-release-macos-arm64, r-release-macos-x86_64, r-release-windows-x86_64