Last updated on 2023-12-04 07:50:55 CET.
Flavor | Version | Tinstall | Tcheck | Ttotal | Status | Flags |
---|---|---|---|---|---|---|
r-devel-linux-x86_64-debian-clang | 0.3.2 | 5.58 | 44.38 | 49.96 | NOTE | |
r-devel-linux-x86_64-debian-gcc | 0.3.2 | 5.78 | 32.45 | 38.23 | NOTE | |
r-devel-linux-x86_64-fedora-clang | 0.3.2 | 60.84 | OK | |||
r-devel-linux-x86_64-fedora-gcc | 0.3.2 | 58.75 | OK | |||
r-devel-windows-x86_64 | 0.3.2 | 6.00 | 52.00 | 58.00 | OK | |
r-patched-linux-x86_64 | 0.3.2 | 8.30 | 39.58 | 47.88 | OK | |
r-release-linux-x86_64 | 0.3.2 | 5.40 | 39.77 | 45.17 | OK | |
r-release-macos-arm64 | 0.3.2 | 20.00 | OK | |||
r-release-macos-x86_64 | 0.3.2 | 29.00 | OK | |||
r-release-windows-x86_64 | 0.3.2 | 6.00 | 53.00 | 59.00 | OK | |
r-oldrel-macos-arm64 | 0.3.2 | 19.00 | OK | |||
r-oldrel-macos-x86_64 | 0.3.2 | 28.00 | OK | |||
r-oldrel-windows-x86_64 | 0.3.2 | 8.00 | 58.00 | 66.00 | OK |
Version: 0.3.2
Check: Rd files
Result: NOTE
checkRd: (-1) gconsensus.Rd:48-54: Lost braces
48 | {\code{display.signif.digits} an integer representing the number of significant digits to be obtained in the adaptative approach of the Monte Carlo simulation,
| ^
Flavors: r-devel-linux-x86_64-debian-clang, r-devel-linux-x86_64-debian-gcc