CRAN Package Check Results for Package gdata

Last updated on 2021-05-09 01:46:53 CEST.

Flavor Version Tinstall Tcheck Ttotal Status Flags
r-devel-linux-x86_64-debian-clang 2.18.0 5.95 94.46 100.41 OK
r-devel-linux-x86_64-debian-gcc 2.18.0 4.56 68.92 73.48 OK
r-devel-linux-x86_64-fedora-clang 2.18.0 135.69 NOTE
r-devel-linux-x86_64-fedora-gcc 2.18.0 123.72 OK
r-devel-windows-ix86+x86_64 2.18.0 8.00 240.00 248.00 OK
r-devel-windows-x86_64-gcc10-UCRT 2.18.0 OK
r-patched-linux-x86_64 2.18.0 7.72 92.92 100.64 OK
r-patched-solaris-x86 2.18.0 114.60 OK
r-release-linux-x86_64 2.18.0 6.22 91.09 97.31 OK
r-release-macos-x86_64 2.18.0 OK
r-release-windows-ix86+x86_64 2.18.0 10.00 226.00 236.00 OK
r-oldrel-macos-x86_64 2.18.0 OK
r-oldrel-windows-ix86+x86_64 2.18.0 8.00 213.00 221.00 OK

Check Details

Version: 2.18.0
Check: Rd cross-references
Result: NOTE
    Undeclared package ‘reshape’ in Rd xrefs
Flavor: r-devel-linux-x86_64-fedora-clang