CRAN Package Check Results for Package gde

Last updated on 2024-06-13 06:58:02 CEST.

Flavor Version Tinstall Tcheck Ttotal Status Flags
r-devel-linux-x86_64-debian-clang 0.2.1 11.51 92.37 103.88 OK
r-devel-linux-x86_64-debian-gcc 0.2.1 0.39 1.78 2.17 ERROR
r-devel-linux-x86_64-fedora-clang 0.2.1 128.45 OK
r-devel-linux-x86_64-fedora-gcc 0.2.1 119.45 OK
r-devel-windows-x86_64 0.2.1 11.00 80.00 91.00 OK
r-patched-linux-x86_64 0.2.1 11.06 88.69 99.75 OK
r-release-linux-x86_64 0.2.1 9.20 89.18 98.38 OK
r-release-macos-arm64 0.2.1 39.00 OK
r-release-macos-x86_64 0.2.1 77.00 OK
r-release-windows-x86_64 0.2.1 13.00 82.00 95.00 OK
r-oldrel-macos-arm64 0.2.1 41.00 OK
r-oldrel-macos-x86_64 0.2.1 59.00 OK
r-oldrel-windows-x86_64 0.2.1 15.00 97.00 112.00 OK

Check Details

Version: 0.2.1
Check: package dependencies
Result: ERROR Packages required but not available: 'ggplot2', 'RSQLite', 'dplyr', 'stringr', 'readr', 'progress' See section ‘The DESCRIPTION file’ in the ‘Writing R Extensions’ manual. Flavor: r-devel-linux-x86_64-debian-gcc