CRAN Package Check Results for Package gdns

Last updated on 2020-09-23 03:59:58 CEST.

Flavor Version Tinstall Tcheck Ttotal Status Flags
r-devel-linux-x86_64-debian-clang 0.5.0 2.58 26.24 28.82 OK
r-devel-linux-x86_64-debian-gcc 0.5.0 2.15 21.31 23.46 OK
r-devel-linux-x86_64-fedora-clang 0.5.0 44.37 NOTE
r-devel-linux-x86_64-fedora-gcc 0.5.0 35.34 NOTE
r-devel-windows-ix86+x86_64 0.5.0 5.00 42.00 47.00 OK
r-patched-linux-x86_64 0.5.0 2.51 25.92 28.43 OK
r-patched-solaris-x86 0.5.0 57.10 NOTE
r-release-linux-x86_64 0.5.0 2.26 25.88 28.14 OK
r-release-macos-x86_64 0.5.0 NOTE
r-release-windows-ix86+x86_64 0.5.0 5.00 43.00 48.00 OK
r-oldrel-macos-x86_64 0.5.0 NOTE
r-oldrel-windows-ix86+x86_64 0.5.0 4.00 41.00 45.00 OK

Check Details

Version: 0.5.0
Check: data for non-ASCII characters
Result: NOTE
     Note: found 1 marked UTF-8 string
Flavors: r-devel-linux-x86_64-fedora-clang, r-devel-linux-x86_64-fedora-gcc, r-patched-solaris-x86, r-release-macos-x86_64, r-oldrel-macos-x86_64