CRAN Package Check Results for Package geckor

Last updated on 2022-06-28 01:51:33 CEST.

Flavor Version Tinstall Tcheck Ttotal Status Flags
r-devel-linux-x86_64-debian-clang 0.2.0 3.18 84.31 87.49 OK
r-devel-linux-x86_64-debian-gcc 0.2.0 3.06 63.67 66.73 OK
r-devel-linux-x86_64-fedora-clang 0.2.0 112.27 NOTE
r-devel-linux-x86_64-fedora-gcc 0.2.0 111.25 NOTE
r-devel-windows-x86_64 0.2.0 32.00 314.00 346.00 OK
r-patched-linux-x86_64 0.2.0 3.72 79.55 83.27 OK
r-release-linux-x86_64 0.2.0 3.39 80.55 83.94 OK
r-release-macos-arm64 0.2.0 227.00 NOTE
r-release-macos-x86_64 0.2.0 266.00 NOTE
r-release-windows-x86_64 0.2.0 28.00 311.00 339.00 OK
r-oldrel-macos-arm64 0.2.0 226.00 NOTE
r-oldrel-macos-x86_64 0.2.0 239.00 NOTE
r-oldrel-windows-ix86+x86_64 0.2.0 10.00 302.00 312.00 OK

Check Details

Version: 0.2.0
Check: dependencies in R code
Result: NOTE
    Namespaces in Imports field not imported from:
     ‘knitr’ ‘lifecycle’
     All declared Imports should be used.
Flavors: r-devel-linux-x86_64-fedora-clang, r-devel-linux-x86_64-fedora-gcc, r-release-macos-arm64, r-release-macos-x86_64, r-oldrel-macos-arm64, r-oldrel-macos-x86_64