CRAN Package Check Results for Package gemma2

Last updated on 2020-04-07 01:52:44 CEST.

Flavor Version Tinstall Tcheck Ttotal Status Flags
r-devel-linux-x86_64-debian-clang 0.1.1 2.56 474.85 477.41 OK
r-devel-linux-x86_64-debian-gcc 0.1.1 2.01 313.32 315.33 OK
r-devel-linux-x86_64-fedora-clang 0.1.1 477.84 NOTE
r-devel-linux-x86_64-fedora-gcc 0.1.1 479.65 NOTE
r-devel-windows-ix86+x86_64 0.1.1 14.00 405.00 419.00 OK
r-devel-windows-ix86+x86_64-gcc8 0.1.1 9.00 375.00 384.00 OK
r-patched-linux-x86_64 0.1.1 2.67 443.08 445.75 OK
r-patched-solaris-x86 0.1.1 571.80 NOTE
r-release-linux-x86_64 0.1.1 2.09 422.07 424.16 OK
r-release-windows-ix86+x86_64 0.1.1 8.00 513.00 521.00 OK
r-release-osx-x86_64 0.1.1 NOTE
r-oldrel-windows-ix86+x86_64 0.1.1 6.00 409.00 415.00 OK
r-oldrel-osx-x86_64 0.1.1 NOTE

Check Details

Version: 0.1.1
Check: dependencies in R code
Result: NOTE
    Namespace in Imports field not imported from: ‘readr’
     All declared Imports should be used.
Flavors: r-devel-linux-x86_64-fedora-clang, r-devel-linux-x86_64-fedora-gcc, r-patched-solaris-x86, r-release-osx-x86_64, r-oldrel-osx-x86_64