CRAN Package Check Results for Package gen5helper

Last updated on 2023-11-30 07:52:35 CET.

Flavor Version Tinstall Tcheck Ttotal Status Flags
r-devel-linux-x86_64-debian-clang 1.0.1 5.75 47.45 53.20 NOTE
r-devel-linux-x86_64-debian-gcc 1.0.1 3.93 35.01 38.94 NOTE
r-devel-linux-x86_64-fedora-clang 1.0.1 71.55 NOTE
r-devel-linux-x86_64-fedora-gcc 1.0.1 61.11 NOTE
r-devel-windows-x86_64 1.0.1 7.00 58.00 65.00 NOTE
r-patched-linux-x86_64 1.0.1 4.56 44.34 48.90 NOTE
r-release-linux-x86_64 1.0.1 3.95 43.57 47.52 NOTE
r-release-macos-arm64 1.0.1 27.00 NOTE
r-release-macos-x86_64 1.0.1 35.00 NOTE
r-release-windows-x86_64 1.0.1 8.00 63.00 71.00 NOTE
r-oldrel-macos-arm64 1.0.1 24.00 NOTE
r-oldrel-macos-x86_64 1.0.1 45.00 NOTE
r-oldrel-windows-x86_64 1.0.1 9.00 68.00 77.00 NOTE

Additional issues

donttest

Check Details

Version: 1.0.1
Check: LazyData
Result: NOTE 'LazyData' is specified without a 'data' directory Flavors: r-devel-linux-x86_64-debian-clang, r-devel-linux-x86_64-debian-gcc, r-devel-linux-x86_64-fedora-clang, r-devel-linux-x86_64-fedora-gcc, r-devel-windows-x86_64, r-patched-linux-x86_64, r-release-linux-x86_64, r-release-macos-arm64, r-release-macos-x86_64, r-release-windows-x86_64, r-oldrel-macos-arm64, r-oldrel-macos-x86_64, r-oldrel-windows-x86_64

Version: 1.0.1
Check: dependencies in R code
Result: NOTE Namespaces in Imports field not imported from: ‘ggplot2’ ‘pracma’ ‘rlang’ All declared Imports should be used. Flavors: r-devel-linux-x86_64-fedora-clang, r-devel-linux-x86_64-fedora-gcc, r-oldrel-macos-arm64, r-oldrel-macos-x86_64