CRAN Package Check Results for Package genekitr

Last updated on 2022-09-28 02:51:01 CEST.

Flavor Version Tinstall Tcheck Ttotal Status Flags
r-devel-linux-x86_64-debian-clang 1.0.3 40.17 355.82 395.99 OK
r-devel-linux-x86_64-debian-gcc 1.0.3 34.21 262.92 297.13 OK
r-devel-linux-x86_64-fedora-clang 1.0.3 494.99 NOTE
r-devel-linux-x86_64-fedora-gcc 1.0.3 457.25 NOTE
r-devel-windows-x86_64 1.0.3 59.00 337.00 396.00 OK
r-patched-linux-x86_64 1.0.3 39.73 330.87 370.60 OK
r-release-linux-x86_64 1.0.3 35.31 340.59 375.90 OK
r-release-macos-arm64 1.0.3 119.00 NOTE
r-release-macos-x86_64 1.0.3 160.00 NOTE
r-release-windows-x86_64 1.0.3 60.00 331.00 391.00 OK
r-oldrel-macos-arm64 1.0.3 117.00 NOTE
r-oldrel-macos-x86_64 1.0.3 154.00 NOTE
r-oldrel-windows-ix86+x86_64 1.0.3 91.00 346.00 437.00 OK

Check Details

Version: 1.0.3
Check: package dependencies
Result: NOTE
    Package suggested but not available for checking: ‘rrvgo’
Flavors: r-devel-linux-x86_64-fedora-clang, r-devel-linux-x86_64-fedora-gcc, r-release-macos-arm64, r-release-macos-x86_64, r-oldrel-macos-arm64, r-oldrel-macos-x86_64

Version: 1.0.3
Check: dependencies in R code
Result: NOTE
    Namespace in Imports field not imported from: ‘DOSE’
     All declared Imports should be used.
Flavors: r-devel-linux-x86_64-fedora-clang, r-devel-linux-x86_64-fedora-gcc, r-release-macos-arm64, r-release-macos-x86_64, r-oldrel-macos-arm64, r-oldrel-macos-x86_64