CRAN Package Check Results for Package genotypeR

Last updated on 2020-01-17 00:49:25 CET.

Flavor Version Tinstall Tcheck Ttotal Status Flags
r-devel-linux-x86_64-debian-clang 0.0.1.8 12.35 92.57 104.92 NOTE
r-devel-linux-x86_64-debian-gcc 0.0.1.8 9.23 70.86 80.09 NOTE
r-devel-linux-x86_64-fedora-clang 0.0.1.8 122.34 NOTE
r-devel-linux-x86_64-fedora-gcc 0.0.1.8 121.30 NOTE
r-devel-windows-ix86+x86_64 0.0.1.8 36.00 104.00 140.00 NOTE
r-devel-windows-ix86+x86_64-gcc8 0.0.1.8 24.00 143.00 167.00 NOTE
r-patched-linux-x86_64 0.0.1.8 8.84 81.08 89.92 OK
r-patched-solaris-x86 0.0.1.8 172.90 NOTE
r-release-linux-x86_64 0.0.1.8 8.90 81.31 90.21 OK
r-release-windows-ix86+x86_64 0.0.1.8 25.00 129.00 154.00 OK
r-release-osx-x86_64 0.0.1.8 NOTE
r-oldrel-windows-ix86+x86_64 0.0.1.8 20.00 131.00 151.00 OK
r-oldrel-osx-x86_64 0.0.1.8 NOTE

Check Details

Version: 0.0.1.8
Check: package vignettes
Result: NOTE
    Package vignette with placeholder title 'Vignette Title':
     'genotypeR.Rmd'
Flavors: r-devel-linux-x86_64-debian-clang, r-devel-linux-x86_64-debian-gcc, r-devel-windows-ix86+x86_64, r-devel-windows-ix86+x86_64-gcc8

Version: 0.0.1.8
Check: for non-standard things in the check directory
Result: NOTE
    Found the following files/directories:
     'test.csv' 'test_temp_cross.csv'
Flavors: r-devel-linux-x86_64-debian-clang, r-devel-linux-x86_64-debian-gcc, r-devel-linux-x86_64-fedora-clang, r-devel-linux-x86_64-fedora-gcc

Version: 0.0.1.8
Check: dependencies in R code
Result: NOTE
    Namespace in Imports field not imported from: ‘colorspace’
     All declared Imports should be used.
Flavors: r-devel-linux-x86_64-fedora-clang, r-devel-linux-x86_64-fedora-gcc, r-patched-solaris-x86, r-release-osx-x86_64, r-oldrel-osx-x86_64