CRAN Package Check Results for Package geocmeans

Last updated on 2021-07-28 01:48:49 CEST.

Flavor Version Tinstall Tcheck Ttotal Status Flags
r-devel-linux-x86_64-debian-clang 0.1.1 6.44 234.80 241.24 OK
r-devel-linux-x86_64-debian-gcc 0.1.1 4.74 162.60 167.34 OK
r-devel-linux-x86_64-fedora-clang 0.1.1 279.11 OK
r-devel-linux-x86_64-fedora-gcc 0.1.1 300.65 OK
r-devel-windows-x86_64 0.1.1 11.00 284.00 295.00 OK
r-devel-windows-x86_64-gcc10-UCRT 0.1.1 OK
r-patched-linux-x86_64 0.1.1 6.52 217.16 223.68 OK
r-patched-solaris-x86 0.1.1 385.30 OK
r-release-linux-x86_64 0.1.1 5.57 215.88 221.45 OK
r-release-macos-arm64 0.1.1 WARN
r-release-macos-x86_64 0.1.1 OK
r-release-windows-ix86+x86_64 0.1.1 16.00 202.00 218.00 OK
r-oldrel-macos-x86_64 0.1.1 OK
r-oldrel-windows-ix86+x86_64 0.1.1 16.00 289.00 305.00 OK

Check Details

Version: 0.1.1
Check: re-building of vignette outputs
Result: WARN
    Error(s) in re-building vignettes:
    --- re-building ‘adjustinconsistency.Rmd’ using rmarkdown
    Warning in engine$weave(file, quiet = quiet, encoding = enc) :
     Pandoc (>= 1.12.3) not available. Falling back to R Markdown v1.
    Loading required package: sp
    Loading required package: spData
    To access larger datasets in this package, install the spDataLarge
    package with: `install.packages('spDataLarge',
    repos='https://nowosad.github.io/drat/', type='source')`
    Loading required package: sf
    Linking to GEOS 3.9.1, GDAL 3.2.3, PROJ 7.2.1
    Warning in grid.Call(C_stringMetric, as.graphicsAnnot(x$label)) :
     no font could be found for family "Arial"
    Warning in grid.Call(C_stringMetric, as.graphicsAnnot(x$label)) :
     no font could be found for family "Arial"
    Warning in grid.Call(C_stringMetric, as.graphicsAnnot(x$label)) :
     no font could be found for family "Arial"
    Warning in grid.Call(C_stringMetric, as.graphicsAnnot(x$label)) :
     no font could be found for family "Arial"
    Warning in grid.Call(C_stringMetric, as.graphicsAnnot(x$label)) :
     no font could be found for family "Arial"
    Warning in grid.Call(C_stringMetric, as.graphicsAnnot(x$label)) :
     no font could be found for family "Arial"
    Warning in grid.Call(C_stringMetric, as.graphicsAnnot(x$label)) :
     no font could be found for family "Arial"
    Warning in grid.Call(C_stringMetric, as.graphicsAnnot(x$label)) :
     no font could be found for family "Arial"
    Warning in grid.Call(C_stringMetric, as.graphicsAnnot(x$label)) :
     no font could be found for family "Arial"
    Warning in grid.Call(C_stringMetric, as.graphicsAnnot(x$label)) :
     no font could be found for family "Arial"
    Warning in grid.Call(C_stringMetric, as.graphicsAnnot(x$label)) :
     no font could be found for family "Arial"
    Warning in grid.Call(C_stringMetric, as.graphicsAnnot(x$label)) :
     no font could be found for family "Arial"
    Warning in grid.Call(C_stringMetric, as.graphicsAnnot(x$label)) :
     no font could be found for family "Arial"
    Warning in grid.Call(C_stringMetric, as.graphicsAnnot(x$label)) :
     no font could be found for family "Arial"
    Warning in grid.Call(C_stringMetric, as.graphicsAnnot(x$label)) :
     no font could be found for family "Arial"
    Warning in grid.Call(C_stringMetric, as.graphicsAnnot(x$label)) :
     no font could be found for family "Arial"
    Warning in grid.Call(C_stringMetric, as.graphicsAnnot(x$label)) :
     no font could be found for family "Arial"
    Warning in grid.Call(C_stringMetric, as.graphicsAnnot(x$label)) :
     no font could be found for family "Arial"
    Warning in grid.Call(C_stringMetric, as.graphicsAnnot(x$label)) :
     no font could be found for family "Arial"
    Warning in grid.Call(C_stringMetric, as.graphicsAnnot(x$label)) :
     no font could be found for family "Arial"
    Warning in grid.Call(C_stringMetric, as.graphicsAnnot(x$label)) :
     no font could be found for family "Arial"
    Warning in grid.Call(C_stringMetric, as.graphicsAnnot(x$label)) :
     no font could be found for family "Arial"
    Warning in grid.Call(C_stringMetric, as.graphicsAnnot(x$label)) :
     no font could be found for family "Arial"
    Warning in grid.Call(C_stringMetric, as.graphicsAnnot(x$label)) :
     no font could be found for family "Arial"
    Warning in grid.Call(C_stringMetric, as.graphicsAnnot(x$label)) :
     no font could be found for family "Arial"
    Warning in grid.Call(C_stringMetric, as.graphicsAnnot(x$label)) :
     no font could be found for family "Arial"
    Warning in grid.Call(C_stringMetric, as.graphicsAnnot(x$label)) :
     no font could be found for family "Arial"
    Warning in grid.Call(C_stringMetric, as.graphicsAnnot(x$label)) :
     no font could be found for family "Arial"
    Quitting from lines 45-82 (adjustinconsistency.Rmd)
    Error: processing vignette 'adjustinconsistency.Rmd' failed with diagnostics:
    polygon edge not found
    --- failed re-building ‘adjustinconsistency.Rmd’
    
    --- re-building ‘introduction.Rmd’ using rmarkdown
    Warning in engine$weave(file, quiet = quiet, encoding = enc) :
     Pandoc (>= 1.12.3) not available. Falling back to R Markdown v1.
    
    Attaching package: 'dplyr'
    
    The following objects are masked from 'package:stats':
    
     filter, lag
    
    The following objects are masked from 'package:base':
    
     intersect, setdiff, setequal, union
    
    Loading required package: viridisLite
    Loading required package: sp
    Loading required package: spData
    To access larger datasets in this package, install the spDataLarge
    package with: `install.packages('spDataLarge',
    repos='https://nowosad.github.io/drat/', type='source')`
    Loading required package: sf
    Linking to GEOS 3.9.1, GDAL 3.2.3, PROJ 7.2.1
    Warning in showSRID(uprojargs, format = "PROJ", multiline = "NO", prefer_proj = prefer_proj) :
     Discarded datum Unknown based on GRS80 ellipsoid in Proj4 definition
    Warning in showSRID(uprojargs, format = "PROJ", multiline = "NO", prefer_proj = prefer_proj) :
     Discarded datum Unknown based on GRS80 ellipsoid in Proj4 definition
    Warning in showSRID(uprojargs, format = "PROJ", multiline = "NO", prefer_proj = prefer_proj) :
     Discarded datum Unknown based on GRS80 ellipsoid in Proj4 definition
    Warning in showSRID(uprojargs, format = "PROJ", multiline = "NO", prefer_proj = prefer_proj) :
     Discarded datum Unknown based on GRS80 ellipsoid in Proj4 definition
    Warning in showSRID(uprojargs, format = "PROJ", multiline = "NO", prefer_proj = prefer_proj) :
     Discarded datum Unknown based on GRS80 ellipsoid in Proj4 definition
    Warning in showSRID(uprojargs, format = "PROJ", multiline = "NO", prefer_proj = prefer_proj) :
     Discarded datum Unknown based on GRS80 ellipsoid in Proj4 definition
    Warning in showSRID(uprojargs, format = "PROJ", multiline = "NO", prefer_proj = prefer_proj) :
     Discarded datum Unknown based on GRS80 ellipsoid in Proj4 definition
    Warning in showSRID(uprojargs, format = "PROJ", multiline = "NO", prefer_proj = prefer_proj) :
     Discarded datum Unknown based on GRS80 ellipsoid in Proj4 definition
    Warning in showSRID(uprojargs, format = "PROJ", multiline = "NO", prefer_proj = prefer_proj) :
     Discarded datum Unknown based on GRS80 ellipsoid in Proj4 definition
    Warning in showSRID(uprojargs, format = "PROJ", multiline = "NO", prefer_proj = prefer_proj) :
     Discarded datum Unknown based on GRS80 ellipsoid in Proj4 definition
    Warning in showSRID(uprojargs, format = "PROJ", multiline = "NO", prefer_proj = prefer_proj) :
     Discarded datum Unknown based on GRS80 ellipsoid in Proj4 definition
    Warning in showSRID(uprojargs, format = "PROJ", multiline = "NO", prefer_proj = prefer_proj) :
     Discarded datum Unknown based on GRS80 ellipsoid in Proj4 definition
    Warning in showSRID(uprojargs, format = "PROJ", multiline = "NO", prefer_proj = prefer_proj) :
     Discarded datum Unknown based on GRS80 ellipsoid in Proj4 definition
    Warning in showSRID(uprojargs, format = "PROJ", multiline = "NO", prefer_proj = prefer_proj) :
     Discarded datum Unknown based on GRS80 ellipsoid in Proj4 definition
    Warning in showSRID(uprojargs, format = "PROJ", multiline = "NO", prefer_proj = prefer_proj) :
     Discarded datum Unknown based on GRS80 ellipsoid in Proj4 definition
    Warning in showSRID(uprojargs, format = "PROJ", multiline = "NO", prefer_proj = prefer_proj) :
     Discarded datum Unknown based on GRS80 ellipsoid in Proj4 definition
    Warning in showSRID(uprojargs, format = "PROJ", multiline = "NO", prefer_proj = prefer_proj) :
     Discarded datum Unknown based on GRS80 ellipsoid in Proj4 definition
    Warning in showSRID(uprojargs, format = "PROJ", multiline = "NO", prefer_proj = prefer_proj) :
     Discarded datum Unknown based on GRS80 ellipsoid in Proj4 definition
    Warning in showSRID(uprojargs, format = "PROJ", multiline = "NO", prefer_proj = prefer_proj) :
     Discarded datum Unknown based on GRS80 ellipsoid in Proj4 definition
    Warning in showSRID(uprojargs, format = "PROJ", multiline = "NO", prefer_proj = prefer_proj) :
     Discarded datum Unknown based on GRS80 ellipsoid in Proj4 definition
    Warning in showSRID(uprojargs, format = "PROJ", multiline = "NO", prefer_proj = prefer_proj) :
     Discarded datum Unknown based on GRS80 ellipsoid in Proj4 definition
    Warning in showSRID(uprojargs, format = "PROJ", multiline = "NO", prefer_proj = prefer_proj) :
     Discarded datum Unknown based on GRS80 ellipsoid in Proj4 definition
    Warning in showSRID(uprojargs, format = "PROJ", multiline = "NO", prefer_proj = prefer_proj) :
     Discarded datum Unknown based on GRS80 ellipsoid in Proj4 definition
    Warning in showSRID(uprojargs, format = "PROJ", multiline = "NO", prefer_proj = prefer_proj) :
     Discarded datum Unknown based on GRS80 ellipsoid in Proj4 definition
    Warning in showSRID(uprojargs, format = "PROJ", multiline = "NO", prefer_proj = prefer_proj) :
     Discarded datum Unknown based on GRS80 ellipsoid in Proj4 definition
    Warning in showSRID(uprojargs, format = "PROJ", multiline = "NO", prefer_proj = prefer_proj) :
     Discarded datum Unknown based on GRS80 ellipsoid in Proj4 definition
    Warning in showSRID(uprojargs, format = "PROJ", multiline = "NO", prefer_proj = prefer_proj) :
     Discarded datum Unknown based on GRS80 ellipsoid in Proj4 definition
    Warning in showSRID(uprojargs, format = "PROJ", multiline = "NO", prefer_proj = prefer_proj) :
     Discarded datum Unknown based on GRS80 ellipsoid in Proj4 definition
    Warning in showSRID(uprojargs, format = "PROJ", multiline = "NO", prefer_proj = prefer_proj) :
     Discarded datum Unknown based on GRS80 ellipsoid in Proj4 definition
    Warning in showSRID(uprojargs, format = "PROJ", multiline = "NO", prefer_proj = prefer_proj) :
     Discarded datum Unknown based on GRS80 ellipsoid in Proj4 definition
    Warning in showSRID(uprojargs, format = "PROJ", multiline = "NO", prefer_proj = prefer_proj) :
     Discarded datum Unknown based on GRS80 ellipsoid in Proj4 definition
    Warning in showSRID(uprojargs, format = "PROJ", multiline = "NO", prefer_proj = prefer_proj) :
     Discarded datum Unknown based on GRS80 ellipsoid in Proj4 definition
    Warning in showSRID(uprojargs, format = "PROJ", multiline = "NO", prefer_proj = prefer_proj) :
     Discarded datum Unknown based on GRS80 ellipsoid in Proj4 definition
    Warning in showSRID(uprojargs, format = "PROJ", multiline = "NO", prefer_proj = prefer_proj) :
     Discarded datum Unknown based on GRS80 ellipsoid in Proj4 definition
    Warning in showSRID(uprojargs, format = "PROJ", multiline = "NO", prefer_proj = prefer_proj) :
     Discarded datum Unknown based on GRS80 ellipsoid in Proj4 definition
    Warning in showSRID(uprojargs, format = "PROJ", multiline = "NO", prefer_proj = prefer_proj) :
     Discarded datum Unknown based on GRS80 ellipsoid in Proj4 definition
    Warning in showSRID(uprojargs, format = "PROJ", multiline = "NO", prefer_proj = prefer_proj) :
     Discarded datum Unknown based on GRS80 ellipsoid in Proj4 definition
    Warning in showSRID(uprojargs, format = "PROJ", multiline = "NO", prefer_proj = prefer_proj) :
     Discarded datum Unknown based on GRS80 ellipsoid in Proj4 definition
    Warning in showSRID(uprojargs, format = "PROJ", multiline = "NO", prefer_proj = prefer_proj) :
     Discarded datum Unknown based on GRS80 ellipsoid in Proj4 definition
    Warning in showSRID(uprojargs, format = "PROJ", multiline = "NO", prefer_proj = prefer_proj) :
     Discarded datum Unknown based on GRS80 ellipsoid in Proj4 definition
    Warning in showSRID(uprojargs, format = "PROJ", multiline = "NO", prefer_proj = prefer_proj) :
     Discarded datum Unknown based on GRS80 ellipsoid in Proj4 definition
    Warning in showSRID(uprojargs, format = "PROJ", multiline = "NO", prefer_proj = prefer_proj) :
     Discarded datum Unknown based on GRS80 ellipsoid in Proj4 definition
    Warning in showSRID(uprojargs, format = "PROJ", multiline = "NO", prefer_proj = prefer_proj) :
     Discarded datum Unknown based on GRS80 ellipsoid in Proj4 definition
    Warning in showSRID(uprojargs, format = "PROJ", multiline = "NO", prefer_proj = prefer_proj) :
     Discarded datum Unknown based on GRS80 ellipsoid in Proj4 definition
    Warning in showSRID(uprojargs, format = "PROJ", multiline = "NO", prefer_proj = prefer_proj) :
     Discarded datum Unknown based on GRS80 ellipsoid in Proj4 definition
    Warning in showSRID(uprojargs, format = "PROJ", multiline = "NO", prefer_proj = prefer_proj) :
     Discarded datum Unknown based on GRS80 ellipsoid in Proj4 definition
    Warning in showSRID(uprojargs, format = "PROJ", multiline = "NO", prefer_proj = prefer_proj) :
     Discarded datum Unknown based on GRS80 ellipsoid in Proj4 definition
    Warning in showSRID(uprojargs, format = "PROJ", multiline = "NO", prefer_proj = prefer_proj) :
     Discarded datum Unknown based on GRS80 ellipsoid in Proj4 definition
    Warning in showSRID(uprojargs, format = "PROJ", multiline = "NO", prefer_proj = prefer_proj) :
     Discarded datum Unknown based on GRS80 ellipsoid in Proj4 definition
    Warning in showSRID(uprojargs, format = "PROJ", multiline = "NO", prefer_proj = prefer_proj) :
     Discarded datum Unknown based on GRS80 ellipsoid in Proj4 definition
    Warning in showSRID(uprojargs, format = "PROJ", multiline = "NO", prefer_proj = prefer_proj) :
     Discarded datum Unknown based on GRS80 ellipsoid in Proj4 definition
    Warning in showSRID(uprojargs, format = "PROJ", multiline = "NO", prefer_proj = prefer_proj) :
     Discarded datum Unknown based on GRS80 ellipsoid in Proj4 definition
    Warning in showSRID(uprojargs, format = "PROJ", multiline = "NO", prefer_proj = prefer_proj) :
     Discarded datum Unknown based on GRS80 ellipsoid in Proj4 definition
    Warning in showSRID(uprojargs, format = "PROJ", multiline = "NO", prefer_proj = prefer_proj) :
     Discarded datum Unknown based on GRS80 ellipsoid in Proj4 definition
    Warning in showSRID(uprojargs, format = "PROJ", multiline = "NO", prefer_proj = prefer_proj) :
     Discarded datum Unknown based on GRS80 ellipsoid in Proj4 definition
    Warning in showSRID(uprojargs, format = "PROJ", multiline = "NO", prefer_proj = prefer_proj) :
     Discarded datum Unknown based on GRS80 ellipsoid in Proj4 definition
    Warning in showSRID(uprojargs, format = "PROJ", multiline = "NO", prefer_proj = prefer_proj) :
     Discarded datum Unknown based on GRS80 ellipsoid in Proj4 definition
    Warning in showSRID(uprojargs, format = "PROJ", multiline = "NO", prefer_proj = prefer_proj) :
     Discarded datum Unknown based on GRS80 ellipsoid in Proj4 definition
    Warning in showSRID(uprojargs, format = "PROJ", multiline = "NO", prefer_proj = prefer_proj) :
     Discarded datum Unknown based on GRS80 ellipsoid in Proj4 definition
    Warning in showSRID(uprojargs, format = "PROJ", multiline = "NO", prefer_proj = prefer_proj) :
     Discarded datum Unknown based on GRS80 ellipsoid in Proj4 definition
    Warning in showSRID(uprojargs, format = "PROJ", multiline = "NO", prefer_proj = prefer_proj) :
     Discarded datum Unknown based on GRS80 ellipsoid in Proj4 definition
    Warning in showSRID(uprojargs, format = "PROJ", multiline = "NO", prefer_proj = prefer_proj) :
     Discarded datum Unknown based on GRS80 ellipsoid in Proj4 definition
    Warning in showSRID(uprojargs, format = "PROJ", multiline = "NO", prefer_proj = prefer_proj) :
     Discarded datum Unknown based on GRS80 ellipsoid in Proj4 definition
    Warning in showSRID(uprojargs, format = "PROJ", multiline = "NO", prefer_proj = prefer_proj) :
     Discarded datum Unknown based on GRS80 ellipsoid in Proj4 definition
    Warning in showSRID(uprojargs, format = "PROJ", multiline = "NO", prefer_proj = prefer_proj) :
     Discarded datum Unknown based on GRS80 ellipsoid in Proj4 definition
    Warning in showSRID(uprojargs, format = "PROJ", multiline = "NO", prefer_proj = prefer_proj) :
     Discarded datum Unknown based on GRS80 ellipsoid in Proj4 definition
    Warning in showSRID(uprojargs, format = "PROJ", multiline = "NO", prefer_proj = prefer_proj) :
     Discarded datum Unknown based on GRS80 ellipsoid in Proj4 definition
    Warning in showSRID(uprojargs, format = "PROJ", multiline = "NO", prefer_proj = prefer_proj) :
     Discarded datum Unknown based on GRS80 ellipsoid in Proj4 definition
    Warning in showSRID(uprojargs, format = "PROJ", multiline = "NO", prefer_proj = prefer_proj) :
     Discarded datum Unknown based on GRS80 ellipsoid in Proj4 definition
    Warning in showSRID(uprojargs, format = "PROJ", multiline = "NO", prefer_proj = prefer_proj) :
     Discarded datum Unknown based on GRS80 ellipsoid in Proj4 definition
    Warning in showSRID(uprojargs, format = "PROJ", multiline = "NO", prefer_proj = prefer_proj) :
     Discarded datum Unknown based on GRS80 ellipsoid in Proj4 definition
    Warning in showSRID(uprojargs, format = "PROJ", multiline = "NO", prefer_proj = prefer_proj) :
     Discarded datum Unknown based on GRS80 ellipsoid in Proj4 definition
    Warning in showSRID(uprojargs, format = "PROJ", multiline = "NO", prefer_proj = prefer_proj) :
     Discarded datum Unknown based on GRS80 ellipsoid in Proj4 definition
    Warning in showSRID(uprojargs, format = "PROJ", multiline = "NO", prefer_proj = prefer_proj) :
     Discarded datum Unknown based on GRS80 ellipsoid in Proj4 definition
    Warning in showSRID(uprojargs, format = "PROJ", multiline = "NO", prefer_proj = prefer_proj) :
     Discarded datum Unknown based on GRS80 ellipsoid in Proj4 definition
    Warning in showSRID(uprojargs, format = "PROJ", multiline = "NO", prefer_proj = prefer_proj) :
     Discarded datum Unknown based on GRS80 ellipsoid in Proj4 definition
    Warning in showSRID(uprojargs, format = "PROJ", multiline = "NO", prefer_proj = prefer_proj) :
     Discarded datum Unknown based on GRS80 ellipsoid in Proj4 definition
    Warning in showSRID(uprojargs, format = "PROJ", multiline = "NO", prefer_proj = prefer_proj) :
     Discarded datum Unknown based on GRS80 ellipsoid in Proj4 definition
    Warning in showSRID(uprojargs, format = "PROJ", multiline = "NO", prefer_proj = prefer_proj) :
     Discarded datum Unknown based on GRS80 ellipsoid in Proj4 definition
    Warning in showSRID(uprojargs, format = "PROJ", multiline = "NO", prefer_proj = prefer_proj) :
     Discarded datum Unknown based on GRS80 ellipsoid in Proj4 definition
    Warning in showSRID(uprojargs, format = "PROJ", multiline = "NO", prefer_proj = prefer_proj) :
     Discarded datum Unknown based on GRS80 ellipsoid in Proj4 definition
    Warning in showSRID(uprojargs, format = "PROJ", multiline = "NO", prefer_proj = prefer_proj) :
     Discarded datum Unknown based on GRS80 ellipsoid in Proj4 definition
    Warning in showSRID(uprojargs, format = "PROJ", multiline = "NO", prefer_proj = prefer_proj) :
     Discarded datum Unknown based on GRS80 ellipsoid in Proj4 definition
    Warning in showSRID(uprojargs, format = "PROJ", multiline = "NO", prefer_proj = prefer_proj) :
     Discarded datum Unknown based on GRS80 ellipsoid in Proj4 definition
    Warning in showSRID(uprojargs, format = "PROJ", multiline = "NO", prefer_proj = prefer_proj) :
     Discarded datum Unknown based on GRS80 ellipsoid in Proj4 definition
    Warning in showSRID(uprojargs, format = "PROJ", multiline = "NO", prefer_proj = prefer_proj) :
     Discarded datum Unknown based on GRS80 ellipsoid in Proj4 definition
    Warning in showSRID(uprojargs, format = "PROJ", multiline = "NO", prefer_proj = prefer_proj) :
     Discarded datum Unknown based on GRS80 ellipsoid in Proj4 definition
    Warning in showSRID(uprojargs, format = "PROJ", multiline = "NO", prefer_proj = prefer_proj) :
     Discarded datum Unknown based on GRS80 ellipsoid in Proj4 definition
    Warning in showSRID(uprojargs, format = "PROJ", multiline = "NO", prefer_proj = prefer_proj) :
     Discarded datum Unknown based on GRS80 ellipsoid in Proj4 definition
    Warning in showSRID(uprojargs, format = "PROJ", multiline = "NO", prefer_proj = prefer_proj) :
     Discarded datum Unknown based on GRS80 ellipsoid in Proj4 definition
    Warning in showSRID(uprojargs, format = "PROJ", multiline = "NO", prefer_proj = prefer_proj) :
     Discarded datum Unknown based on GRS80 ellipsoid in Proj4 definition
    Warning in showSRID(uprojargs, format = "PROJ", multiline = "NO", prefer_proj = prefer_proj) :
     Discarded datum Unknown based on GRS80 ellipsoid in Proj4 definition
    Warning in showSRID(uprojargs, format = "PROJ", multiline = "NO", prefer_proj = prefer_proj) :
     Discarded datum Unknown based on GRS80 ellipsoid in Proj4 definition
    Warning in showSRID(uprojargs, format = "PROJ", multiline = "NO", prefer_proj = prefer_proj) :
     Discarded datum Unknown based on GRS80 ellipsoid in Proj4 definition
    Warning in showSRID(uprojargs, format = "PROJ", multiline = "NO", prefer_proj = prefer_proj) :
     Discarded datum Unknown based on GRS80 ellipsoid in Proj4 definition
    Warning in showSRID(uprojargs, format = "PROJ", multiline = "NO", prefer_proj = prefer_proj) :
     Discarded datum Unknown based on GRS80 ellipsoid in Proj4 definition
    Warning in showSRID(uprojargs, format = "PROJ", multiline = "NO", prefer_proj = prefer_proj) :
     Discarded datum Unknown based on GRS80 ellipsoid in Proj4 definition
    Warning in showSRID(uprojargs, format = "PROJ", multiline = "NO", prefer_proj = prefer_proj) :
     Discarded datum Unknown based on GRS80 ellipsoid in Proj4 definition
    Warning in showSRID(uprojargs, format = "PROJ", multiline = "NO", prefer_proj = prefer_proj) :
     Discarded datum Unknown based on GRS80 ellipsoid in Proj4 definition
    Warning in showSRID(uprojargs, format = "PROJ", multiline = "NO", prefer_proj = prefer_proj) :
     Discarded datum Unknown based on GRS80 ellipsoid in Proj4 definition
    Warning in showSRID(uprojargs, format = "PROJ", multiline = "NO", prefer_proj = prefer_proj) :
     Discarded datum Unknown based on GRS80 ellipsoid in Proj4 definition
    Warning in showSRID(uprojargs, format = "PROJ", multiline = "NO", prefer_proj = prefer_proj) :
     Discarded datum Unknown based on GRS80 ellipsoid in Proj4 definition
    Warning in showSRID(uprojargs, format = "PROJ", multiline = "NO", prefer_proj = prefer_proj) :
     Discarded datum Unknown based on GRS80 ellipsoid in Proj4 definition
    Warning in showSRID(uprojargs, format = "PROJ", multiline = "NO", prefer_proj = prefer_proj) :
     Discarded datum Unknown based on GRS80 ellipsoid in Proj4 definition
    Warning in showSRID(uprojargs, format = "PROJ", multiline = "NO", prefer_proj = prefer_proj) :
     Discarded datum Unknown based on GRS80 ellipsoid in Proj4 definition
    Warning in showSRID(uprojargs, format = "PROJ", multiline = "NO", prefer_proj = prefer_proj) :
     Discarded datum Unknown based on GRS80 ellipsoid in Proj4 definition
    Warning in showSRID(uprojargs, format = "PROJ", multiline = "NO", prefer_proj = prefer_proj) :
     Discarded datum Unknown based on GRS80 ellipsoid in Proj4 definition
    Warning in showSRID(uprojargs, format = "PROJ", multiline = "NO", prefer_proj = prefer_proj) :
     Discarded datum Unknown based on GRS80 ellipsoid in Proj4 definition
    Warning in showSRID(uprojargs, format = "PROJ", multiline = "NO", prefer_proj = prefer_proj) :
     Discarded datum Unknown based on GRS80 ellipsoid in Proj4 definition
    Warning in showSRID(uprojargs, format = "PROJ", multiline = "NO", prefer_proj = prefer_proj) :
     Discarded datum Unknown based on GRS80 ellipsoid in Proj4 definition
    Warning in showSRID(uprojargs, format = "PROJ", multiline = "NO", prefer_proj = prefer_proj) :
     Discarded datum Unknown based on GRS80 ellipsoid in Proj4 definition
    Warning in showSRID(uprojargs, format = "PROJ", multiline = "NO", prefer_proj = prefer_proj) :
     Discarded datum Unknown based on GRS80 ellipsoid in Proj4 definition
    Warning in showSRID(uprojargs, format = "PROJ", multiline = "NO", prefer_proj = prefer_proj) :
     Discarded datum Unknown based on GRS80 ellipsoid in Proj4 definition
    Warning in showSRID(uprojargs, format = "PROJ", multiline = "NO", prefer_proj = prefer_proj) :
     Discarded datum Unknown based on GRS80 ellipsoid in Proj4 definition
    Warning in showSRID(uprojargs, format = "PROJ", multiline = "NO", prefer_proj = prefer_proj) :
     Discarded datum Unknown based on GRS80 ellipsoid in Proj4 definition
    Warning in showSRID(uprojargs, format = "PROJ", multiline = "NO", prefer_proj = prefer_proj) :
     Discarded datum Unknown based on GRS80 ellipsoid in Proj4 definition
    Warning in showSRID(uprojargs, format = "PROJ", multiline = "NO", prefer_proj = prefer_proj) :
     Discarded datum Unknown based on GRS80 ellipsoid in Proj4 definition
    Warning in showSRID(uprojargs, format = "PROJ", multiline = "NO", prefer_proj = prefer_proj) :
     Discarded datum Unknown based on GRS80 ellipsoid in Proj4 definition
    Warning in showSRID(uprojargs, format = "PROJ", multiline = "NO", prefer_proj = prefer_proj) :
     Discarded datum Unknown based on GRS80 ellipsoid in Proj4 definition
    Warning in showSRID(uprojargs, format = "PROJ", multiline = "NO", prefer_proj = prefer_proj) :
     Discarded datum Unknown based on GRS80 ellipsoid in Proj4 definition
    Warning in showSRID(uprojargs, format = "PROJ", multiline = "NO", prefer_proj = prefer_proj) :
     Discarded datum Unknown based on GRS80 ellipsoid in Proj4 definition
    Warning in showSRID(uprojargs, format = "PROJ", multiline = "NO", prefer_proj = prefer_proj) :
     Discarded datum Unknown based on GRS80 ellipsoid in Proj4 definition
    Warning in showSRID(uprojargs, format = "PROJ", multiline = "NO", prefer_proj = prefer_proj) :
     Discarded datum Unknown based on GRS80 ellipsoid in Proj4 definition
    Warning in showSRID(uprojargs, format = "PROJ", multiline = "NO", prefer_proj = prefer_proj) :
     Discarded datum Unknown based on GRS80 ellipsoid in Proj4 definition
    Warning in showSRID(uprojargs, format = "PROJ", multiline = "NO", prefer_proj = prefer_proj) :
     Discarded datum Unknown based on GRS80 ellipsoid in Proj4 definition
    Warning in showSRID(uprojargs, format = "PROJ", multiline = "NO", prefer_proj = prefer_proj) :
     Discarded datum Unknown based on GRS80 ellipsoid in Proj4 definition
    Warning in showSRID(uprojargs, format = "PROJ", multiline = "NO", prefer_proj = prefer_proj) :
     Discarded datum Unknown based on GRS80 ellipsoid in Proj4 definition
    Warning in showSRID(uprojargs, format = "PROJ", multiline = "NO", prefer_proj = prefer_proj) :
     Discarded datum Unknown based on GRS80 ellipsoid in Proj4 definition
    Warning in showSRID(uprojargs, format = "PROJ", multiline = "NO", prefer_proj = prefer_proj) :
     Discarded datum Unknown based on GRS80 ellipsoid in Proj4 definition
    Warning in showSRID(uprojargs, format = "PROJ", multiline = "NO", prefer_proj = prefer_proj) :
     Discarded datum Unknown based on GRS80 ellipsoid in Proj4 definition
    Warning in showSRID(uprojargs, format = "PROJ", multiline = "NO", prefer_proj = prefer_proj) :
     Discarded datum Unknown based on GRS80 ellipsoid in Proj4 definition
    Warning in showSRID(uprojargs, format = "PROJ", multiline = "NO", prefer_proj = prefer_proj) :
     Discarded datum Unknown based on GRS80 ellipsoid in Proj4 definition
    Warning in showSRID(uprojargs, format = "PROJ", multiline = "NO", prefer_proj = prefer_proj) :
     Discarded datum Unknown based on GRS80 ellipsoid in Proj4 definition
    Warning in showSRID(uprojargs, format = "PROJ", multiline = "NO", prefer_proj = prefer_proj) :
     Discarded datum Unknown based on GRS80 ellipsoid in Proj4 definition
    Warning in showSRID(uprojargs, format = "PROJ", multiline = "NO", prefer_proj = prefer_proj) :
     Discarded datum Unknown based on GRS80 ellipsoid in Proj4 definition
    Warning in showSRID(uprojargs, format = "PROJ", multiline = "NO", prefer_proj = prefer_proj) :
     Discarded datum Unknown based on GRS80 ellipsoid in Proj4 definition
    Warning in showSRID(uprojargs, format = "PROJ", multiline = "NO", prefer_proj = prefer_proj) :
     Discarded datum Unknown based on GRS80 ellipsoid in Proj4 definition
    Warning in showSRID(uprojargs, format = "PROJ", multiline = "NO", prefer_proj = prefer_proj) :
     Discarded datum Unknown based on GRS80 ellipsoid in Proj4 definition
    Warning in showSRID(uprojargs, format = "PROJ", multiline = "NO", prefer_proj = prefer_proj) :
     Discarded datum Unknown based on GRS80 ellipsoid in Proj4 definition
    Warning in showSRID(uprojargs, format = "PROJ", multiline = "NO", prefer_proj = prefer_proj) :
     Discarded datum Unknown based on GRS80 ellipsoid in Proj4 definition
    Warning in showSRID(uprojargs, format = "PROJ", multiline = "NO", prefer_proj = prefer_proj) :
     Discarded datum Unknown based on GRS80 ellipsoid in Proj4 definition
    Warning in showSRID(uprojargs, format = "PROJ", multiline = "NO", prefer_proj = prefer_proj) :
     Discarded datum Unknown based on GRS80 ellipsoid in Proj4 definition
    Warning in showSRID(uprojargs, format = "PROJ", multiline = "NO", prefer_proj = prefer_proj) :
     Discarded datum Unknown based on GRS80 ellipsoid in Proj4 definition
    Warning in showSRID(uprojargs, format = "PROJ", multiline = "NO", prefer_proj = prefer_proj) :
     Discarded datum Unknown based on GRS80 ellipsoid in Proj4 definition
    Warning in showSRID(uprojargs, format = "PROJ", multiline = "NO", prefer_proj = prefer_proj) :
     Discarded datum Unknown based on GRS80 ellipsoid in Proj4 definition
    Warning in showSRID(uprojargs, format = "PROJ", multiline = "NO", prefer_proj = prefer_proj) :
     Discarded datum Unknown based on GRS80 ellipsoid in Proj4 definition
    Warning in showSRID(uprojargs, format = "PROJ", multiline = "NO", prefer_proj = prefer_proj) :
     Discarded datum Unknown based on GRS80 ellipsoid in Proj4 definition
    Warning in showSRID(uprojargs, format = "PROJ", multiline = "NO", prefer_proj = prefer_proj) :
     Discarded datum Unknown based on GRS80 ellipsoid in Proj4 definition
    Warning in showSRID(uprojargs, format = "PROJ", multiline = "NO", prefer_proj = prefer_proj) :
     Discarded datum Unknown based on GRS80 ellipsoid in Proj4 definition
    Warning in showSRID(uprojargs, format = "PROJ", multiline = "NO", prefer_proj = prefer_proj) :
     Discarded datum Unknown based on GRS80 ellipsoid in Proj4 definition
    Warning in showSRID(uprojargs, format = "PROJ", multiline = "NO", prefer_proj = prefer_proj) :
     Discarded datum Unknown based on GRS80 ellipsoid in Proj4 definition
    Warning in showSRID(uprojargs, format = "PROJ", multiline = "NO", prefer_proj = prefer_proj) :
     Discarded datum Unknown based on GRS80 ellipsoid in Proj4 definition
    Warning in showSRID(uprojargs, format = "PROJ", multiline = "NO", prefer_proj = prefer_proj) :
     Discarded datum Unknown based on GRS80 ellipsoid in Proj4 definition
    Warning in showSRID(uprojargs, format = "PROJ", multiline = "NO", prefer_proj = prefer_proj) :
     Discarded datum Unknown based on GRS80 ellipsoid in Proj4 definition
    Warning in showSRID(uprojargs, format = "PROJ", multiline = "NO", prefer_proj = prefer_proj) :
     Discarded datum Unknown based on GRS80 ellipsoid in Proj4 definition
    Warning in showSRID(uprojargs, format = "PROJ", multiline = "NO", prefer_proj = prefer_proj) :
     Discarded datum Unknown based on GRS80 ellipsoid in Proj4 definition
    Warning in showSRID(uprojargs, format = "PROJ", multiline = "NO", prefer_proj = prefer_proj) :
     Discarded datum Unknown based on GRS80 ellipsoid in Proj4 definition
    Warning in showSRID(uprojargs, format = "PROJ", multiline = "NO", prefer_proj = prefer_proj) :
     Discarded datum Unknown based on GRS80 ellipsoid in Proj4 definition
    Warning in showSRID(uprojargs, format = "PROJ", multiline = "NO", prefer_proj = prefer_proj) :
     Discarded datum Unknown based on GRS80 ellipsoid in Proj4 definition
    Warning in showSRID(uprojargs, format = "PROJ", multiline = "NO", prefer_proj = prefer_proj) :
     Discarded datum Unknown based on GRS80 ellipsoid in Proj4 definition
    Warning in showSRID(uprojargs, format = "PROJ", multiline = "NO", prefer_proj = prefer_proj) :
     Discarded datum Unknown based on GRS80 ellipsoid in Proj4 definition
    Warning in showSRID(uprojargs, format = "PROJ", multiline = "NO", prefer_proj = prefer_proj) :
     Discarded datum Unknown based on GRS80 ellipsoid in Proj4 definition
    Warning in showSRID(uprojargs, format = "PROJ", multiline = "NO", prefer_proj = prefer_proj) :
     Discarded datum Unknown based on GRS80 ellipsoid in Proj4 definition
    Warning in showSRID(uprojargs, format = "PROJ", multiline = "NO", prefer_proj = prefer_proj) :
     Discarded datum Unknown based on GRS80 ellipsoid in Proj4 definition
    Warning in showSRID(uprojargs, format = "PROJ", multiline = "NO", prefer_proj = prefer_proj) :
     Discarded datum Unknown based on GRS80 ellipsoid in Proj4 definition
    Warning in showSRID(uprojargs, format = "PROJ", multiline = "NO", prefer_proj = prefer_proj) :
     Discarded datum Unknown based on GRS80 ellipsoid in Proj4 definition
    Warning in showSRID(uprojargs, format = "PROJ", multiline = "NO", prefer_proj = prefer_proj) :
     Discarded datum Unknown based on GRS80 ellipsoid in Proj4 definition
    Warning in showSRID(uprojargs, format = "PROJ", multiline = "NO", prefer_proj = prefer_proj) :
     Discarded datum Unknown based on GRS80 ellipsoid in Proj4 definition
    Warning in showSRID(uprojargs, format = "PROJ", multiline = "NO", prefer_proj = prefer_proj) :
     Discarded datum Unknown based on GRS80 ellipsoid in Proj4 definition
    Warning in showSRID(uprojargs, format = "PROJ", multiline = "NO", prefer_proj = prefer_proj) :
     Discarded datum Unknown based on GRS80 ellipsoid in Proj4 definition
    Warning in showSRID(uprojargs, format = "PROJ", multiline = "NO", prefer_proj = prefer_proj) :
     Discarded datum Unknown based on GRS80 ellipsoid in Proj4 definition
    Warning in showSRID(uprojargs, format = "PROJ", multiline = "NO", prefer_proj = prefer_proj) :
     Discarded datum Unknown based on GRS80 ellipsoid in Proj4 definition
    Warning in showSRID(uprojargs, format = "PROJ", multiline = "NO", prefer_proj = prefer_proj) :
     Discarded datum Unknown based on GRS80 ellipsoid in Proj4 definition
    Warning in showSRID(uprojargs, format = "PROJ", multiline = "NO", prefer_proj = prefer_proj) :
     Discarded datum Unknown based on GRS80 ellipsoid in Proj4 definition
    Warning in showSRID(uprojargs, format = "PROJ", multiline = "NO", prefer_proj = prefer_proj) :
     Discarded datum Unknown based on GRS80 ellipsoid in Proj4 definition
    Warning in showSRID(uprojargs, format = "PROJ", multiline = "NO", prefer_proj = prefer_proj) :
     Discarded datum Unknown based on GRS80 ellipsoid in Proj4 definition
    Warning in showSRID(uprojargs, format = "PROJ", multiline = "NO", prefer_proj = prefer_proj) :
     Discarded datum Unknown based on GRS80 ellipsoid in Proj4 definition
    Warning in showSRID(uprojargs, format = "PROJ", multiline = "NO", prefer_proj = prefer_proj) :
     Discarded datum Unknown based on GRS80 ellipsoid in Proj4 definition
    Warning in showSRID(uprojargs, format = "PROJ", multiline = "NO", prefer_proj = prefer_proj) :
     Discarded datum Unknown based on GRS80 ellipsoid in Proj4 definition
    Warning in showSRID(uprojargs, format = "PROJ", multiline = "NO", prefer_proj = prefer_proj) :
     Discarded datum Unknown based on GRS80 ellipsoid in Proj4 definition
    Warning in showSRID(uprojargs, format = "PROJ", multiline = "NO", prefer_proj = prefer_proj) :
     Discarded datum Unknown based on GRS80 ellipsoid in Proj4 definition
    Warning in showSRID(uprojargs, format = "PROJ", multiline = "NO", prefer_proj = prefer_proj) :
     Discarded datum Unknown based on GRS80 ellipsoid in Proj4 definition
    Warning in showSRID(uprojargs, format = "PROJ", multiline = "NO", prefer_proj = prefer_proj) :
     Discarded datum Unknown based on GRS80 ellipsoid in Proj4 definition
    Warning in showSRID(uprojargs, format = "PROJ", multiline = "NO", prefer_proj = prefer_proj) :
     Discarded datum Unknown based on GRS80 ellipsoid in Proj4 definition
    Warning in showSRID(uprojargs, format = "PROJ", multiline = "NO", prefer_proj = prefer_proj) :
     Discarded datum Unknown based on GRS80 ellipsoid in Proj4 definition
    Warning in showSRID(uprojargs, format = "PROJ", multiline = "NO", prefer_proj = prefer_proj) :
     Discarded datum Unknown based on GRS80 ellipsoid in Proj4 definition
    Warning in showSRID(uprojargs, format = "PROJ", multiline = "NO", prefer_proj = prefer_proj) :
     Discarded datum Unknown based on GRS80 ellipsoid in Proj4 definition
    Warning in showSRID(uprojargs, format = "PROJ", multiline = "NO", prefer_proj = prefer_proj) :
     Discarded datum Unknown based on GRS80 ellipsoid in Proj4 definition
    Warning in showSRID(uprojargs, format = "PROJ", multiline = "NO", prefer_proj = prefer_proj) :
     Discarded datum Unknown based on GRS80 ellipsoid in Proj4 definition
    Warning in showSRID(uprojargs, format = "PROJ", multiline = "NO", prefer_proj = prefer_proj) :
     Discarded datum Unknown based on GRS80 ellipsoid in Proj4 definition
    Warning in showSRID(uprojargs, format = "PROJ", multiline = "NO", prefer_proj = prefer_proj) :
     Discarded datum Unknown based on GRS80 ellipsoid in Proj4 definition
    Warning in showSRID(uprojargs, format = "PROJ", multiline = "NO", prefer_proj = prefer_proj) :
     Discarded datum Unknown based on GRS80 ellipsoid in Proj4 definition
    Warning in showSRID(uprojargs, format = "PROJ", multiline = "NO", prefer_proj = prefer_proj) :
     Discarded datum Unknown based on GRS80 ellipsoid in Proj4 definition
    Warning in showSRID(uprojargs, format = "PROJ", multiline = "NO", prefer_proj = prefer_proj) :
     Discarded datum Unknown based on GRS80 ellipsoid in Proj4 definition
    Warning in showSRID(uprojargs, format = "PROJ", multiline = "NO", prefer_proj = prefer_proj) :
     Discarded datum Unknown based on GRS80 ellipsoid in Proj4 definition
    Warning in showSRID(uprojargs, format = "PROJ", multiline = "NO", prefer_proj = prefer_proj) :
     Discarded datum Unknown based on GRS80 ellipsoid in Proj4 definition
    Warning in showSRID(uprojargs, format = "PROJ", multiline = "NO", prefer_proj = prefer_proj) :
     Discarded datum Unknown based on GRS80 ellipsoid in Proj4 definition
    Warning in showSRID(uprojargs, format = "PROJ", multiline = "NO", prefer_proj = prefer_proj) :
     Discarded datum Unknown based on GRS80 ellipsoid in Proj4 definition
    Warning in showSRID(uprojargs, format = "PROJ", multiline = "NO", prefer_proj = prefer_proj) :
     Discarded datum Unknown based on GRS80 ellipsoid in Proj4 definition
    Warning in showSRID(uprojargs, format = "PROJ", multiline = "NO", prefer_proj = prefer_proj) :
     Discarded datum Unknown based on GRS80 ellipsoid in Proj4 definition
    Warning in showSRID(uprojargs, format = "PROJ", multiline = "NO", prefer_proj = prefer_proj) :
     Discarded datum Unknown based on GRS80 ellipsoid in Proj4 definition
    Warning in showSRID(uprojargs, format = "PROJ", multiline = "NO", prefer_proj = prefer_proj) :
     Discarded datum Unknown based on GRS80 ellipsoid in Proj4 definition
    Warning in showSRID(uprojargs, format = "PROJ", multiline = "NO", prefer_proj = prefer_proj) :
     Discarded datum Unknown based on GRS80 ellipsoid in Proj4 definition
    Warning in showSRID(uprojargs, format = "PROJ", multiline = "NO", prefer_proj = prefer_proj) :
     Discarded datum Unknown based on GRS80 ellipsoid in Proj4 definition
    Warning in showSRID(uprojargs, format = "PROJ", multiline = "NO", prefer_proj = prefer_proj) :
     Discarded datum Unknown based on GRS80 ellipsoid in Proj4 definition
    Warning in showSRID(uprojargs, format = "PROJ", multiline = "NO", prefer_proj = prefer_proj) :
     Discarded datum Unknown based on GRS80 ellipsoid in Proj4 definition
    Warning in showSRID(uprojargs, format = "PROJ", multiline = "NO", prefer_proj = prefer_proj) :
     Discarded datum Unknown based on GRS80 ellipsoid in Proj4 definition
    Warning in showSRID(uprojargs, format = "PROJ", multiline = "NO", prefer_proj = prefer_proj) :
     Discarded datum Unknown based on GRS80 ellipsoid in Proj4 definition
    Warning in showSRID(uprojargs, format = "PROJ", multiline = "NO", prefer_proj = prefer_proj) :
     Discarded datum Unknown based on GRS80 ellipsoid in Proj4 definition
    Warning in showSRID(uprojargs, format = "PROJ", multiline = "NO", prefer_proj = prefer_proj) :
     Discarded datum Unknown based on GRS80 ellipsoid in Proj4 definition
    Warning in showSRID(uprojargs, format = "PROJ", multiline = "NO", prefer_proj = prefer_proj) :
     Discarded datum Unknown based on GRS80 ellipsoid in Proj4 definition
    Warning in showSRID(uprojargs, format = "PROJ", multiline = "NO", prefer_proj = prefer_proj) :
     Discarded datum Unknown based on GRS80 ellipsoid in Proj4 definition
    Warning in showSRID(uprojargs, format = "PROJ", multiline = "NO", prefer_proj = prefer_proj) :
     Discarded datum Unknown based on GRS80 ellipsoid in Proj4 definition
    Warning in showSRID(uprojargs, format = "PROJ", multiline = "NO", prefer_proj = prefer_proj) :
     Discarded datum Unknown based on GRS80 ellipsoid in Proj4 definition
    Warning in showSRID(uprojargs, format = "PROJ", multiline = "NO", prefer_proj = prefer_proj) :
     Discarded datum Unknown based on GRS80 ellipsoid in Proj4 definition
    Warning in showSRID(uprojargs, format = "PROJ", multiline = "NO", prefer_proj = prefer_proj) :
     Discarded datum Unknown based on GRS80 ellipsoid in Proj4 definition
    Warning in showSRID(uprojargs, format = "PROJ", multiline = "NO", prefer_proj = prefer_proj) :
     Discarded datum Unknown based on GRS80 ellipsoid in Proj4 definition
    Warning in showSRID(uprojargs, format = "PROJ", multiline = "NO", prefer_proj = prefer_proj) :
     Discarded datum Unknown based on GRS80 ellipsoid in Proj4 definition
    Warning in showSRID(uprojargs, format = "PROJ", multiline = "NO", prefer_proj = prefer_proj) :
     Discarded datum Unknown based on GRS80 ellipsoid in Proj4 definition
    Warning in showSRID(uprojargs, format = "PROJ", multiline = "NO", prefer_proj = prefer_proj) :
     Discarded datum Unknown based on GRS80 ellipsoid in Proj4 definition
    Warning in showSRID(uprojargs, format = "PROJ", multiline = "NO", prefer_proj = prefer_proj) :
     Discarded datum Unknown based on GRS80 ellipsoid in Proj4 definition
    Warning in showSRID(uprojargs, format = "PROJ", multiline = "NO", prefer_proj = prefer_proj) :
     Discarded datum Unknown based on GRS80 ellipsoid in Proj4 definition
    Warning in showSRID(uprojargs, format = "PROJ", multiline = "NO", prefer_proj = prefer_proj) :
     Discarded datum Unknown based on GRS80 ellipsoid in Proj4 definition
    Warning in showSRID(uprojargs, format = "PROJ", multiline = "NO", prefer_proj = prefer_proj) :
     Discarded datum Unknown based on GRS80 ellipsoid in Proj4 definition
    Warning in showSRID(uprojargs, format = "PROJ", multiline = "NO", prefer_proj = prefer_proj) :
     Discarded datum Unknown based on GRS80 ellipsoid in Proj4 definition
    Warning in showSRID(uprojargs, format = "PROJ", multiline = "NO", prefer_proj = prefer_proj) :
     Discarded datum Unknown based on GRS80 ellipsoid in Proj4 definition
    Warning in showSRID(uprojargs, format = "PROJ", multiline = "NO", prefer_proj = prefer_proj) :
     Discarded datum Unknown based on GRS80 ellipsoid in Proj4 definition
    Warning in showSRID(uprojargs, format = "PROJ", multiline = "NO", prefer_proj = prefer_proj) :
     Discarded datum Unknown based on GRS80 ellipsoid in Proj4 definition
    Warning in showSRID(uprojargs, format = "PROJ", multiline = "NO", prefer_proj = prefer_proj) :
     Discarded datum Unknown based on GRS80 ellipsoid in Proj4 definition
    Warning in showSRID(uprojargs, format = "PROJ", multiline = "NO", prefer_proj = prefer_proj) :
     Discarded datum Unknown based on GRS80 ellipsoid in Proj4 definition
    Warning in showSRID(uprojargs, format = "PROJ", multiline = "NO", prefer_proj = prefer_proj) :
     Discarded datum Unknown based on GRS80 ellipsoid in Proj4 definition
    Warning in showSRID(uprojargs, format = "PROJ", multiline = "NO", prefer_proj = prefer_proj) :
     Discarded datum Unknown based on GRS80 ellipsoid in Proj4 definition
    Warning in showSRID(uprojargs, format = "PROJ", multiline = "NO", prefer_proj = prefer_proj) :
     Discarded datum Unknown based on GRS80 ellipsoid in Proj4 definition
    Warning in showSRID(uprojargs, format = "PROJ", multiline = "NO", prefer_proj = prefer_proj) :
     Discarded datum Unknown based on GRS80 ellipsoid in Proj4 definition
    Warning in showSRID(uprojargs, format = "PROJ", multiline = "NO", prefer_proj = prefer_proj) :
     Discarded datum Unknown based on GRS80 ellipsoid in Proj4 definition
    Warning in showSRID(uprojargs, format = "PROJ", multiline = "NO", prefer_proj = prefer_proj) :
     Discarded datum Unknown based on GRS80 ellipsoid in Proj4 definition
    Warning in showSRID(uprojargs, format = "PROJ", multiline = "NO", prefer_proj = prefer_proj) :
     Discarded datum Unknown based on GRS80 ellipsoid in Proj4 definition
    Warning in showSRID(uprojargs, format = "PROJ", multiline = "NO", prefer_proj = prefer_proj) :
     Discarded datum Unknown based on GRS80 ellipsoid in Proj4 definition
    Warning in showSRID(uprojargs, format = "PROJ", multiline = "NO", prefer_proj = prefer_proj) :
     Discarded datum Unknown based on GRS80 ellipsoid in Proj4 definition
    Warning in showSRID(uprojargs, format = "PROJ", multiline = "NO", prefer_proj = prefer_proj) :
     Discarded datum Unknown based on GRS80 ellipsoid in Proj4 definition
    Warning in showSRID(uprojargs, format = "PROJ", multiline = "NO", prefer_proj = prefer_proj) :
     Discarded datum Unknown based on GRS80 ellipsoid in Proj4 definition
    Warning in showSRID(uprojargs, format = "PROJ", multiline = "NO", prefer_proj = prefer_proj) :
     Discarded datum Unknown based on GRS80 ellipsoid in Proj4 definition
    Warning in showSRID(uprojargs, format = "PROJ", multiline = "NO", prefer_proj = prefer_proj) :
     Discarded datum Unknown based on GRS80 ellipsoid in Proj4 definition
    Warning in showSRID(uprojargs, format = "PROJ", multiline = "NO", prefer_proj = prefer_proj) :
     Discarded datum Unknown based on GRS80 ellipsoid in Proj4 definition
    Warning in showSRID(uprojargs, format = "PROJ", multiline = "NO", prefer_proj = prefer_proj) :
     Discarded datum Unknown based on GRS80 ellipsoid in Proj4 definition
    Warning in showSRID(uprojargs, format = "PROJ", multiline = "NO", prefer_proj = prefer_proj) :
     Discarded datum Unknown based on GRS80 ellipsoid in Proj4 definition
    Warning in showSRID(uprojargs, format = "PROJ", multiline = "NO", prefer_proj = prefer_proj) :
     Discarded datum Unknown based on GRS80 ellipsoid in Proj4 definition
    Warning in showSRID(uprojargs, format = "PROJ", multiline = "NO", prefer_proj = prefer_proj) :
     Discarded datum Unknown based on GRS80 ellipsoid in Proj4 definition
    Warning in showSRID(uprojargs, format = "PROJ", multiline = "NO", prefer_proj = prefer_proj) :
     Discarded datum Unknown based on GRS80 ellipsoid in Proj4 definition
    Warning in showSRID(uprojargs, format = "PROJ", multiline = "NO", prefer_proj = prefer_proj) :
     Discarded datum Unknown based on GRS80 ellipsoid in Proj4 definition
    Warning in showSRID(uprojargs, format = "PROJ", multiline = "NO", prefer_proj = prefer_proj) :
     Discarded datum Unknown based on GRS80 ellipsoid in Proj4 definition
    Warning in showSRID(uprojargs, format = "PROJ", multiline = "NO", prefer_proj = prefer_proj) :
     Discarded datum Unknown based on GRS80 ellipsoid in Proj4 definition
    Warning in showSRID(uprojargs, format = "PROJ", multiline = "NO", prefer_proj = prefer_proj) :
     Discarded datum Unknown based on GRS80 ellipsoid in Proj4 definition
    Warning in showSRID(uprojargs, format = "PROJ", multiline = "NO", prefer_proj = prefer_proj) :
     Discarded datum Unknown based on GRS80 ellipsoid in Proj4 definition
    Warning in showSRID(uprojargs, format = "PROJ", multiline = "NO", prefer_proj = prefer_proj) :
     Discarded datum Unknown based on GRS80 ellipsoid in Proj4 definition
    Warning in showSRID(uprojargs, format = "PROJ", multiline = "NO", prefer_proj = prefer_proj) :
     Discarded datum Unknown based on GRS80 ellipsoid in Proj4 definition
    Warning in showSRID(uprojargs, format = "PROJ", multiline = "NO", prefer_proj = prefer_proj) :
     Discarded datum Unknown based on GRS80 ellipsoid in Proj4 definition
    Warning in showSRID(uprojargs, format = "PROJ", multiline = "NO", prefer_proj = prefer_proj) :
     Discarded datum Unknown based on GRS80 ellipsoid in Proj4 definition
    Warning in showSRID(uprojargs, format = "PROJ", multiline = "NO", prefer_proj = prefer_proj) :
     Discarded datum Unknown based on GRS80 ellipsoid in Proj4 definition
    Warning in showSRID(uprojargs, format = "PROJ", multiline = "NO", prefer_proj = prefer_proj) :
     Discarded datum Unknown based on GRS80 ellipsoid in Proj4 definition
    Warning in showSRID(uprojargs, format = "PROJ", multiline = "NO", prefer_proj = prefer_proj) :
     Discarded datum Unknown based on GRS80 ellipsoid in Proj4 definition
    Warning in showSRID(uprojargs, format = "PROJ", multiline = "NO", prefer_proj = prefer_proj) :
     Discarded datum Unknown based on GRS80 ellipsoid in Proj4 definition
    Warning in showSRID(uprojargs, format = "PROJ", multiline = "NO", prefer_proj = prefer_proj) :
     Discarded datum Unknown based on GRS80 ellipsoid in Proj4 definition
    Warning in showSRID(uprojargs, format = "PROJ", multiline = "NO", prefer_proj = prefer_proj) :
     Discarded datum Unknown based on GRS80 ellipsoid in Proj4 definition
    Warning in showSRID(uprojargs, format = "PROJ", multiline = "NO", prefer_proj = prefer_proj) :
     Discarded datum Unknown based on GRS80 ellipsoid in Proj4 definition
    Warning in showSRID(uprojargs, format = "PROJ", multiline = "NO", prefer_proj = prefer_proj) :
     Discarded datum Unknown based on GRS80 ellipsoid in Proj4 definition
    Warning in showSRID(uprojargs, format = "PROJ", multiline = "NO", prefer_proj = prefer_proj) :
     Discarded datum Unknown based on GRS80 ellipsoid in Proj4 definition
    Warning in showSRID(uprojargs, format = "PROJ", multiline = "NO", prefer_proj = prefer_proj) :
     Discarded datum Unknown based on GRS80 ellipsoid in Proj4 definition
    Warning in showSRID(uprojargs, format = "PROJ", multiline = "NO", prefer_proj = prefer_proj) :
     Discarded datum Unknown based on GRS80 ellipsoid in Proj4 definition
    Warning in showSRID(uprojargs, format = "PROJ", multiline = "NO", prefer_proj = prefer_proj) :
     Discarded datum Unknown based on GRS80 ellipsoid in Proj4 definition
    Warning in showSRID(uprojargs, format = "PROJ", multiline = "NO", prefer_proj = prefer_proj) :
     Discarded datum Unknown based on GRS80 ellipsoid in Proj4 definition
    Warning in showSRID(uprojargs, format = "PROJ", multiline = "NO", prefer_proj = prefer_proj) :
     Discarded datum Unknown based on GRS80 ellipsoid in Proj4 definition
    Warning in showSRID(uprojargs, format = "PROJ", multiline = "NO", prefer_proj = prefer_proj) :
     Discarded datum Unknown based on GRS80 ellipsoid in Proj4 definition
    Warning in showSRID(uprojargs, format = "PROJ", multiline = "NO", prefer_proj = prefer_proj) :
     Discarded datum Unknown based on GRS80 ellipsoid in Proj4 definition
    Warning in showSRID(uprojargs, format = "PROJ", multiline = "NO", prefer_proj = prefer_proj) :
     Discarded datum Unknown based on GRS80 ellipsoid in Proj4 definition
    Warning in showSRID(uprojargs, format = "PROJ", multiline = "NO", prefer_proj = prefer_proj) :
     Discarded datum Unknown based on GRS80 ellipsoid in Proj4 definition
    Warning in showSRID(uprojargs, format = "PROJ", multiline = "NO", prefer_proj = prefer_proj) :
     Discarded datum Unknown based on GRS80 ellipsoid in Proj4 definition
    Warning in showSRID(uprojargs, format = "PROJ", multiline = "NO", prefer_proj = prefer_proj) :
     Discarded datum Unknown based on GRS80 ellipsoid in Proj4 definition
    Warning in showSRID(uprojargs, format = "PROJ", multiline = "NO", prefer_proj = prefer_proj) :
     Discarded datum Unknown based on GRS80 ellipsoid in Proj4 definition
    Warning in showSRID(uprojargs, format = "PROJ", multiline = "NO", prefer_proj = prefer_proj) :
     Discarded datum Unknown based on GRS80 ellipsoid in Proj4 definition
    Warning in showSRID(uprojargs, format = "PROJ", multiline = "NO", prefer_proj = prefer_proj) :
     Discarded datum Unknown based on GRS80 ellipsoid in Proj4 definition
    Warning in showSRID(uprojargs, format = "PROJ", multiline = "NO", prefer_proj = prefer_proj) :
     Discarded datum Unknown based on GRS80 ellipsoid in Proj4 definition
    Warning in showSRID(uprojargs, format = "PROJ", multiline = "NO", prefer_proj = prefer_proj) :
     Discarded datum Unknown based on GRS80 ellipsoid in Proj4 definition
    Warning in showSRID(uprojargs, format = "PROJ", multiline = "NO", prefer_proj = prefer_proj) :
     Discarded datum Unknown based on GRS80 ellipsoid in Proj4 definition
    Warning in showSRID(uprojargs, format = "PROJ", multiline = "NO", prefer_proj = prefer_proj) :
     Discarded datum Unknown based on GRS80 ellipsoid in Proj4 definition
    Warning in showSRID(uprojargs, format = "PROJ", multiline = "NO", prefer_proj = prefer_proj) :
     Discarded datum Unknown based on GRS80 ellipsoid in Proj4 definition
    Warning in showSRID(uprojargs, format = "PROJ", multiline = "NO", prefer_proj = prefer_proj) :
     Discarded datum Unknown based on GRS80 ellipsoid in Proj4 definition
    Warning in showSRID(uprojargs, format = "PROJ", multiline = "NO", prefer_proj = prefer_proj) :
     Discarded datum Unknown based on GRS80 ellipsoid in Proj4 definition
    Warning in showSRID(uprojargs, format = "PROJ", multiline = "NO", prefer_proj = prefer_proj) :
     Discarded datum Unknown based on GRS80 ellipsoid in Proj4 definition
    Warning in showSRID(uprojargs, format = "PROJ", multiline = "NO", prefer_proj = prefer_proj) :
     Discarded datum Unknown based on GRS80 ellipsoid in Proj4 definition
    Warning in showSRID(uprojargs, format = "PROJ", multiline = "NO", prefer_proj = prefer_proj) :
     Discarded datum Unknown based on GRS80 ellipsoid in Proj4 definition
    Warning in showSRID(uprojargs, format = "PROJ", multiline = "NO", prefer_proj = prefer_proj) :
     Discarded datum Unknown based on GRS80 ellipsoid in Proj4 definition
    Warning in showSRID(uprojargs, format = "PROJ", multiline = "NO", prefer_proj = prefer_proj) :
     Discarded datum Unknown based on GRS80 ellipsoid in Proj4 definition
    Warning in showSRID(uprojargs, format = "PROJ", multiline = "NO", prefer_proj = prefer_proj) :
     Discarded datum Unknown based on GRS80 ellipsoid in Proj4 definition
    Warning in showSRID(uprojargs, format = "PROJ", multiline = "NO", prefer_proj = prefer_proj) :
     Discarded datum Unknown based on GRS80 ellipsoid in Proj4 definition
    Warning in showSRID(uprojargs, format = "PROJ", multiline = "NO", prefer_proj = prefer_proj) :
     Discarded datum Unknown based on GRS80 ellipsoid in Proj4 definition
    Warning in showSRID(uprojargs, format = "PROJ", multiline = "NO", prefer_proj = prefer_proj) :
     Discarded datum Unknown based on GRS80 ellipsoid in Proj4 definition
    Warning in showSRID(uprojargs, format = "PROJ", multiline = "NO", prefer_proj = prefer_proj) :
     Discarded datum Unknown based on GRS80 ellipsoid in Proj4 definition
    Warning in showSRID(uprojargs, format = "PROJ", multiline = "NO", prefer_proj = prefer_proj) :
     Discarded datum Unknown based on GRS80 ellipsoid in Proj4 definition
    Warning in showSRID(uprojargs, format = "PROJ", multiline = "NO", prefer_proj = prefer_proj) :
     Discarded datum Unknown based on GRS80 ellipsoid in Proj4 definition
    Warning in showSRID(uprojargs, format = "PROJ", multiline = "NO", prefer_proj = prefer_proj) :
     Discarded datum Unknown based on GRS80 ellipsoid in Proj4 definition
    Warning in showSRID(uprojargs, format = "PROJ", multiline = "NO", prefer_proj = prefer_proj) :
     Discarded datum Unknown based on GRS80 ellipsoid in Proj4 definition
    Warning in showSRID(uprojargs, format = "PROJ", multiline = "NO", prefer_proj = prefer_proj) :
     Discarded datum Unknown based on GRS80 ellipsoid in Proj4 definition
    Warning in showSRID(uprojargs, format = "PROJ", multiline = "NO", prefer_proj = prefer_proj) :
     Discarded datum Unknown based on GRS80 ellipsoid in Proj4 definition
    Warning in showSRID(uprojargs, format = "PROJ", multiline = "NO", prefer_proj = prefer_proj) :
     Discarded datum Unknown based on GRS80 ellipsoid in Proj4 definition
    Warning in showSRID(uprojargs, format = "PROJ", multiline = "NO", prefer_proj = prefer_proj) :
     Discarded datum Unknown based on GRS80 ellipsoid in Proj4 definition
    Warning in showSRID(uprojargs, format = "PROJ", multiline = "NO", prefer_proj = prefer_proj) :
     Discarded datum Unknown based on GRS80 ellipsoid in Proj4 definition
    Warning in showSRID(uprojargs, format = "PROJ", multiline = "NO", prefer_proj = prefer_proj) :
     Discarded datum Unknown based on GRS80 ellipsoid in Proj4 definition
    Warning in showSRID(uprojargs, format = "PROJ", multiline = "NO", prefer_proj = prefer_proj) :
     Discarded datum Unknown based on GRS80 ellipsoid in Proj4 definition
    Warning in showSRID(uprojargs, format = "PROJ", multiline = "NO", prefer_proj = prefer_proj) :
     Discarded datum Unknown based on GRS80 ellipsoid in Proj4 definition
    Warning in showSRID(uprojargs, format = "PROJ", multiline = "NO", prefer_proj = prefer_proj) :
     Discarded datum Unknown based on GRS80 ellipsoid in Proj4 definition
    Warning in showSRID(uprojargs, format = "PROJ", multiline = "NO", prefer_proj = prefer_proj) :
     Discarded datum Unknown based on GRS80 ellipsoid in Proj4 definition
    Warning in showSRID(uprojargs, format = "PROJ", multiline = "NO", prefer_proj = prefer_proj) :
     Discarded datum Unknown based on GRS80 ellipsoid in Proj4 definition
    Warning in showSRID(uprojargs, format = "PROJ", multiline = "NO", prefer_proj = prefer_proj) :
     Discarded datum Unknown based on GRS80 ellipsoid in Proj4 definition
    Warning in showSRID(uprojargs, format = "PROJ", multiline = "NO", prefer_proj = prefer_proj) :
     Discarded datum Unknown based on GRS80 ellipsoid in Proj4 definition
    Warning in showSRID(uprojargs, format = "PROJ", multiline = "NO", prefer_proj = prefer_proj) :
     Discarded datum Unknown based on GRS80 ellipsoid in Proj4 definition
    Warning in showSRID(uprojargs, format = "PROJ", multiline = "NO", prefer_proj = prefer_proj) :
     Discarded datum Unknown based on GRS80 ellipsoid in Proj4 definition
    Warning in showSRID(uprojargs, format = "PROJ", multiline = "NO", prefer_proj = prefer_proj) :
     Discarded datum Unknown based on GRS80 ellipsoid in Proj4 definition
    Warning in showSRID(uprojargs, format = "PROJ", multiline = "NO", prefer_proj = prefer_proj) :
     Discarded datum Unknown based on GRS80 ellipsoid in Proj4 definition
    Warning in showSRID(uprojargs, format = "PROJ", multiline = "NO", prefer_proj = prefer_proj) :
     Discarded datum Unknown based on GRS80 ellipsoid in Proj4 definition
    Warning in showSRID(uprojargs, format = "PROJ", multiline = "NO", prefer_proj = prefer_proj) :
     Discarded datum Unknown based on GRS80 ellipsoid in Proj4 definition
    Warning in showSRID(uprojargs, format = "PROJ", multiline = "NO", prefer_proj = prefer_proj) :
     Discarded datum Unknown based on GRS80 ellipsoid in Proj4 definition
    Warning in showSRID(uprojargs, format = "PROJ", multiline = "NO", prefer_proj = prefer_proj) :
     Discarded datum Unknown based on GRS80 ellipsoid in Proj4 definition
    Warning in showSRID(uprojargs, format = "PROJ", multiline = "NO", prefer_proj = prefer_proj) :
     Discarded datum Unknown based on GRS80 ellipsoid in Proj4 definition
    Warning in showSRID(uprojargs, format = "PROJ", multiline = "NO", prefer_proj = prefer_proj) :
     Discarded datum Unknown based on GRS80 ellipsoid in Proj4 definition
    Warning in showSRID(uprojargs, format = "PROJ", multiline = "NO", prefer_proj = prefer_proj) :
     Discarded datum Unknown based on GRS80 ellipsoid in Proj4 definition
    Warning in showSRID(uprojargs, format = "PROJ", multiline = "NO", prefer_proj = prefer_proj) :
     Discarded datum Unknown based on GRS80 ellipsoid in Proj4 definition
    Warning in showSRID(uprojargs, format = "PROJ", multiline = "NO", prefer_proj = prefer_proj) :
     Discarded datum Unknown based on GRS80 ellipsoid in Proj4 definition
    Warning in showSRID(uprojargs, format = "PROJ", multiline = "NO", prefer_proj = prefer_proj) :
     Discarded datum Unknown based on GRS80 ellipsoid in Proj4 definition
    Warning in showSRID(uprojargs, format = "PROJ", multiline = "NO", prefer_proj = prefer_proj) :
     Discarded datum Unknown based on GRS80 ellipsoid in Proj4 definition
    Warning in showSRID(uprojargs, format = "PROJ", multiline = "NO", prefer_proj = prefer_proj) :
     Discarded datum Unknown based on GRS80 ellipsoid in Proj4 definition
    Warning in showSRID(uprojargs, format = "PROJ", multiline = "NO", prefer_proj = prefer_proj) :
     Discarded datum Unknown based on GRS80 ellipsoid in Proj4 definition
    Warning in showSRID(uprojargs, format = "PROJ", multiline = "NO", prefer_proj = prefer_proj) :
     Discarded datum Unknown based on GRS80 ellipsoid in Proj4 definition
    Warning in showSRID(uprojargs, format = "PROJ", multiline = "NO", prefer_proj = prefer_proj) :
     Discarded datum Unknown based on GRS80 ellipsoid in Proj4 definition
    Warning in showSRID(uprojargs, format = "PROJ", multiline = "NO", prefer_proj = prefer_proj) :
     Discarded datum Unknown based on GRS80 ellipsoid in Proj4 definition
    Warning in showSRID(uprojargs, format = "PROJ", multiline = "NO", prefer_proj = prefer_proj) :
     Discarded datum Unknown based on GRS80 ellipsoid in Proj4 definition
    Warning in showSRID(uprojargs, format = "PROJ", multiline = "NO", prefer_proj = prefer_proj) :
     Discarded datum Unknown based on GRS80 ellipsoid in Proj4 definition
    Warning in showSRID(uprojargs, format = "PROJ", multiline = "NO", prefer_proj = prefer_proj) :
     Discarded datum Unknown based on GRS80 ellipsoid in Proj4 definition
    Warning in showSRID(uprojargs, format = "PROJ", multiline = "NO", prefer_proj = prefer_proj) :
     Discarded datum Unknown based on GRS80 ellipsoid in Proj4 definition
    Warning in showSRID(uprojargs, format = "PROJ", multiline = "NO", prefer_proj = prefer_proj) :
     Discarded datum Unknown based on GRS80 ellipsoid in Proj4 definition
    Warning in showSRID(uprojargs, format = "PROJ", multiline = "NO", prefer_proj = prefer_proj) :
     Discarded datum Unknown based on GRS80 ellipsoid in Proj4 definition
    Warning in showSRID(uprojargs, format = "PROJ", multiline = "NO", prefer_proj = prefer_proj) :
     Discarded datum Unknown based on GRS80 ellipsoid in Proj4 definition
    Warning in showSRID(uprojargs, format = "PROJ", multiline = "NO", prefer_proj = prefer_proj) :
     Discarded datum Unknown based on GRS80 ellipsoid in Proj4 definition
    Warning in showSRID(uprojargs, format = "PROJ", multiline = "NO", prefer_proj = prefer_proj) :
     Discarded datum Unknown based on GRS80 ellipsoid in Proj4 definition
    Warning in showSRID(uprojargs, format = "PROJ", multiline = "NO", prefer_proj = prefer_proj) :
     Discarded datum Unknown based on GRS80 ellipsoid in Proj4 definition
    Warning in showSRID(uprojargs, format = "PROJ", multiline = "NO", prefer_proj = prefer_proj) :
     Discarded datum Unknown based on GRS80 ellipsoid in Proj4 definition
    Warning in showSRID(uprojargs, format = "PROJ", multiline = "NO", prefer_proj = prefer_proj) :
     Discarded datum Unknown based on GRS80 ellipsoid in Proj4 definition
    Warning in showSRID(uprojargs, format = "PROJ", multiline = "NO", prefer_proj = prefer_proj) :
     Discarded datum Unknown based on GRS80 ellipsoid in Proj4 definition
    Warning in showSRID(uprojargs, format = "PROJ", multiline = "NO", prefer_proj = prefer_proj) :
     Discarded datum Unknown based on GRS80 ellipsoid in Proj4 definition
    Warning in showSRID(uprojargs, format = "PROJ", multiline = "NO", prefer_proj = prefer_proj) :
     Discarded datum Unknown based on GRS80 ellipsoid in Proj4 definition
    Warning in showSRID(uprojargs, format = "PROJ", multiline = "NO", prefer_proj = prefer_proj) :
     Discarded datum Unknown based on GRS80 ellipsoid in Proj4 definition
    Warning in showSRID(uprojargs, format = "PROJ", multiline = "NO", prefer_proj = prefer_proj) :
     Discarded datum Unknown based on GRS80 ellipsoid in Proj4 definition
    Warning in showSRID(uprojargs, format = "PROJ", multiline = "NO", prefer_proj = prefer_proj) :
     Discarded datum Unknown based on GRS80 ellipsoid in Proj4 definition
    Warning in showSRID(uprojargs, format = "PROJ", multiline = "NO", prefer_proj = prefer_proj) :
     Discarded datum Unknown based on GRS80 ellipsoid in Proj4 definition
    Warning in showSRID(uprojargs, format = "PROJ", multiline = "NO", prefer_proj = prefer_proj) :
     Discarded datum Unknown based on GRS80 ellipsoid in Proj4 definition
    Warning in showSRID(uprojargs, format = "PROJ", multiline = "NO", prefer_proj = prefer_proj) :
     Discarded datum Unknown based on GRS80 ellipsoid in Proj4 definition
    Warning in showSRID(uprojargs, format = "PROJ", multiline = "NO", prefer_proj = prefer_proj) :
     Discarded datum Unknown based on GRS80 ellipsoid in Proj4 definition
    Warning in showSRID(uprojargs, format = "PROJ", multiline = "NO", prefer_proj = prefer_proj) :
     Discarded datum Unknown based on GRS80 ellipsoid in Proj4 definition
    Warning in showSRID(uprojargs, format = "PROJ", multiline = "NO", prefer_proj = prefer_proj) :
     Discarded datum Unknown based on GRS80 ellipsoid in Proj4 definition
    Warning in showSRID(uprojargs, format = "PROJ", multiline = "NO", prefer_proj = prefer_proj) :
     Discarded datum Unknown based on GRS80 ellipsoid in Proj4 definition
    Warning in showSRID(uprojargs, format = "PROJ", multiline = "NO", prefer_proj = prefer_proj) :
     Discarded datum Unknown based on GRS80 ellipsoid in Proj4 definition
    Warning in showSRID(uprojargs, format = "PROJ", multiline = "NO", prefer_proj = prefer_proj) :
     Discarded datum Unknown based on GRS80 ellipsoid in Proj4 definition
    Warning in showSRID(uprojargs, format = "PROJ", multiline = "NO", prefer_proj = prefer_proj) :
     Discarded datum Unknown based on GRS80 ellipsoid in Proj4 definition
    Warning in showSRID(uprojargs, format = "PROJ", multiline = "NO", prefer_proj = prefer_proj) :
     Discarded datum Unknown based on GRS80 ellipsoid in Proj4 definition
    Warning in showSRID(uprojargs, format = "PROJ", multiline = "NO", prefer_proj = prefer_proj) :
     Discarded datum Unknown based on GRS80 ellipsoid in Proj4 definition
    Warning in showSRID(uprojargs, format = "PROJ", multiline = "NO", prefer_proj = prefer_proj) :
     Discarded datum Unknown based on GRS80 ellipsoid in Proj4 definition
    Warning in showSRID(uprojargs, format = "PROJ", multiline = "NO", prefer_proj = prefer_proj) :
     Discarded datum Unknown based on GRS80 ellipsoid in Proj4 definition
    Warning in showSRID(uprojargs, format = "PROJ", multiline = "NO", prefer_proj = prefer_proj) :
     Discarded datum Unknown based on GRS80 ellipsoid in Proj4 definition
    Warning in showSRID(uprojargs, format = "PROJ", multiline = "NO", prefer_proj = prefer_proj) :
     Discarded datum Unknown based on GRS80 ellipsoid in Proj4 definition
    Warning in showSRID(uprojargs, format = "PROJ", multiline = "NO", prefer_proj = prefer_proj) :
     Discarded datum Unknown based on GRS80 ellipsoid in Proj4 definition
    Warning in showSRID(uprojargs, format = "PROJ", multiline = "NO", prefer_proj = prefer_proj) :
     Discarded datum Unknown based on GRS80 ellipsoid in Proj4 definition
    Warning in showSRID(uprojargs, format = "PROJ", multiline = "NO", prefer_proj = prefer_proj) :
     Discarded datum Unknown based on GRS80 ellipsoid in Proj4 definition
    Warning in showSRID(uprojargs, format = "PROJ", multiline = "NO", prefer_proj = prefer_proj) :
     Discarded datum Unknown based on GRS80 ellipsoid in Proj4 definition
    Warning in showSRID(uprojargs, format = "PROJ", multiline = "NO", prefer_proj = prefer_proj) :
     Discarded datum Unknown based on GRS80 ellipsoid in Proj4 definition
    Warning in showSRID(uprojargs, format = "PROJ", multiline = "NO", prefer_proj = prefer_proj) :
     Discarded datum Unknown based on GRS80 ellipsoid in Proj4 definition
    Warning in showSRID(uprojargs, format = "PROJ", multiline = "NO", prefer_proj = prefer_proj) :
     Discarded datum Unknown based on GRS80 ellipsoid in Proj4 definition
    Warning in showSRID(uprojargs, format = "PROJ", multiline = "NO", prefer_proj = prefer_proj) :
     Discarded datum Unknown based on GRS80 ellipsoid in Proj4 definition
    Warning in showSRID(uprojargs, format = "PROJ", multiline = "NO", prefer_proj = prefer_proj) :
     Discarded datum Unknown based on GRS80 ellipsoid in Proj4 definition
    Warning in showSRID(uprojargs, format = "PROJ", multiline = "NO", prefer_proj = prefer_proj) :
     Discarded datum Unknown based on GRS80 ellipsoid in Proj4 definition
    Warning in showSRID(uprojargs, format = "PROJ", multiline = "NO", prefer_proj = prefer_proj) :
     Discarded datum Unknown based on GRS80 ellipsoid in Proj4 definition
    Warning in showSRID(uprojargs, format = "PROJ", multiline = "NO", prefer_proj = prefer_proj) :
     Discarded datum Unknown based on GRS80 ellipsoid in Proj4 definition
    Warning in showSRID(uprojargs, format = "PROJ", multiline = "NO", prefer_proj = prefer_proj) :
     Discarded datum Unknown based on GRS80 ellipsoid in Proj4 definition
    Warning in showSRID(uprojargs, format = "PROJ", multiline = "NO", prefer_proj = prefer_proj) :
     Discarded datum Unknown based on GRS80 ellipsoid in Proj4 definition
    Warning in showSRID(uprojargs, format = "PROJ", multiline = "NO", prefer_proj = prefer_proj) :
     Discarded datum Unknown based on GRS80 ellipsoid in Proj4 definition
    Warning in showSRID(uprojargs, format = "PROJ", multiline = "NO", prefer_proj = prefer_proj) :
     Discarded datum Unknown based on GRS80 ellipsoid in Proj4 definition
    Warning in showSRID(uprojargs, format = "PROJ", multiline = "NO", prefer_proj = prefer_proj) :
     Discarded datum Unknown based on GRS80 ellipsoid in Proj4 definition
    Warning in showSRID(uprojargs, format = "PROJ", multiline = "NO", prefer_proj = prefer_proj) :
     Discarded datum Unknown based on GRS80 ellipsoid in Proj4 definition
    Warning in showSRID(uprojargs, format = "PROJ", multiline = "NO", prefer_proj = prefer_proj) :
     Discarded datum Unknown based on GRS80 ellipsoid in Proj4 definition
    Warning in showSRID(uprojargs, format = "PROJ", multiline = "NO", prefer_proj = prefer_proj) :
     Discarded datum Unknown based on GRS80 ellipsoid in Proj4 definition
    Warning in showSRID(uprojargs, format = "PROJ", multiline = "NO", prefer_proj = prefer_proj) :
     Discarded datum Unknown based on GRS80 ellipsoid in Proj4 definition
    Warning in showSRID(uprojargs, format = "PROJ", multiline = "NO", prefer_proj = prefer_proj) :
     Discarded datum Unknown based on GRS80 ellipsoid in Proj4 definition
    Warning in showSRID(uprojargs, format = "PROJ", multiline = "NO", prefer_proj = prefer_proj) :
     Discarded datum Unknown based on GRS80 ellipsoid in Proj4 definition
    Warning in showSRID(uprojargs, format = "PROJ", multiline = "NO", prefer_proj = prefer_proj) :
     Discarded datum Unknown based on GRS80 ellipsoid in Proj4 definition
    Warning in showSRID(uprojargs, format = "PROJ", multiline = "NO", prefer_proj = prefer_proj) :
     Discarded datum Unknown based on GRS80 ellipsoid in Proj4 definition
    Warning in showSRID(uprojargs, format = "PROJ", multiline = "NO", prefer_proj = prefer_proj) :
     Discarded datum Unknown based on GRS80 ellipsoid in Proj4 definition
    Warning in showSRID(uprojargs, format = "PROJ", multiline = "NO", prefer_proj = prefer_proj) :
     Discarded datum Unknown based on GRS80 ellipsoid in Proj4 definition
    Warning in showSRID(uprojargs, format = "PROJ", multiline = "NO", prefer_proj = prefer_proj) :
     Discarded datum Unknown based on GRS80 ellipsoid in Proj4 definition
    Warning in showSRID(uprojargs, format = "PROJ", multiline = "NO", prefer_proj = prefer_proj) :
     Discarded datum Unknown based on GRS80 ellipsoid in Proj4 definition
    Warning in showSRID(uprojargs, format = "PROJ", multiline = "NO", prefer_proj = prefer_proj) :
     Discarded datum Unknown based on GRS80 ellipsoid in Proj4 definition
    Warning in showSRID(uprojargs, format = "PROJ", multiline = "NO", prefer_proj = prefer_proj) :
     Discarded datum Unknown based on GRS80 ellipsoid in Proj4 definition
    Warning in showSRID(uprojargs, format = "PROJ", multiline = "NO", prefer_proj = prefer_proj) :
     Discarded datum Unknown based on GRS80 ellipsoid in Proj4 definition
    Warning in showSRID(uprojargs, format = "PROJ", multiline = "NO", prefer_proj = prefer_proj) :
     Discarded datum Unknown based on GRS80 ellipsoid in Proj4 definition
    Warning in showSRID(uprojargs, format = "PROJ", multiline = "NO", prefer_proj = prefer_proj) :
     Discarded datum Unknown based on GRS80 ellipsoid in Proj4 definition
    Warning in showSRID(uprojargs, format = "PROJ", multiline = "NO", prefer_proj = prefer_proj) :
     Discarded datum Unknown based on GRS80 ellipsoid in Proj4 definition
    Warning in showSRID(uprojargs, format = "PROJ", multiline = "NO", prefer_proj = prefer_proj) :
     Discarded datum Unknown based on GRS80 ellipsoid in Proj4 definition
    Warning in showSRID(uprojargs, format = "PROJ", multiline = "NO", prefer_proj = prefer_proj) :
     Discarded datum Unknown based on GRS80 ellipsoid in Proj4 definition
    Warning in showSRID(uprojargs, format = "PROJ", multiline = "NO", prefer_proj = prefer_proj) :
     Discarded datum Unknown based on GRS80 ellipsoid in Proj4 definition
    Warning in showSRID(uprojargs, format = "PROJ", multiline = "NO", prefer_proj = prefer_proj) :
     Discarded datum Unknown based on GRS80 ellipsoid in Proj4 definition
    Warning in showSRID(uprojargs, format = "PROJ", multiline = "NO", prefer_proj = prefer_proj) :
     Discarded datum Unknown based on GRS80 ellipsoid in Proj4 definition
    Warning in showSRID(uprojargs, format = "PROJ", multiline = "NO", prefer_proj = prefer_proj) :
     Discarded datum Unknown based on GRS80 ellipsoid in Proj4 definition
    Warning in showSRID(uprojargs, format = "PROJ", multiline = "NO", prefer_proj = prefer_proj) :
     Discarded datum Unknown based on GRS80 ellipsoid in Proj4 definition
    Warning in showSRID(uprojargs, format = "PROJ", multiline = "NO", prefer_proj = prefer_proj) :
     Discarded datum Unknown based on GRS80 ellipsoid in Proj4 definition
    Warning in showSRID(uprojargs, format = "PROJ", multiline = "NO", prefer_proj = prefer_proj) :
     Discarded datum Unknown based on GRS80 ellipsoid in Proj4 definition
    Warning in showSRID(uprojargs, format = "PROJ", multiline = "NO", prefer_proj = prefer_proj) :
     Discarded datum Unknown based on GRS80 ellipsoid in Proj4 definition
    Warning in showSRID(uprojargs, format = "PROJ", multiline = "NO", prefer_proj = prefer_proj) :
     Discarded datum Unknown based on GRS80 ellipsoid in Proj4 definition
    Warning in showSRID(uprojargs, format = "PROJ", multiline = "NO", prefer_proj = prefer_proj) :
     Discarded datum Unknown based on GRS80 ellipsoid in Proj4 definition
    Warning in showSRID(uprojargs, format = "PROJ", multiline = "NO", prefer_proj = prefer_proj) :
     Discarded datum Unknown based on GRS80 ellipsoid in Proj4 definition
    Warning in showSRID(uprojargs, format = "PROJ", multiline = "NO", prefer_proj = prefer_proj) :
     Discarded datum Unknown based on GRS80 ellipsoid in Proj4 definition
    Warning in showSRID(uprojargs, format = "PROJ", multiline = "NO", prefer_proj = prefer_proj) :
     Discarded datum Unknown based on GRS80 ellipsoid in Proj4 definition
    Warning in showSRID(uprojargs, format = "PROJ", multiline = "NO", prefer_proj = prefer_proj) :
     Discarded datum Unknown based on GRS80 ellipsoid in Proj4 definition
    Warning in showSRID(uprojargs, format = "PROJ", multiline = "NO", prefer_proj = prefer_proj) :
     Discarded datum Unknown based on GRS80 ellipsoid in Proj4 definition
    Warning in showSRID(uprojargs, format = "PROJ", multiline = "NO", prefer_proj = prefer_proj) :
     Discarded datum Unknown based on GRS80 ellipsoid in Proj4 definition
    Warning in showSRID(uprojargs, format = "PROJ", multiline = "NO", prefer_proj = prefer_proj) :
     Discarded datum Unknown based on GRS80 ellipsoid in Proj4 definition
    Warning in showSRID(uprojargs, format = "PROJ", multiline = "NO", prefer_proj = prefer_proj) :
     Discarded datum Unknown based on GRS80 ellipsoid in Proj4 definition
    Warning in showSRID(uprojargs, format = "PROJ", multiline = "NO", prefer_proj = prefer_proj) :
     Discarded datum Unknown based on GRS80 ellipsoid in Proj4 definition
    Warning in showSRID(uprojargs, format = "PROJ", multiline = "NO", prefer_proj = prefer_proj) :
     Discarded datum Unknown based on GRS80 ellipsoid in Proj4 definition
    Warning in showSRID(uprojargs, format = "PROJ", multiline = "NO", prefer_proj = prefer_proj) :
     Discarded datum Unknown based on GRS80 ellipsoid in Proj4 definition
    Warning in showSRID(uprojargs, format = "PROJ", multiline = "NO", prefer_proj = prefer_proj) :
     Discarded datum Unknown based on GRS80 ellipsoid in Proj4 definition
    Warning in showSRID(uprojargs, format = "PROJ", multiline = "NO", prefer_proj = prefer_proj) :
     Discarded datum Unknown based on GRS80 ellipsoid in Proj4 definition
    Warning in showSRID(uprojargs, format = "PROJ", multiline = "NO", prefer_proj = prefer_proj) :
     Discarded datum Unknown based on GRS80 ellipsoid in Proj4 definition
    Warning in showSRID(uprojargs, format = "PROJ", multiline = "NO", prefer_proj = prefer_proj) :
     Discarded datum Unknown based on GRS80 ellipsoid in Proj4 definition
    Warning in showSRID(uprojargs, format = "PROJ", multiline = "NO", prefer_proj = prefer_proj) :
     Discarded datum Unknown based on GRS80 ellipsoid in Proj4 definition
    Warning in showSRID(uprojargs, format = "PROJ", multiline = "NO", prefer_proj = prefer_proj) :
     Discarded datum Unknown based on GRS80 ellipsoid in Proj4 definition
    Warning in showSRID(uprojargs, format = "PROJ", multiline = "NO", prefer_proj = prefer_proj) :
     Discarded datum Unknown based on GRS80 ellipsoid in Proj4 definition
    Warning in showSRID(uprojargs, format = "PROJ", multiline = "NO", prefer_proj = prefer_proj) :
     Discarded datum Unknown based on GRS80 ellipsoid in Proj4 definition
    Warning in showSRID(uprojargs, format = "PROJ", multiline = "NO", prefer_proj = prefer_proj) :
     Discarded datum Unknown based on GRS80 ellipsoid in Proj4 definition
    Warning in showSRID(uprojargs, format = "PROJ", multiline = "NO", prefer_proj = prefer_proj) :
     Discarded datum Unknown based on GRS80 ellipsoid in Proj4 definition
    Warning in showSRID(uprojargs, format = "PROJ", multiline = "NO", prefer_proj = prefer_proj) :
     Discarded datum Unknown based on GRS80 ellipsoid in Proj4 definition
    Warning in showSRID(uprojargs, format = "PROJ", multiline = "NO", prefer_proj = prefer_proj) :
     Discarded datum Unknown based on GRS80 ellipsoid in Proj4 definition
    Warning in showSRID(uprojargs, format = "PROJ", multiline = "NO", prefer_proj = prefer_proj) :
     Discarded datum Unknown based on GRS80 ellipsoid in Proj4 definition
    Warning in showSRID(uprojargs, format = "PROJ", multiline = "NO", prefer_proj = prefer_proj) :
     Discarded datum Unknown based on GRS80 ellipsoid in Proj4 definition
    Warning in showSRID(uprojargs, format = "PROJ", multiline = "NO", prefer_proj = prefer_proj) :
     Discarded datum Unknown based on GRS80 ellipsoid in Proj4 definition
    Warning in showSRID(uprojargs, format = "PROJ", multiline = "NO", prefer_proj = prefer_proj) :
     Discarded datum Unknown based on GRS80 ellipsoid in Proj4 definition
    Warning in showSRID(uprojargs, format = "PROJ", multiline = "NO", prefer_proj = prefer_proj) :
     Discarded datum Unknown based on GRS80 ellipsoid in Proj4 definition
    Warning in showSRID(uprojargs, format = "PROJ", multiline = "NO", prefer_proj = prefer_proj) :
     Discarded datum Unknown based on GRS80 ellipsoid in Proj4 definition
    Warning in showSRID(uprojargs, format = "PROJ", multiline = "NO", prefer_proj = prefer_proj) :
     Discarded datum Unknown based on GRS80 ellipsoid in Proj4 definition
    Warning in showSRID(uprojargs, format = "PROJ", multiline = "NO", prefer_proj = prefer_proj) :
     Discarded datum Unknown based on GRS80 ellipsoid in Proj4 definition
    Warning in showSRID(uprojargs, format = "PROJ", multiline = "NO", prefer_proj = prefer_proj) :
     Discarded datum Unknown based on GRS80 ellipsoid in Proj4 definition
    Warning in showSRID(uprojargs, format = "PROJ", multiline = "NO", prefer_proj = prefer_proj) :
     Discarded datum Unknown based on GRS80 ellipsoid in Proj4 definition
    Warning in showSRID(uprojargs, format = "PROJ", multiline = "NO", prefer_proj = prefer_proj) :
     Discarded datum Unknown based on GRS80 ellipsoid in Proj4 definition
    Warning in showSRID(uprojargs, format = "PROJ", multiline = "NO", prefer_proj = prefer_proj) :
     Discarded datum Unknown based on GRS80 ellipsoid in Proj4 definition
    Warning in showSRID(uprojargs, format = "PROJ", multiline = "NO", prefer_proj = prefer_proj) :
     Discarded datum Unknown based on GRS80 ellipsoid in Proj4 definition
    Warning in showSRID(uprojargs, format = "PROJ", multiline = "NO", prefer_proj = prefer_proj) :
     Discarded datum Unknown based on GRS80 ellipsoid in Proj4 definition
    Warning in showSRID(uprojargs, format = "PROJ", multiline = "NO", prefer_proj = prefer_proj) :
     Discarded datum Unknown based on GRS80 ellipsoid in Proj4 definition
    Warning in showSRID(uprojargs, format = "PROJ", multiline = "NO", prefer_proj = prefer_proj) :
     Discarded datum Unknown based on GRS80 ellipsoid in Proj4 definition
    Warning in showSRID(uprojargs, format = "PROJ", multiline = "NO", prefer_proj = prefer_proj) :
     Discarded datum Unknown based on GRS80 ellipsoid in Proj4 definition
    Warning in showSRID(uprojargs, format = "PROJ", multiline = "NO", prefer_proj = prefer_proj) :
     Discarded datum Unknown based on GRS80 ellipsoid in Proj4 definition
    Warning in showSRID(uprojargs, format = "PROJ", multiline = "NO", prefer_proj = prefer_proj) :
     Discarded datum Unknown based on GRS80 ellipsoid in Proj4 definition
    Warning in showSRID(uprojargs, format = "PROJ", multiline = "NO", prefer_proj = prefer_proj) :
     Discarded datum Unknown based on GRS80 ellipsoid in Proj4 definition
    Warning in showSRID(uprojargs, format = "PROJ", multiline = "NO", prefer_proj = prefer_proj) :
     Discarded datum Unknown based on GRS80 ellipsoid in Proj4 definition
    Warning in showSRID(uprojargs, format = "PROJ", multiline = "NO", prefer_proj = prefer_proj) :
     Discarded datum Unknown based on GRS80 ellipsoid in Proj4 definition
    Warning in showSRID(uprojargs, format = "PROJ", multiline = "NO", prefer_proj = prefer_proj) :
     Discarded datum Unknown based on GRS80 ellipsoid in Proj4 definition
    Warning in showSRID(uprojargs, format = "PROJ", multiline = "NO", prefer_proj = prefer_proj) :
     Discarded datum Unknown based on GRS80 ellipsoid in Proj4 definition
    Warning in showSRID(uprojargs, format = "PROJ", multiline = "NO", prefer_proj = prefer_proj) :
     Discarded datum Unknown based on GRS80 ellipsoid in Proj4 definition
    Warning in showSRID(uprojargs, format = "PROJ", multiline = "NO", prefer_proj = prefer_proj) :
     Discarded datum Unknown based on GRS80 ellipsoid in Proj4 definition
    Warning in showSRID(uprojargs, format = "PROJ", multiline = "NO", prefer_proj = prefer_proj) :
     Discarded datum Unknown based on GRS80 ellipsoid in Proj4 definition
    Warning in showSRID(uprojargs, format = "PROJ", multiline = "NO", prefer_proj = prefer_proj) :
     Discarded datum Unknown based on GRS80 ellipsoid in Proj4 definition
    Warning in showSRID(uprojargs, format = "PROJ", multiline = "NO", prefer_proj = prefer_proj) :
     Discarded datum Unknown based on GRS80 ellipsoid in Proj4 definition
    Warning in showSRID(uprojargs, format = "PROJ", multiline = "NO", prefer_proj = prefer_proj) :
     Discarded datum Unknown based on GRS80 ellipsoid in Proj4 definition
    Warning in showSRID(uprojargs, format = "PROJ", multiline = "NO", prefer_proj = prefer_proj) :
     Discarded datum Unknown based on GRS80 ellipsoid in Proj4 definition
    Warning in showSRID(uprojargs, format = "PROJ", multiline = "NO", prefer_proj = prefer_proj) :
     Discarded datum Unknown based on GRS80 ellipsoid in Proj4 definition
    Warning in showSRID(uprojargs, format = "PROJ", multiline = "NO", prefer_proj = prefer_proj) :
     Discarded datum Unknown based on GRS80 ellipsoid in Proj4 definition
    Warning in showSRID(uprojargs, format = "PROJ", multiline = "NO", prefer_proj = prefer_proj) :
     Discarded datum Unknown based on GRS80 ellipsoid in Proj4 definition
    Warning in showSRID(uprojargs, format = "PROJ", multiline = "NO", prefer_proj = prefer_proj) :
     Discarded datum Unknown based on GRS80 ellipsoid in Proj4 definition
    Warning in showSRID(uprojargs, format = "PROJ", multiline = "NO", prefer_proj = prefer_proj) :
     Discarded datum Unknown based on GRS80 ellipsoid in Proj4 definition
    Warning in showSRID(uprojargs, format = "PROJ", multiline = "NO", prefer_proj = prefer_proj) :
     Discarded datum Unknown based on GRS80 ellipsoid in Proj4 definition
    Warning in showSRID(uprojargs, format = "PROJ", multiline = "NO", prefer_proj = prefer_proj) :
     Discarded datum Unknown based on GRS80 ellipsoid in Proj4 definition
    Warning in showSRID(uprojargs, format = "PROJ", multiline = "NO", prefer_proj = prefer_proj) :
     Discarded datum Unknown based on GRS80 ellipsoid in Proj4 definition
    Warning in showSRID(uprojargs, format = "PROJ", multiline = "NO", prefer_proj = prefer_proj) :
     Discarded datum Unknown based on GRS80 ellipsoid in Proj4 definition
    Warning in showSRID(uprojargs, format = "PROJ", multiline = "NO", prefer_proj = prefer_proj) :
     Discarded datum Unknown based on GRS80 ellipsoid in Proj4 definition
    Warning in showSRID(uprojargs, format = "PROJ", multiline = "NO", prefer_proj = prefer_proj) :
     Discarded datum Unknown based on GRS80 ellipsoid in Proj4 definition
    Warning in showSRID(uprojargs, format = "PROJ", multiline = "NO", prefer_proj = prefer_proj) :
     Discarded datum Unknown based on GRS80 ellipsoid in Proj4 definition
    Warning in showSRID(uprojargs, format = "PROJ", multiline = "NO", prefer_proj = prefer_proj) :
     Discarded datum Unknown based on GRS80 ellipsoid in Proj4 definition
    Warning in showSRID(uprojargs, format = "PROJ", multiline = "NO", prefer_proj = prefer_proj) :
     Discarded datum Unknown based on GRS80 ellipsoid in Proj4 definition
    Warning in showSRID(uprojargs, format = "PROJ", multiline = "NO", prefer_proj = prefer_proj) :
     Discarded datum Unknown based on GRS80 ellipsoid in Proj4 definition
    Warning in showSRID(uprojargs, format = "PROJ", multiline = "NO", prefer_proj = prefer_proj) :
     Discarded datum Unknown based on GRS80 ellipsoid in Proj4 definition
    Warning in showSRID(uprojargs, format = "PROJ", multiline = "NO", prefer_proj = prefer_proj) :
     Discarded datum Unknown based on GRS80 ellipsoid in Proj4 definition
    Warning in showSRID(uprojargs, format = "PROJ", multiline = "NO", prefer_proj = prefer_proj) :
     Discarded datum Unknown based on GRS80 ellipsoid in Proj4 definition
    Warning in showSRID(uprojargs, format = "PROJ", multiline = "NO", prefer_proj = prefer_proj) :
     Discarded datum Unknown based on GRS80 ellipsoid in Proj4 definition
    Warning in showSRID(uprojargs, format = "PROJ", multiline = "NO", prefer_proj = prefer_proj) :
     Discarded datum Unknown based on GRS80 ellipsoid in Proj4 definition
    Warning in showSRID(uprojargs, format = "PROJ", multiline = "NO", prefer_proj = prefer_proj) :
     Discarded datum Unknown based on GRS80 ellipsoid in Proj4 definition
    Warning in showSRID(uprojargs, format = "PROJ", multiline = "NO", prefer_proj = prefer_proj) :
     Discarded datum Unknown based on GRS80 ellipsoid in Proj4 definition
    Warning in showSRID(uprojargs, format = "PROJ", multiline = "NO", prefer_proj = prefer_proj) :
     Discarded datum Unknown based on GRS80 ellipsoid in Proj4 definition
    Warning in showSRID(uprojargs, format = "PROJ", multiline = "NO", prefer_proj = prefer_proj) :
     Discarded datum Unknown based on GRS80 ellipsoid in Proj4 definition
    Warning in showSRID(uprojargs, format = "PROJ", multiline = "NO", prefer_proj = prefer_proj) :
     Discarded datum Unknown based on GRS80 ellipsoid in Proj4 definition
    Warning in showSRID(uprojargs, format = "PROJ", multiline = "NO", prefer_proj = prefer_proj) :
     Discarded datum Unknown based on GRS80 ellipsoid in Proj4 definition
    Warning in showSRID(uprojargs, format = "PROJ", multiline = "NO", prefer_proj = prefer_proj) :
     Discarded datum Unknown based on GRS80 ellipsoid in Proj4 definition
    Warning in showSRID(uprojargs, format = "PROJ", multiline = "NO", prefer_proj = prefer_proj) :
     Discarded datum Unknown based on GRS80 ellipsoid in Proj4 definition
    Warning in showSRID(uprojargs, format = "PROJ", multiline = "NO", prefer_proj = prefer_proj) :
     Discarded datum Unknown based on GRS80 ellipsoid in Proj4 definition
    Warning in showSRID(uprojargs, format = "PROJ", multiline = "NO", prefer_proj = prefer_proj) :
     Discarded datum Unknown based on GRS80 ellipsoid in Proj4 definition
    Warning in showSRID(uprojargs, format = "PROJ", multiline = "NO", prefer_proj = prefer_proj) :
     Discarded datum Unknown based on GRS80 ellipsoid in Proj4 definition
    Warning in showSRID(uprojargs, format = "PROJ", multiline = "NO", prefer_proj = prefer_proj) :
     Discarded datum Unknown based on GRS80 ellipsoid in Proj4 definition
    Warning in showSRID(uprojargs, format = "PROJ", multiline = "NO", prefer_proj = prefer_proj) :
     Discarded datum Unknown based on GRS80 ellipsoid in Proj4 definition
    Warning in showSRID(uprojargs, format = "PROJ", multiline = "NO", prefer_proj = prefer_proj) :
     Discarded datum Unknown based on GRS80 ellipsoid in Proj4 definition
    Warning in showSRID(uprojargs, format = "PROJ", multiline = "NO", prefer_proj = prefer_proj) :
     Discarded datum Unknown based on GRS80 ellipsoid in Proj4 definition
    Warning in showSRID(uprojargs, format = "PROJ", multiline = "NO", prefer_proj = prefer_proj) :
     Discarded datum Unknown based on GRS80 ellipsoid in Proj4 definition
    Warning in grid.Call(C_stringMetric, as.graphicsAnnot(x$label)) :
     no font could be found for family "Arial"
    Warning in grid.Call(C_stringMetric, as.graphicsAnnot(x$label)) :
     no font could be found for family "Arial"
    Warning in grid.Call(C_stringMetric, as.graphicsAnnot(x$label)) :
     no font could be found for family "Arial"
    Warning in grid.Call(C_stringMetric, as.graphicsAnnot(x$label)) :
     no font could be found for family "Arial"
    Warning in grid.Call(C_stringMetric, as.graphicsAnnot(x$label)) :
     no font could be found for family "Arial"
    Warning in grid.Call(C_stringMetric, as.graphicsAnnot(x$label)) :
     no font could be found for family "Arial"
    Warning in grid.Call(C_stringMetric, as.graphicsAnnot(x$label)) :
     no font could be found for family "Arial"
    Warning in grid.Call(C_stringMetric, as.graphicsAnnot(x$label)) :
     no font could be found for family "Arial"
    Warning in grid.Call(C_stringMetric, as.graphicsAnnot(x$label)) :
     no font could be found for family "Arial"
    Warning in grid.Call(C_stringMetric, as.graphicsAnnot(x$label)) :
     no font could be found for family "Arial"
    Warning in grid.Call(C_stringMetric, as.graphicsAnnot(x$label)) :
     no font could be found for family "Arial"
    Warning in grid.Call(C_stringMetric, as.graphicsAnnot(x$label)) :
     no font could be found for family "Arial"
    Warning in grid.Call(C_stringMetric, as.graphicsAnnot(x$label)) :
     no font could be found for family "Arial"
    Warning in grid.Call(C_stringMetric, as.graphicsAnnot(x$label)) :
     no font could be found for family "Arial"
    Warning in grid.Call(C_stringMetric, as.graphicsAnnot(x$label)) :
     no font could be found for family "Arial"
    Warning in grid.Call(C_stringMetric, as.graphicsAnnot(x$label)) :
     no font could be found for family "Arial"
    Warning in grid.Call(C_stringMetric, as.graphicsAnnot(x$label)) :
     no font could be found for family "Arial"
    Warning in grid.Call(C_stringMetric, as.graphicsAnnot(x$label)) :
     no font could be found for family "Arial"
    Warning in grid.Call(C_stringMetric, as.graphicsAnnot(x$label)) :
     no font could be found for family "Arial"
    Warning in grid.Call(C_stringMetric, as.graphicsAnnot(x$label)) :
     no font could be found for family "Arial"
    Warning in grid.Call(C_stringMetric, as.graphicsAnnot(x$label)) :
     no font could be found for family "Arial"
    Warning in grid.Call(C_stringMetric, as.graphicsAnnot(x$label)) :
     no font could be found for family "Arial"
    Warning in grid.Call(C_stringMetric, as.graphicsAnnot(x$label)) :
     no font could be found for family "Arial"
    Warning in grid.Call(C_stringMetric, as.graphicsAnnot(x$label)) :
     no font could be found for family "Arial"
    Warning in grid.Call(C_stringMetric, as.graphicsAnnot(x$label)) :
     no font could be found for family "Arial"
    Warning in grid.Call(C_stringMetric, as.graphicsAnnot(x$label)) :
     no font could be found for family "Arial"
    Warning in grid.Call(C_stringMetric, as.graphicsAnnot(x$label)) :
     no font could be found for family "Arial"
    Warning in grid.Call(C_stringMetric, as.graphicsAnnot(x$label)) :
     no font could be found for family "Arial"
    Warning in grid.Call(C_textBounds, as.graphicsAnnot(x$label), x$x, x$y, :
     no font could be found for family "Arial"
    Quitting from lines 92-108 (introduction.Rmd)
    Error: processing vignette 'introduction.Rmd' failed with diagnostics:
    polygon edge not found
    --- failed re-building ‘introduction.Rmd’
    
    SUMMARY: processing the following files failed:
     ‘adjustinconsistency.Rmd’ ‘introduction.Rmd’
    
    Error: Vignette re-building failed.
    Execution halted
Flavor: r-release-macos-arm64