CRAN Package Check Results for Package geodiv

Last updated on 2021-02-26 00:48:17 CET.

Flavor Version Tinstall Tcheck Ttotal Status Flags
r-devel-linux-x86_64-debian-clang 0.2.0 41.14 175.00 216.14 OK
r-devel-linux-x86_64-debian-gcc 0.2.0 28.92 130.94 159.86 OK
r-devel-linux-x86_64-fedora-clang 0.2.0 292.38 NOTE
r-devel-linux-x86_64-fedora-gcc 0.2.0 271.76 NOTE
r-devel-windows-ix86+x86_64 0.2.0 68.00 235.00 303.00 OK
r-patched-linux-x86_64 0.2.0 34.34 163.71 198.05 OK
r-patched-solaris-x86 0.2.0 349.30 NOTE
r-release-linux-x86_64 0.2.0 34.33 166.20 200.53 OK
r-release-macos-x86_64 0.2.0 NOTE
r-release-windows-ix86+x86_64 0.2.0 91.00 355.00 446.00 OK
r-oldrel-macos-x86_64 0.2.0 NOTE
r-oldrel-windows-ix86+x86_64 0.2.0 56.00 298.00 354.00 OK

Check Details

Version: 0.2.0
Check: dependencies in R code
Result: NOTE
    Namespaces in Imports field not imported from:
     ‘phonTools’ ‘rgdal’ ‘rgeos’
     All declared Imports should be used.
Flavors: r-devel-linux-x86_64-fedora-clang, r-devel-linux-x86_64-fedora-gcc, r-patched-solaris-x86, r-release-macos-x86_64, r-oldrel-macos-x86_64