CRAN Package Check Results for Package geofacet

Last updated on 2020-09-25 01:48:44 CEST.

Flavor Version Tinstall Tcheck Ttotal Status Flags
r-devel-linux-x86_64-debian-clang 0.2.0 7.93 254.83 262.76 OK
r-devel-linux-x86_64-debian-gcc 0.2.0 6.80 187.47 194.27 OK
r-devel-linux-x86_64-fedora-clang 0.2.0 297.68 NOTE
r-devel-linux-x86_64-fedora-gcc 0.2.0 305.34 NOTE
r-devel-windows-ix86+x86_64 0.2.0 21.00 283.00 304.00 OK
r-patched-linux-x86_64 0.2.0 9.15 237.99 247.14 OK
r-patched-solaris-x86 0.2.0 378.50 NOTE
r-release-linux-x86_64 0.2.0 7.79 236.37 244.16 OK
r-release-macos-x86_64 0.2.0 NOTE
r-release-windows-ix86+x86_64 0.2.0 21.00 292.00 313.00 OK
r-oldrel-macos-x86_64 0.2.0 NOTE
r-oldrel-windows-ix86+x86_64 0.2.0 13.00 249.00 262.00 OK

Check Details

Version: 0.2.0
Check: dependencies in R code
Result: NOTE
    Namespace in Imports field not imported from: ‘sf’
     All declared Imports should be used.
Flavors: r-devel-linux-x86_64-fedora-clang, r-devel-linux-x86_64-fedora-gcc, r-patched-solaris-x86, r-release-macos-x86_64, r-oldrel-macos-x86_64

Version: 0.2.0
Check: data for non-ASCII characters
Result: NOTE
     Note: found 646 marked UTF-8 strings
Flavors: r-devel-linux-x86_64-fedora-clang, r-devel-linux-x86_64-fedora-gcc, r-patched-solaris-x86, r-release-macos-x86_64, r-oldrel-macos-x86_64