CRAN Package Check Results for Package geogenr

Last updated on 2021-03-03 01:48:45 CET.

Flavor Version Tinstall Tcheck Ttotal Status Flags
r-devel-linux-x86_64-debian-clang 1.0.0 OK
r-devel-linux-x86_64-debian-gcc 1.0.0 17.38 68.80 86.18 OK
r-devel-linux-x86_64-fedora-clang 1.0.0 145.36 NOTE
r-devel-linux-x86_64-fedora-gcc 1.0.0 131.51 NOTE
r-devel-windows-ix86+x86_64 1.0.0 43.00 120.00 163.00 OK
r-patched-linux-x86_64 1.0.0 18.55 83.52 102.07 OK
r-patched-solaris-x86 1.0.0 255.70 NOTE
r-release-linux-x86_64 1.0.0 18.00 85.87 103.87 OK
r-release-macos-x86_64 1.0.0 NOTE
r-release-windows-ix86+x86_64 1.0.0 33.00 92.00 125.00 OK
r-oldrel-macos-x86_64 1.0.0 ERROR
r-oldrel-windows-ix86+x86_64 1.0.0 43.00 123.00 166.00 ERROR

Check Details

Version: 1.0.0
Check: dependencies in R code
Result: NOTE
    Namespaces in Imports field not imported from:
     ‘generics’ ‘pander’ ‘purrr’ ‘readr’ ‘rlang’
     All declared Imports should be used.
Flavors: r-devel-linux-x86_64-fedora-clang, r-devel-linux-x86_64-fedora-gcc, r-patched-solaris-x86, r-release-macos-x86_64, r-oldrel-macos-x86_64

Version: 1.0.0
Check: tests
Result: ERROR
     Running ‘testthat.R’ [8s/8s]
    Running the tests in ‘tests/testthat.R’ failed.
    Last 13 lines of output:
     'current' is not a factor
     ── Failure (test-get_legal_and_administrative_areas.R:8:3): get_legal_and_administrative_areas works ──
     `laa` not equal to c(...).
     'current' is not a factor
     ── Failure (test-get_statistical_areas.R:8:3): get_statistical_areas works ─────
     `sa` not equal to c(...).
     'current' is not a factor
     ── Failure (test-uscb_acs_5ye.R:7:3): uscb_acs_5ye works ───────────────────────
     `ua` not equal to structure(...).
     Component "variables": Component "name": 'current' is not a factor
     Component "variables": Component "url": 'current' is not a factor
    
     [ FAIL 4 | WARN 1 | SKIP 0 | PASS 26 ]
     Error: Test failures
     Execution halted
Flavor: r-oldrel-macos-x86_64

Version: 1.0.0
Check: tests
Result: ERROR
     Running 'testthat.R' [10s]
    Running the tests in 'tests/testthat.R' failed.
    Complete output:
     > library(testthat)
     > library(geogenr)
     >
     > test_check("geogenr")
     == Failed tests ================================================================
     -- Failure (test-get_common_flat_table.R:34:3): uscb_folder works --------------
     unique(layer_common$name) not equal to c(...).
     'current' is not a factor
     -- Failure (test-get_legal_and_administrative_areas.R:8:3): get_legal_and_administrative_areas works --
     `laa` not equal to c(...).
     'current' is not a factor
     -- Failure (test-get_statistical_areas.R:8:3): get_statistical_areas works -----
     `sa` not equal to c(...).
     'current' is not a factor
     -- Failure (test-uscb_acs_5ye.R:7:3): uscb_acs_5ye works -----------------------
     `ua` not equal to structure(...).
     Component "variables": Component "name": 'current' is not a factor
     Component "variables": Component "url": 'current' is not a factor
    
     [ FAIL 4 | WARN 1 | SKIP 0 | PASS 26 ]
     Error: Test failures
     Execution halted
Flavor: r-oldrel-windows-ix86+x86_64