CRAN Package Check Results for Package geometa

Last updated on 2021-05-09 01:46:53 CEST.

Flavor Version Tinstall Tcheck Ttotal Status Flags
r-devel-linux-x86_64-debian-clang 0.6-3 215.71 243.94 459.65 OK
r-devel-linux-x86_64-debian-gcc 0.6-3 180.40 182.82 363.22 OK
r-devel-linux-x86_64-fedora-clang 0.6-3 656.24 NOTE
r-devel-linux-x86_64-fedora-gcc 0.6-3 709.08 OK
r-devel-windows-ix86+x86_64 0.6-3 316.00 643.00 959.00 NOTE
r-devel-windows-x86_64-gcc10-UCRT 0.6-3 OK
r-patched-linux-x86_64 0.6-3 217.64 235.29 452.93 OK
r-patched-solaris-x86 0.6-3 700.90 NOTE
r-release-linux-x86_64 0.6-3 210.08 231.72 441.80 OK
r-release-macos-x86_64 0.6-3 NOTE
r-release-windows-ix86+x86_64 0.6-3 320.00 569.00 889.00 NOTE
r-oldrel-macos-x86_64 0.6-3 NOTE
r-oldrel-windows-ix86+x86_64 0.6-3 383.00 637.00 1020.00 NOTE

Check Details

Version: 0.6-3
Check: installed package size
Result: NOTE
     installed size is 11.7Mb
     sub-directories of 1Mb or more:
     R 9.0Mb
     extdata 1.7Mb
Flavors: r-devel-linux-x86_64-fedora-clang, r-devel-windows-ix86+x86_64, r-patched-solaris-x86, r-release-macos-x86_64, r-release-windows-ix86+x86_64, r-oldrel-macos-x86_64, r-oldrel-windows-ix86+x86_64