CRAN Package Check Results for Package geometry

Last updated on 2020-02-23 00:48:46 CET.

Flavor Version Tinstall Tcheck Ttotal Status Flags
r-devel-linux-x86_64-debian-clang 0.4.5 37.56 52.73 90.29 OK
r-devel-linux-x86_64-debian-gcc 0.4.5 24.68 40.69 65.37 OK
r-devel-linux-x86_64-fedora-clang 0.4.5 116.94 OK
r-devel-linux-x86_64-fedora-gcc 0.4.5 107.95 OK
r-devel-windows-ix86+x86_64 0.4.5 85.00 118.00 203.00 OK
r-devel-windows-ix86+x86_64-gcc8 0.4.5 119.00 167.00 286.00 OK
r-patched-linux-x86_64 0.4.5 OK
r-patched-solaris-x86 0.4.5 132.30 OK
r-release-linux-x86_64 0.4.5 28.56 48.07 76.63 OK
r-release-windows-ix86+x86_64 0.4.5 92.00 123.00 215.00 OK
r-release-osx-x86_64 0.4.5 NOTE
r-oldrel-windows-ix86+x86_64 0.4.5 104.00 113.00 217.00 OK
r-oldrel-osx-x86_64 0.4.5 NOTE

Check Details

Version: 0.4.5
Check: dependencies in R code
Result: NOTE
    No protocol specified
Flavors: r-release-osx-x86_64, r-oldrel-osx-x86_64