CRAN Package Check Results for Package geonetwork

Last updated on 2021-05-15 01:49:43 CEST.

Flavor Version Tinstall Tcheck Ttotal Status Flags
r-devel-linux-x86_64-debian-clang 0.3 5.65 69.65 75.30 OK
r-devel-linux-x86_64-debian-gcc 0.3 4.13 52.30 56.43 OK
r-devel-linux-x86_64-fedora-clang 0.3 97.99 NOTE
r-devel-linux-x86_64-fedora-gcc 0.3 84.96 NOTE
r-devel-windows-ix86+x86_64 0.3 17.00 61.00 78.00 OK
r-devel-windows-x86_64-gcc10-UCRT 0.3 NOTE
r-patched-linux-x86_64 0.3 7.20 65.55 72.75 OK
r-patched-solaris-x86 0.3 132.10 NOTE
r-release-linux-x86_64 0.3 5.42 65.44 70.86 OK
r-release-macos-x86_64 0.3 NOTE
r-release-windows-ix86+x86_64 0.3 12.00 88.00 100.00 OK
r-oldrel-macos-x86_64 0.3 NOTE
r-oldrel-windows-ix86+x86_64 0.3 9.00 86.00 95.00 OK

Check Details

Version: 0.3
Check: dependencies in R code
Result: NOTE
    Namespace in Imports field not imported from: ‘methods’
     All declared Imports should be used.
Flavors: r-devel-linux-x86_64-fedora-clang, r-devel-linux-x86_64-fedora-gcc, r-devel-windows-x86_64-gcc10-UCRT, r-patched-solaris-x86, r-release-macos-x86_64, r-oldrel-macos-x86_64