CRAN Package Check Results for Package geonetwork

Last updated on 2021-02-27 00:52:03 CET.

Flavor Version Tinstall Tcheck Ttotal Status Flags
r-devel-linux-x86_64-debian-clang 0.3 5.76 69.10 74.86 OK
r-devel-linux-x86_64-debian-gcc 0.3 3.79 50.92 54.71 OK
r-devel-linux-x86_64-fedora-clang 0.3 96.04 NOTE
r-devel-linux-x86_64-fedora-gcc 0.3 85.68 NOTE
r-devel-windows-ix86+x86_64 0.3 11.00 58.00 69.00 OK
r-patched-linux-x86_64 0.3 5.31 63.90 69.21 OK
r-patched-solaris-x86 0.3 136.80 NOTE
r-release-linux-x86_64 0.3 5.29 63.16 68.45 OK
r-release-macos-x86_64 0.3 NOTE
r-release-windows-ix86+x86_64 0.3 18.00 80.00 98.00 OK
r-oldrel-macos-x86_64 0.3 NOTE
r-oldrel-windows-ix86+x86_64 0.3 10.00 79.00 89.00 OK

Check Details

Version: 0.3
Check: dependencies in R code
Result: NOTE
    Namespace in Imports field not imported from: ‘methods’
     All declared Imports should be used.
Flavors: r-devel-linux-x86_64-fedora-clang, r-devel-linux-x86_64-fedora-gcc, r-patched-solaris-x86, r-release-macos-x86_64, r-oldrel-macos-x86_64