CRAN Package Check Results for Package geonetwork

Last updated on 2020-05-28 01:53:17 CEST.

Flavor Version Tinstall Tcheck Ttotal Status Flags
r-devel-linux-x86_64-debian-clang 0.3 4.90 49.02 53.92 OK
r-devel-linux-x86_64-debian-gcc 0.3 4.34 38.86 43.20 OK
r-devel-linux-x86_64-fedora-clang 0.3 65.81 NOTE
r-devel-linux-x86_64-fedora-gcc 0.3 65.45 NOTE
r-devel-windows-ix86+x86_64 0.3 19.00 80.00 99.00 OK
r-patched-linux-x86_64 0.3 4.86 48.13 52.99 OK
r-patched-solaris-x86 0.3 107.70 NOTE
r-release-linux-x86_64 0.3 4.87 48.13 53.00 OK
r-release-osx-x86_64 0.3 NOTE
r-release-windows-ix86+x86_64 0.3 12.00 91.00 103.00 OK
r-oldrel-osx-x86_64 0.3 NOTE
r-oldrel-windows-ix86+x86_64 0.3 10.00 60.00 70.00 OK

Check Details

Version: 0.3
Check: dependencies in R code
Result: NOTE
    Namespace in Imports field not imported from: ‘methods’
     All declared Imports should be used.
Flavors: r-devel-linux-x86_64-fedora-clang, r-devel-linux-x86_64-fedora-gcc, r-patched-solaris-x86, r-release-osx-x86_64, r-oldrel-osx-x86_64