CRAN Package Check Results for Package geonetwork

Last updated on 2019-10-19 01:50:13 CEST.

Flavor Version Tinstall Tcheck Ttotal Status Flags
r-devel-linux-x86_64-debian-clang 0.3 5.22 43.61 48.83 OK
r-devel-linux-x86_64-debian-gcc 0.3 3.94 34.08 38.02 OK
r-devel-linux-x86_64-fedora-clang 0.3 61.25 NOTE
r-devel-linux-x86_64-fedora-gcc 0.3 61.00 NOTE
r-devel-windows-ix86+x86_64 0.3 18.00 54.00 72.00 OK
r-patched-linux-x86_64 0.3 4.46 41.71 46.17 OK
r-patched-solaris-x86 0.3 107.20 NOTE
r-release-linux-x86_64 0.3 5.03 42.67 47.70 OK
r-release-windows-ix86+x86_64 0.3 9.00 72.00 81.00 OK
r-release-osx-x86_64 0.3 NOTE
r-oldrel-windows-ix86+x86_64 0.3 5.00 51.00 56.00 OK
r-oldrel-osx-x86_64 0.3 NOTE

Check Details

Version: 0.3
Check: dependencies in R code
Result: NOTE
    Namespace in Imports field not imported from: ‘methods’
     All declared Imports should be used.
Flavors: r-devel-linux-x86_64-fedora-clang, r-devel-linux-x86_64-fedora-gcc, r-patched-solaris-x86, r-release-osx-x86_64, r-oldrel-osx-x86_64