CRAN Package Check Results for Package geouy

Last updated on 2021-04-13 01:47:39 CEST.

Flavor Version Tinstall Tcheck Ttotal Status Flags
r-devel-linux-x86_64-debian-clang 0.2.3 5.59 51.71 57.30 OK
r-devel-linux-x86_64-debian-gcc 0.2.3 4.72 38.69 43.41 OK
r-devel-linux-x86_64-fedora-clang 0.2.3 79.16 NOTE
r-devel-linux-x86_64-fedora-gcc 0.2.3 65.58 NOTE
r-devel-windows-ix86+x86_64 0.2.3 22.00 68.00 90.00 OK
r-devel-windows-x86_64-gcc10-UCRT 0.2.3 NOTE
r-patched-linux-x86_64 0.2.3 6.05 47.70 53.75 OK
r-patched-solaris-x86 0.2.3 105.00 NOTE
r-release-linux-x86_64 0.2.3 5.67 47.91 53.58 OK
r-release-macos-x86_64 0.2.3 NOTE
r-release-windows-ix86+x86_64 0.2.3 15.00 71.00 86.00 OK
r-oldrel-macos-x86_64 0.2.3 NOTE
r-oldrel-windows-ix86+x86_64 0.2.3 9.00 49.00 58.00 OK

Additional issues

donttest

Check Details

Version: 0.2.3
Check: dependencies in R code
Result: NOTE
    Namespace in Imports field not imported from: ‘testthat’
     All declared Imports should be used.
Flavors: r-devel-linux-x86_64-fedora-clang, r-devel-linux-x86_64-fedora-gcc, r-devel-windows-x86_64-gcc10-UCRT, r-patched-solaris-x86, r-release-macos-x86_64, r-oldrel-macos-x86_64

Version: 0.2.3
Check: data for non-ASCII characters
Result: NOTE
     Note: found 59 marked Latin-1 strings
     Note: found 24 marked UTF-8 strings
Flavors: r-devel-linux-x86_64-fedora-clang, r-devel-linux-x86_64-fedora-gcc, r-devel-windows-x86_64-gcc10-UCRT, r-patched-solaris-x86, r-release-macos-x86_64, r-oldrel-macos-x86_64