CRAN Package Check Results for Package geouy

Last updated on 2021-01-27 00:48:30 CET.

Flavor Version Tinstall Tcheck Ttotal Status Flags
r-devel-linux-x86_64-debian-clang 0.2.3 5.10 49.88 54.98 OK
r-devel-linux-x86_64-debian-gcc 0.2.3 4.37 37.89 42.26 OK
r-devel-linux-x86_64-fedora-clang 0.2.3 75.66 NOTE
r-devel-linux-x86_64-fedora-gcc 0.2.3 66.55 NOTE
r-devel-windows-ix86+x86_64 0.2.3 16.00 74.00 90.00 OK
r-patched-linux-x86_64 0.2.3 4.98 46.60 51.58 OK
r-patched-solaris-x86 0.2.3 98.00 NOTE
r-release-linux-x86_64 0.2.3 5.31 47.39 52.70 OK
r-release-macos-x86_64 0.2.3 NOTE
r-release-windows-ix86+x86_64 0.2.3 18.00 55.00 73.00 OK
r-oldrel-macos-x86_64 0.2.3 NOTE
r-oldrel-windows-ix86+x86_64 0.2.3 10.00 65.00 75.00 OK

Check Details

Version: 0.2.3
Check: dependencies in R code
Result: NOTE
    Namespace in Imports field not imported from: ‘testthat’
     All declared Imports should be used.
Flavors: r-devel-linux-x86_64-fedora-clang, r-devel-linux-x86_64-fedora-gcc, r-patched-solaris-x86, r-release-macos-x86_64, r-oldrel-macos-x86_64

Version: 0.2.3
Check: data for non-ASCII characters
Result: NOTE
     Note: found 59 marked Latin-1 strings
     Note: found 24 marked UTF-8 strings
Flavors: r-devel-linux-x86_64-fedora-clang, r-devel-linux-x86_64-fedora-gcc, r-patched-solaris-x86, r-release-macos-x86_64, r-oldrel-macos-x86_64