CRAN Package Check Results for Package geoviz

Last updated on 2020-09-26 02:09:16 CEST.

Flavor Version Tinstall Tcheck Ttotal Status Flags
r-devel-linux-x86_64-debian-clang 0.2.2 3.31 91.24 94.55 OK
r-devel-linux-x86_64-debian-gcc 0.2.2 2.60 76.02 78.62 OK
r-devel-linux-x86_64-fedora-clang 0.2.2 126.26 NOTE
r-devel-linux-x86_64-fedora-gcc 0.2.2 114.09 OK
r-devel-windows-ix86+x86_64 0.2.2 8.00 136.00 144.00 OK
r-patched-linux-x86_64 0.2.2 3.43 90.00 93.43 OK
r-patched-solaris-x86 0.2.2 197.20 OK
r-release-linux-x86_64 0.2.2 3.71 90.88 94.59 OK
r-release-macos-x86_64 0.2.2 OK
r-release-windows-ix86+x86_64 0.2.2 20.00 134.00 154.00 OK
r-oldrel-macos-x86_64 0.2.2 NOTE
r-oldrel-windows-ix86+x86_64 0.2.2 6.00 132.00 138.00 OK

Check Details

Version: 0.2.2
Check: package dependencies
Result: NOTE
    Imports includes 22 non-default packages.
    Importing from so many packages makes the package vulnerable to any of
    them becoming unavailable. Move as many as possible to Suggests and
    use conditionally.
Flavor: r-devel-linux-x86_64-fedora-clang

Version: 0.2.2
Check: dependencies in R code
Result: NOTE
    No protocol specified
Flavor: r-oldrel-macos-x86_64