CRAN Package Check Results for Package geoviz

Last updated on 2020-01-27 00:48:04 CET.

Flavor Version Tinstall Tcheck Ttotal Status Flags
r-devel-linux-x86_64-debian-clang 0.2.2 3.02 90.47 93.49 OK
r-devel-linux-x86_64-debian-gcc 0.2.2 2.82 71.77 74.59 OK
r-devel-linux-x86_64-fedora-clang 0.2.2 115.38 NOTE
r-devel-linux-x86_64-fedora-gcc 0.2.2 111.24 OK
r-devel-windows-ix86+x86_64 0.2.2 20.00 138.00 158.00 OK
r-devel-windows-ix86+x86_64-gcc8 0.2.2 12.00 144.00 156.00 OK
r-patched-linux-x86_64 0.2.2 2.85 84.70 87.55 OK
r-patched-solaris-x86 0.2.2 184.60 OK
r-release-linux-x86_64 0.2.2 2.31 83.10 85.41 OK
r-release-windows-ix86+x86_64 0.2.2 6.00 107.00 113.00 OK
r-release-osx-x86_64 0.2.2 NOTE
r-oldrel-windows-ix86+x86_64 0.2.2 4.00 97.00 101.00 OK
r-oldrel-osx-x86_64 0.2.2 NOTE

Check Details

Version: 0.2.2
Check: package dependencies
Result: NOTE
    Imports includes 22 non-default packages.
    Importing from so many packages makes the package vulnerable to any of
    them becoming unavailable. Move as many as possible to Suggests and
    use conditionally.
Flavor: r-devel-linux-x86_64-fedora-clang

Version: 0.2.2
Check: dependencies in R code
Result: NOTE
    No protocol specified
Flavors: r-release-osx-x86_64, r-oldrel-osx-x86_64