CRAN Package Check Results for Package geozoning

Last updated on 2020-08-06 02:09:23 CEST.

Flavor Version Tinstall Tcheck Ttotal Status Flags
r-devel-linux-x86_64-debian-clang 1.0.0 19.78 646.26 666.04 OK
r-devel-linux-x86_64-debian-gcc 1.0.0 16.38 481.68 498.06 OK
r-devel-linux-x86_64-fedora-clang 1.0.0 743.61 NOTE
r-devel-linux-x86_64-fedora-gcc 1.0.0 750.86 NOTE
r-devel-windows-ix86+x86_64 1.0.0 66.00 671.00 737.00 OK
r-patched-linux-x86_64 1.0.0 19.72 631.14 650.86 OK
r-patched-solaris-x86 1.0.0 921.80 NOTE
r-release-linux-x86_64 1.0.0 19.87 639.85 659.72 OK
r-release-macos-x86_64 1.0.0 NOTE
r-release-windows-ix86+x86_64 1.0.0 65.00 856.00 921.00 OK
r-oldrel-macos-x86_64 1.0.0 NOTE
r-oldrel-windows-ix86+x86_64 1.0.0 40.00 573.00 613.00 OK

Check Details

Version: 1.0.0
Check: dependencies in R code
Result: NOTE
    Namespaces in Imports field not imported from:
     ‘ggplot2’ ‘utils’
     All declared Imports should be used.
Flavors: r-devel-linux-x86_64-fedora-clang, r-devel-linux-x86_64-fedora-gcc, r-patched-solaris-x86, r-release-macos-x86_64, r-oldrel-macos-x86_64