CRAN Package Check Results for Package germinationmetrics

Last updated on 2021-09-21 01:50:08 CEST.

Flavor Version Tinstall Tcheck Ttotal Status Flags
r-devel-linux-x86_64-debian-clang 0.1.5 8.82 122.52 131.34 OK
r-devel-linux-x86_64-debian-gcc 0.1.5 7.65 90.17 97.82 OK
r-devel-linux-x86_64-fedora-clang 0.1.5 160.66 OK
r-devel-linux-x86_64-fedora-gcc 0.1.5 149.27 OK
r-devel-windows-x86_64 0.1.5 10.00 130.00 140.00 OK
r-devel-windows-x86_64-gcc10-UCRT 0.1.5 ERROR
r-patched-linux-x86_64 0.1.5 8.37 114.45 122.82 OK
r-patched-solaris-x86 0.1.5 137.20 OK
r-release-linux-x86_64 0.1.5 8.73 114.11 122.84 OK
r-release-macos-arm64 0.1.5 OK
r-release-macos-x86_64 0.1.5 OK
r-release-windows-ix86+x86_64 0.1.5 19.00 121.00 140.00 OK
r-oldrel-macos-x86_64 0.1.5 OK
r-oldrel-windows-ix86+x86_64 0.1.5 20.00 138.00 158.00 OK

Check Details

Version: 0.1.5
Check: package dependencies
Result: NOTE
    Package suggested but not available for checking: 'XML'
Flavor: r-devel-windows-x86_64-gcc10-UCRT

Version: 0.1.5
Check: whether package can be installed
Result: WARN
    Found the following significant warnings:
     WARNING: installation-time patches will not be applied, could not get the patches index
Flavor: r-devel-windows-x86_64-gcc10-UCRT

Version: 0.1.5
Check: re-building of vignette outputs
Result: WARN
    Error(s) in re-building vignettes:
    --- re-building 'Introduction.Rmd' using rmarkdown_notangle
    Quitting from lines 128-153 (Introduction.Rmd)
    Error: processing vignette 'Introduction.Rmd' failed with diagnostics:
    object 'VerHistory' not found
    --- failed re-building 'Introduction.Rmd'
    
    SUMMARY: processing the following file failed:
     'Introduction.Rmd'
    
    Error: Vignette re-building failed.
    Execution halted
Flavor: r-devel-windows-x86_64-gcc10-UCRT

Version: 0.1.5
Check: PDF version of manual
Result: WARN
    LaTeX errors when creating PDF version.
    This typically indicates Rd problems.
Flavor: r-devel-windows-x86_64-gcc10-UCRT

Version: 0.1.5
Check: PDF version of manual without hyperrefs or index
Result: ERROR
    Re-running with no redirection of stdout/stderr.
Flavor: r-devel-windows-x86_64-gcc10-UCRT