Last updated on 2023-11-28 07:53:03 CET.
Flavor | Version | Tinstall | Tcheck | Ttotal | Status | Flags |
---|---|---|---|---|---|---|
r-devel-linux-x86_64-debian-clang | 1.0.2 | 159.70 | 201.76 | 361.46 | NOTE | |
r-devel-linux-x86_64-debian-gcc | 1.0.2 | 129.87 | 158.95 | 288.82 | NOTE | |
r-devel-linux-x86_64-fedora-clang | 1.0.2 | 463.14 | NOTE | |||
r-devel-linux-x86_64-fedora-gcc | 1.0.2 | 556.48 | NOTE | |||
r-devel-windows-x86_64 | 1.0.2 | 118.00 | 175.00 | 293.00 | NOTE | |
r-patched-linux-x86_64 | 1.0.2 | 161.88 | 210.75 | 372.63 | NOTE | |
r-release-linux-x86_64 | 1.0.2 | 157.57 | 206.89 | 364.46 | NOTE | |
r-release-macos-arm64 | 1.0.2 | 136.00 | NOTE | |||
r-release-macos-x86_64 | 1.0.2 | 209.00 | NOTE | |||
r-release-windows-x86_64 | 1.0.2 | 154.00 | 199.00 | 353.00 | NOTE | |
r-oldrel-macos-arm64 | 1.0.2 | 127.00 | NOTE | |||
r-oldrel-macos-x86_64 | 1.0.2 | 189.00 | NOTE | |||
r-oldrel-windows-x86_64 | 1.0.2 | 139.00 | 196.00 | 335.00 | OK |
Version: 1.0.2
Check: C++ specification
Result: NOTE
Specified C++11: please drop specification unless essential
Flavors: r-devel-linux-x86_64-debian-clang, r-devel-linux-x86_64-debian-gcc, r-devel-linux-x86_64-fedora-clang, r-devel-linux-x86_64-fedora-gcc, r-devel-windows-x86_64, r-patched-linux-x86_64, r-release-linux-x86_64, r-release-macos-arm64, r-release-macos-x86_64, r-release-windows-x86_64
Version: 1.0.2
Check: Rd files
Result: NOTE
checkRd: (-1) gesso.cv.Rd:46: Lost braces in \itemize; \value handles \item{}{} directly
checkRd: (-1) gesso.cv.Rd:47: Lost braces in \itemize; \value handles \item{}{} directly
checkRd: (-1) gesso.cv.Rd:48: Lost braces in \itemize; \value handles \item{}{} directly
checkRd: (-1) gesso.cv.Rd:49: Lost braces in \itemize; \value handles \item{}{} directly
checkRd: (-1) gesso.cv.Rd:50: Lost braces in \itemize; \value handles \item{}{} directly
Flavors: r-devel-linux-x86_64-debian-clang, r-devel-linux-x86_64-debian-gcc
Version: 1.0.2
Check: installed package size
Result: NOTE
installed size is 34.1Mb
sub-directories of 1Mb or more:
libs 33.8Mb
Flavors: r-release-macos-arm64, r-release-macos-x86_64, r-oldrel-macos-arm64, r-oldrel-macos-x86_64