CRAN Package Check Results for Package gfboost

Last updated on 2021-07-24 01:50:03 CEST.

Flavor Version Tinstall Tcheck Ttotal Status Flags
r-devel-linux-x86_64-debian-clang 0.1.0 9.70 120.96 130.66 NOTE
r-devel-linux-x86_64-debian-gcc 0.1.0 8.02 90.08 98.10 NOTE
r-devel-linux-x86_64-fedora-clang 0.1.0 157.74 NOTE
r-devel-linux-x86_64-fedora-gcc 0.1.0 149.72 NOTE
r-devel-windows-x86_64 0.1.0 10.00 116.00 126.00 NOTE
r-devel-windows-x86_64-gcc10-UCRT 0.1.0 NOTE
r-patched-linux-x86_64 0.1.0 7.56 113.15 120.71 NOTE
r-patched-solaris-x86 0.1.0 202.10 NOTE
r-release-linux-x86_64 0.1.0 8.89 113.52 122.41 NOTE
r-release-macos-arm64 0.1.0 NOTE
r-release-macos-x86_64 0.1.0 NOTE
r-release-windows-ix86+x86_64 0.1.0 20.00 107.00 127.00 NOTE
r-oldrel-macos-x86_64 0.1.0 OK
r-oldrel-windows-ix86+x86_64 0.1.0 20.00 147.00 167.00 OK

Check Details

Version: 0.1.0
Check: LazyData
Result: NOTE
     'LazyData' is specified without a 'data' directory
Flavors: r-devel-linux-x86_64-debian-clang, r-devel-linux-x86_64-debian-gcc, r-devel-linux-x86_64-fedora-clang, r-devel-linux-x86_64-fedora-gcc, r-devel-windows-x86_64, r-devel-windows-x86_64-gcc10-UCRT, r-patched-linux-x86_64, r-patched-solaris-x86, r-release-linux-x86_64, r-release-macos-arm64, r-release-macos-x86_64, r-release-windows-ix86+x86_64