Last updated on 2023-06-05 07:52:53 CEST.
Flavor | Version | Tinstall | Tcheck | Ttotal | Status | Flags |
---|---|---|---|---|---|---|
r-devel-linux-x86_64-debian-clang | 1.0.2 | 43.28 | 106.03 | 149.31 | NOTE | |
r-devel-linux-x86_64-debian-gcc | 1.0.2 | 38.19 | 82.62 | 120.81 | NOTE | |
r-devel-linux-x86_64-fedora-clang | 1.0.2 | 205.96 | NOTE | |||
r-devel-linux-x86_64-fedora-gcc | 1.0.2 | 211.01 | NOTE | |||
r-devel-windows-x86_64 | 1.0.2 | 41.00 | 113.00 | 154.00 | NOTE | |
r-patched-linux-x86_64 | 1.0.2 | 45.70 | 103.62 | 149.32 | NOTE | |
r-release-linux-x86_64 | 1.0.2 | 30.93 | 104.04 | 134.97 | NOTE | |
r-release-macos-arm64 | 1.0.2 | 61.00 | NOTE | |||
r-release-macos-x86_64 | 1.0.2 | 107.00 | NOTE | |||
r-release-windows-x86_64 | 1.0.2 | 53.00 | 140.00 | 193.00 | NOTE | |
r-oldrel-macos-arm64 | 1.0.2 | 53.00 | OK | |||
r-oldrel-macos-x86_64 | 1.0.2 | 90.00 | OK | |||
r-oldrel-windows-x86_64 | 1.0.2 | 49.00 | 136.00 | 185.00 | OK |
Version: 1.0.2
Check: C++ specification
Result: NOTE
Specified C++11: please drop specification unless essential
Flavors: r-devel-linux-x86_64-debian-clang, r-devel-linux-x86_64-debian-gcc, r-devel-linux-x86_64-fedora-clang, r-devel-linux-x86_64-fedora-gcc, r-devel-windows-x86_64, r-patched-linux-x86_64, r-release-linux-x86_64, r-release-macos-arm64, r-release-macos-x86_64, r-release-windows-x86_64