CRAN Package Check Results for Package ggExtra

Last updated on 2020-11-27 00:48:51 CET.

Flavor Version Tinstall Tcheck Ttotal Status Flags
r-devel-linux-x86_64-debian-clang 0.9 7.18 51.05 58.23 OK
r-devel-linux-x86_64-debian-gcc 0.9 5.99 39.68 45.67 OK
r-devel-linux-x86_64-fedora-clang 0.9 71.46 NOTE
r-devel-linux-x86_64-fedora-gcc 0.9 62.25 NOTE
r-devel-windows-ix86+x86_64 0.9 11.00 66.00 77.00 OK
r-patched-linux-x86_64 0.9 8.30 49.48 57.78 OK
r-patched-solaris-x86 0.9 91.00 NOTE
r-release-linux-x86_64 0.9 6.98 48.02 55.00 OK
r-release-macos-x86_64 0.9 NOTE
r-release-windows-ix86+x86_64 0.9 13.00 72.00 85.00 OK
r-oldrel-macos-x86_64 0.9 NOTE
r-oldrel-windows-ix86+x86_64 0.9 8.00 59.00 67.00 OK

Check Details

Version: 0.9
Check: dependencies in R code
Result: NOTE
    Namespaces in Imports field not imported from:
     ‘R6’ ‘grDevices’ ‘scales’ ‘utils’
     All declared Imports should be used.
Flavors: r-devel-linux-x86_64-fedora-clang, r-devel-linux-x86_64-fedora-gcc, r-patched-solaris-x86, r-release-macos-x86_64, r-oldrel-macos-x86_64