CRAN Package Check Results for Package ggRandomForests

Last updated on 2020-06-03 01:50:47 CEST.

Flavor Version Tinstall Tcheck Ttotal Status Flags
r-devel-linux-x86_64-debian-clang 2.0.1 13.66 100.29 113.95 OK
r-devel-linux-x86_64-debian-gcc 2.0.1 11.77 74.22 85.99 OK
r-devel-linux-x86_64-fedora-clang 2.0.1 143.07 NOTE
r-devel-linux-x86_64-fedora-gcc 2.0.1 130.17 NOTE
r-devel-windows-ix86+x86_64 2.0.1 34.00 148.00 182.00 OK
r-patched-linux-x86_64 2.0.1 13.53 94.56 108.09 OK
r-patched-solaris-x86 2.0.1 186.40 NOTE
r-release-linux-x86_64 2.0.1 12.29 95.63 107.92 OK
r-release-osx-x86_64 2.0.1 NOTE
r-release-windows-ix86+x86_64 2.0.1 26.00 108.00 134.00 OK
r-oldrel-osx-x86_64 2.0.1 NOTE
r-oldrel-windows-ix86+x86_64 2.0.1 23.00 107.00 130.00 OK

Check Details

Version: 2.0.1
Check: dependencies in R code
Result: NOTE
    Namespace in Imports field not imported from: ‘randomForest’
     All declared Imports should be used.
Flavors: r-devel-linux-x86_64-fedora-clang, r-devel-linux-x86_64-fedora-gcc, r-patched-solaris-x86, r-release-osx-x86_64, r-oldrel-osx-x86_64