CRAN Package Check Results for Package ggVennDiagram

Last updated on 2024-02-20 08:01:00 CET.

Flavor Version Tinstall Tcheck Ttotal Status Flags
r-devel-linux-x86_64-debian-clang 1.5.0 OK
r-devel-linux-x86_64-debian-gcc 1.5.0 7.11 82.56 89.67 OK
r-devel-linux-x86_64-fedora-clang 1.5.0 141.99 NOTE
r-devel-linux-x86_64-fedora-gcc 1.5.0 148.61 OK
r-devel-windows-x86_64 1.5.0 8.00 101.00 109.00 NOTE
r-patched-linux-x86_64 1.5.0 8.28 104.38 112.66 OK
r-release-linux-x86_64 1.5.0 9.53 102.34 111.87 OK
r-release-macos-arm64 1.5.0 60.00 NOTE
r-release-macos-x86_64 1.5.0 99.00 NOTE
r-release-windows-x86_64 1.5.0 12.00 123.00 135.00 NOTE
r-oldrel-macos-arm64 1.5.0 54.00 NOTE
r-oldrel-windows-x86_64 1.5.0 15.00 125.00 140.00 NOTE

Check Details

Version: 1.5.0
Check: installed package size
Result: NOTE installed size is 11.0Mb sub-directories of 1Mb or more: doc 9.5Mb help 1.1Mb Flavors: r-devel-linux-x86_64-fedora-clang, r-devel-windows-x86_64, r-release-macos-arm64, r-release-macos-x86_64, r-release-windows-x86_64, r-oldrel-macos-arm64, r-oldrel-windows-x86_64