Last updated on 2023-12-05 07:48:32 CET.
Flavor | Version | Tinstall | Tcheck | Ttotal | Status | Flags |
---|---|---|---|---|---|---|
r-devel-linux-x86_64-debian-clang | 0.4.2 | 7.49 | 51.10 | 58.59 | NOTE | |
r-devel-linux-x86_64-debian-gcc | 0.4.2 | 3.67 | 37.98 | 41.65 | NOTE | |
r-devel-linux-x86_64-fedora-clang | 0.4.2 | 70.44 | NOTE | |||
r-devel-linux-x86_64-fedora-gcc | 0.4.2 | 65.20 | NOTE | |||
r-devel-windows-x86_64 | 0.4.2 | 6.00 | 57.00 | 63.00 | NOTE | |
r-patched-linux-x86_64 | 0.4.2 | 9.59 | 47.36 | 56.95 | OK | |
r-release-linux-x86_64 | 0.4.2 | 5.26 | 47.27 | 52.53 | OK | |
r-release-macos-arm64 | 0.4.2 | 25.00 | OK | |||
r-release-macos-x86_64 | 0.4.2 | 32.00 | OK | |||
r-release-windows-x86_64 | 0.4.2 | 8.00 | 62.00 | 70.00 | OK | |
r-oldrel-macos-arm64 | 0.4.2 | 25.00 | OK | |||
r-oldrel-macos-x86_64 | 0.4.2 | 36.00 | OK | |||
r-oldrel-windows-x86_64 | 0.4.2 | 9.00 | 69.00 | 78.00 | OK |
Version: 0.4.2
Check: Rd \usage sections
Result: NOTE
Documented arguments not in \usage in Rd file 'attract_by_distance.Rd':
‘prop_start’ ‘prop_end’
Functions with \usage entries need to have the appropriate \alias
entries, and all their arguments documented.
The \usage entries must correspond to syntactically valid R code.
See chapter ‘Writing R documentation files’ in the ‘Writing R
Extensions’ manual.
Flavors: r-devel-linux-x86_64-debian-clang, r-devel-linux-x86_64-debian-gcc, r-devel-linux-x86_64-fedora-clang, r-devel-linux-x86_64-fedora-gcc, r-devel-windows-x86_64