CRAN Package Check Results for Package ggdendro

Last updated on 2024-02-26 08:48:45 CET.

Flavor Version Tinstall Tcheck Ttotal Status Flags
r-devel-linux-x86_64-debian-clang 0.1.23 6.41 72.36 78.77 NOTE
r-devel-linux-x86_64-debian-gcc 0.2.0 4.88 55.34 60.22 OK
r-devel-linux-x86_64-fedora-clang 0.2.0 100.64 OK
r-devel-linux-x86_64-fedora-gcc 0.2.0 114.98 OK
r-devel-windows-x86_64 0.1.23 7.00 74.00 81.00 NOTE
r-patched-linux-x86_64 0.1.23 6.07 68.43 74.50 OK
r-release-linux-x86_64 0.2.0 5.57 69.97 75.54 OK
r-release-macos-arm64 0.2.0 45.00 OK
r-release-macos-x86_64 0.2.0 82.00 OK
r-release-windows-x86_64 0.2.0 9.00 84.00 93.00 OK
r-oldrel-macos-arm64 0.2.0 39.00 OK
r-oldrel-windows-x86_64 0.2.0 9.00 90.00 99.00 OK

Check Details

Version: 0.1.23
Check: Rd files
Result: NOTE checkRd: (-1) dendro_data.Rd:107-108: Lost braces 107 | line segments, labels or leaf labels use: \itemize{ \item{\code{\link[=segment]{segment()}}}: {the | ^ checkRd: (-1) dendro_data.Rd:108: Lost braces; missing escapes or markup? 108 | line segment data} \item{\code{\link[=label]{label()}}}: {the text for each end segment} | ^ checkRd: (-1) dendro_data.Rd:109: Lost braces; missing escapes or markup? 109 | \item{\code{\link[=leaf_label]{leaf_label()}}}: {the leaf labels of a tree diagram} } | ^ checkRd: (-1) ggdendro-package.Rd:35: Lost braces; missing escapes or markup? 35 | \item{\code{\link[=segment]{segment()}}}: {the line segment data} | ^ checkRd: (-1) ggdendro-package.Rd:36: Lost braces; missing escapes or markup? 36 | \item{\code{\link[=label]{label()}}}: {the text for each end segment} | ^ checkRd: (-1) ggdendro-package.Rd:37: Lost braces; missing escapes or markup? 37 | \item{\code{\link[=leaf_label]{leaf_label()}}}: {the leaf labels of a tree diagram} | ^ Flavor: r-devel-linux-x86_64-debian-clang

Version: 0.1.23
Check: Rd \usage sections
Result: NOTE Documented arguments not in \usage in Rd file 'labels.rpart.Rd': ‘pretty:’ Documented arguments not in \usage in Rd file 'rpart_labels.Rd': ‘model’ ‘...’ Documented arguments not in \usage in Rd file 'rpart_segments.Rd': ‘model’ Functions with \usage entries need to have the appropriate \alias entries, and all their arguments documented. The \usage entries must correspond to syntactically valid R code. See chapter ‘Writing R documentation files’ in the ‘Writing R Extensions’ manual. Flavors: r-devel-linux-x86_64-debian-clang, r-devel-windows-x86_64