CRAN Package Check Results for Package ggdist

Last updated on 2021-11-30 00:51:29 CET.

Flavor Version Tinstall Tcheck Ttotal Status Flags
r-devel-linux-x86_64-debian-clang 3.0.0 14.14 262.74 276.88 OK
r-devel-linux-x86_64-debian-gcc 3.0.0 10.72 187.82 198.54 OK
r-devel-linux-x86_64-fedora-clang 3.0.0 327.73 OK
r-devel-linux-x86_64-fedora-gcc 3.0.0 315.16 OK
r-devel-windows-x86_64-new-UL 3.0.0 37.00 330.00 367.00 OK
r-devel-windows-x86_64-new-TK 3.0.0 OK
r-devel-windows-x86_64-old 3.0.0 22.00 235.00 257.00 OK
r-patched-linux-x86_64 3.0.0 19.49 234.27 253.76 OK
r-patched-solaris-x86 3.0.0 211.40 OK
r-release-linux-x86_64 3.0.0 14.53 237.30 251.83 OK
r-release-macos-arm64 3.0.0 OK
r-release-macos-x86_64 3.0.0 OK
r-release-windows-ix86+x86_64 3.0.0 27.00 213.00 240.00 OK
r-oldrel-macos-x86_64 3.0.0 NOTE
r-oldrel-windows-ix86+x86_64 3.0.0 20.00 223.00 243.00 NOTE

Check Details

Version: 3.0.0
Check: R code for possible problems
Result: NOTE
    make_gradient_fill: no visible binding for global variable
     ‘linearGradient’
    Undefined global functions or variables:
     linearGradient
Flavors: r-oldrel-macos-x86_64, r-oldrel-windows-ix86+x86_64