Last updated on 2022-06-25 01:49:00 CEST.
Flavor | Version | Tinstall | Tcheck | Ttotal | Status | Flags |
---|---|---|---|---|---|---|
r-devel-linux-x86_64-debian-clang | 1.0.1 | 3.29 | 181.96 | 185.25 | OK | |
r-devel-linux-x86_64-debian-gcc | 1.0.1 | 2.72 | 138.59 | 141.31 | OK | |
r-devel-linux-x86_64-fedora-clang | 1.0.1 | 231.47 | NOTE | |||
r-devel-linux-x86_64-fedora-gcc | 1.0.1 | 234.75 | NOTE | |||
r-devel-windows-x86_64 | 1.0.1 | 27.00 | 238.00 | 265.00 | OK | |
r-patched-linux-x86_64 | 1.0.1 | 3.72 | 178.52 | 182.24 | OK | |
r-release-linux-x86_64 | 1.0.1 | 4.71 | 178.02 | 182.73 | OK | |
r-release-macos-arm64 | 1.0.1 | 99.00 | NOTE | |||
r-release-macos-x86_64 | 1.0.1 | 158.00 | NOTE | |||
r-release-windows-x86_64 | 1.0.1 | 32.00 | 235.00 | 267.00 | OK | |
r-oldrel-macos-arm64 | 1.0.1 | 123.00 | NOTE | |||
r-oldrel-macos-x86_64 | 1.0.1 | 168.00 | NOTE | |||
r-oldrel-windows-ix86+x86_64 | 1.0.1 | 10.00 | 229.00 | 239.00 | OK |
Version: 1.0.1
Check: dependencies in R code
Result: NOTE
Namespace in Imports field not imported from: ‘tibble’
All declared Imports should be used.
Flavors: r-devel-linux-x86_64-fedora-clang, r-devel-linux-x86_64-fedora-gcc, r-release-macos-arm64, r-release-macos-x86_64, r-oldrel-macos-arm64, r-oldrel-macos-x86_64
Version: 1.0.1
Check: data for non-ASCII characters
Result: NOTE
Note: found 2356 marked UTF-8 strings
Flavors: r-devel-linux-x86_64-fedora-clang, r-devel-linux-x86_64-fedora-gcc, r-release-macos-arm64, r-release-macos-x86_64, r-oldrel-macos-arm64, r-oldrel-macos-x86_64