CRAN Package Check Results for Package ggfan

Last updated on 2020-01-17 00:49:26 CET.

Flavor Version Tinstall Tcheck Ttotal Status Flags
r-devel-linux-x86_64-debian-clang 0.1.3 8.32 101.17 109.49 OK
r-devel-linux-x86_64-debian-gcc 0.1.3 6.93 75.80 82.73 OK
r-devel-linux-x86_64-fedora-clang 0.1.3 127.14 NOTE
r-devel-linux-x86_64-fedora-gcc 0.1.3 123.72 NOTE
r-devel-windows-ix86+x86_64 0.1.3 27.00 132.00 159.00 OK
r-devel-windows-ix86+x86_64-gcc8 0.1.3 19.00 153.00 172.00 OK
r-patched-linux-x86_64 0.1.3 7.48 89.34 96.82 OK
r-patched-solaris-x86 0.1.3 168.20 NOTE
r-release-linux-x86_64 0.1.3 6.31 89.85 96.16 OK
r-release-windows-ix86+x86_64 0.1.3 25.00 146.00 171.00 OK
r-release-osx-x86_64 0.1.3 NOTE
r-oldrel-windows-ix86+x86_64 0.1.3 15.00 102.00 117.00 OK
r-oldrel-osx-x86_64 0.1.3 NOTE

Check Details

Version: 0.1.3
Check: dependencies in R code
Result: NOTE
    Namespaces in Imports field not imported from:
     ‘colorspace’ ‘grid’ ‘rstan’
     All declared Imports should be used.
Flavors: r-devel-linux-x86_64-fedora-clang, r-devel-linux-x86_64-fedora-gcc, r-patched-solaris-x86, r-release-osx-x86_64, r-oldrel-osx-x86_64