CRAN Package Check Results for Package ggforce

Last updated on 2020-11-25 00:47:29 CET.

Flavor Version Tinstall Tcheck Ttotal Status Flags
r-devel-linux-x86_64-debian-clang 0.3.2 106.88 138.44 245.32 OK
r-devel-linux-x86_64-debian-gcc 0.3.2 142.60 107.79 250.39 OK
r-devel-linux-x86_64-fedora-clang 0.3.2 328.13 NOTE
r-devel-linux-x86_64-fedora-gcc 0.3.2 305.52 NOTE
r-devel-windows-ix86+x86_64 0.3.2 219.00 301.00 520.00 OK
r-patched-linux-x86_64 0.3.2 160.63 134.27 294.90 OK
r-patched-solaris-x86 0.3.2 312.70 NOTE
r-release-linux-x86_64 0.3.2 160.12 133.88 294.00 OK
r-release-macos-x86_64 0.3.2 NOTE
r-release-windows-ix86+x86_64 0.3.2 223.00 294.00 517.00 OK
r-oldrel-macos-x86_64 0.3.2 NOTE
r-oldrel-windows-ix86+x86_64 0.3.2 146.00 258.00 404.00 OK

Check Details

Version: 0.3.2
Check: installed package size
Result: NOTE
     installed size is 20.4Mb
     sub-directories of 1Mb or more:
     help 1.1Mb
     libs 18.4Mb
Flavors: r-devel-linux-x86_64-fedora-clang, r-release-macos-x86_64, r-oldrel-macos-x86_64

Version: 0.3.2
Check: dependencies in R code
Result: NOTE
    Namespace in Imports field not imported from: ‘withr’
     All declared Imports should be used.
Flavors: r-devel-linux-x86_64-fedora-clang, r-devel-linux-x86_64-fedora-gcc, r-patched-solaris-x86, r-release-macos-x86_64, r-oldrel-macos-x86_64