Last updated on 2021-01-21 00:47:05 CET.
Flavor | Version | Tinstall | Tcheck | Ttotal | Status | Flags |
---|---|---|---|---|---|---|
r-devel-linux-x86_64-debian-clang | 3.0.0 | 12.90 | 84.64 | 97.54 | OK | |
r-devel-linux-x86_64-debian-gcc | 3.0.0 | 11.32 | 62.01 | 73.33 | OK | |
r-devel-linux-x86_64-fedora-clang | 3.0.0 | 120.00 | OK | |||
r-devel-linux-x86_64-fedora-gcc | 3.0.0 | 109.01 | OK | |||
r-devel-windows-ix86+x86_64 | 3.0.0 | 18.00 | 82.00 | 100.00 | OK | |
r-patched-linux-x86_64 | 3.0.0 | 12.54 | 77.71 | 90.25 | OK | |
r-patched-solaris-x86 | 3.0.0 | 157.80 | NOTE | |||
r-release-linux-x86_64 | 3.0.0 | 13.30 | 76.95 | 90.25 | OK | |
r-release-macos-x86_64 | 3.0.0 | OK | ||||
r-release-windows-ix86+x86_64 | 3.0.0 | 33.00 | 105.00 | 138.00 | OK | |
r-oldrel-macos-x86_64 | 3.0.0 | OK | ||||
r-oldrel-windows-ix86+x86_64 | 3.0.0 | 16.00 | 74.00 | 90.00 | OK |
Version: 3.0.0
Check: installed package size
Result: NOTE
installed size is 5.1Mb
sub-directories of 1Mb or more:
data 4.5Mb
Flavor: r-patched-solaris-x86