Last updated on 2021-02-25 00:47:40 CET.
Flavor | Version | Tinstall | Tcheck | Ttotal | Status | Flags |
---|---|---|---|---|---|---|
r-devel-linux-x86_64-debian-clang | 0.3.3 | 8.78 | 86.29 | 95.07 | OK | |
r-devel-linux-x86_64-debian-gcc | 0.3.3 | 7.46 | 64.92 | 72.38 | OK | |
r-devel-linux-x86_64-fedora-clang | 0.3.3 | 127.52 | NOTE | |||
r-devel-linux-x86_64-fedora-gcc | 0.3.3 | 113.96 | NOTE | |||
r-devel-windows-ix86+x86_64 | 0.2.0 | 14.00 | 67.00 | 81.00 | OK | |
r-patched-linux-x86_64 | 0.2.0 | 7.70 | 65.29 | 72.99 | OK | |
r-patched-solaris-x86 | 0.3.3 | 156.80 | NOTE | |||
r-release-linux-x86_64 | 0.2.0 | 6.92 | 61.55 | 68.47 | OK | |
r-release-macos-x86_64 | 0.2.0 | OK | ||||
r-release-windows-ix86+x86_64 | 0.2.0 | 21.00 | 94.00 | 115.00 | OK | |
r-oldrel-macos-x86_64 | 0.3.3 | NOTE | ||||
r-oldrel-windows-ix86+x86_64 | 0.2.0 | 10.00 | 82.00 | 92.00 | OK |
Version: 0.3.3
Check: dependencies in R code
Result: NOTE
Namespaces in Imports field not imported from:
‘productplots’ ‘scales’
All declared Imports should be used.
Flavors: r-devel-linux-x86_64-fedora-clang, r-devel-linux-x86_64-fedora-gcc, r-patched-solaris-x86, r-oldrel-macos-x86_64