Last updated on 2021-03-03 01:48:45 CET.
Flavor | Version | Tinstall | Tcheck | Ttotal | Status | Flags |
---|---|---|---|---|---|---|
r-devel-linux-x86_64-debian-clang | 0.5.8 | OK | ||||
r-devel-linux-x86_64-debian-gcc | 0.5.8 | 3.92 | 51.90 | 55.82 | OK | |
r-devel-linux-x86_64-fedora-clang | 0.5.8 | 97.71 | NOTE | |||
r-devel-linux-x86_64-fedora-gcc | 0.5.8 | 89.68 | NOTE | |||
r-devel-windows-ix86+x86_64 | 0.5.8 | 14.00 | 90.00 | 104.00 | OK | |
r-patched-linux-x86_64 | 0.5.8 | 5.04 | 66.52 | 71.56 | OK | |
r-patched-solaris-x86 | 0.5.8 | 119.60 | NOTE | |||
r-release-linux-x86_64 | 0.5.8 | 5.05 | 66.46 | 71.51 | OK | |
r-release-macos-x86_64 | 0.5.8 | NOTE | ||||
r-release-windows-ix86+x86_64 | 0.5.8 | 10.00 | 83.00 | 93.00 | OK | |
r-oldrel-macos-x86_64 | 0.5.8 | NOTE | ||||
r-oldrel-windows-ix86+x86_64 | 0.5.8 | 11.00 | 91.00 | 102.00 | OK |
Version: 0.5.8
Check: dependencies in R code
Result: NOTE
Namespaces in Imports field not imported from:
‘sna’ ‘utils’
All declared Imports should be used.
Flavors: r-devel-linux-x86_64-fedora-clang, r-devel-linux-x86_64-fedora-gcc, r-patched-solaris-x86, r-release-macos-x86_64, r-oldrel-macos-x86_64