Last updated on 2023-12-06 07:50:15 CET.
Flavor | Version | Tinstall | Tcheck | Ttotal | Status | Flags |
---|---|---|---|---|---|---|
r-devel-linux-x86_64-debian-clang | 1.7.3 | 9.18 | 84.82 | 94.00 | OK | |
r-devel-linux-x86_64-debian-gcc | 1.7.3 | 7.45 | 63.22 | 70.67 | OK | |
r-devel-linux-x86_64-fedora-clang | 1.7.3 | 120.23 | OK | |||
r-devel-linux-x86_64-fedora-gcc | 1.7.3 | 124.99 | OK | |||
r-devel-windows-x86_64 | 1.7.3 | 12.00 | 84.00 | 96.00 | OK | |
r-patched-linux-x86_64 | 1.7.3 | 10.52 | 80.03 | 90.55 | OK | |
r-release-linux-x86_64 | 1.7.3 | 7.74 | 80.99 | 88.73 | OK | |
r-release-macos-arm64 | 1.7.3 | 9.00 | ERROR | |||
r-release-macos-x86_64 | 1.7.3 | 11.00 | ERROR | |||
r-release-windows-x86_64 | 1.7.3 | 14.00 | 95.00 | 109.00 | OK | |
r-oldrel-macos-arm64 | 1.7.3 | 9.00 | ERROR | |||
r-oldrel-macos-x86_64 | 1.7.2 | 11.00 | ERROR | |||
r-oldrel-windows-x86_64 | 1.7.3 | 15.00 | 101.00 | 116.00 | OK |
Version: 1.7.3
Check: package dependencies
Result: ERROR
Package required but not available: ‘MicrobiomeStat’
See section ‘The DESCRIPTION file’ in the ‘Writing R Extensions’
manual.
Flavors: r-release-macos-arm64, r-release-macos-x86_64
Version: 1.7.3
Check: package dependencies
Result: ERROR
Packages required but not available: 'lefser', 'Maaslin2'
See section ‘The DESCRIPTION file’ in the ‘Writing R Extensions’
manual.
Flavor: r-oldrel-macos-arm64
Version: 1.7.2
Check: package dependencies
Result: ERROR
Packages required but not available: 'lefser', 'Maaslin2', 'metagenomeSeq'
See section ‘The DESCRIPTION file’ in the ‘Writing R Extensions’
manual.
Flavor: r-oldrel-macos-x86_64