Last updated on 2021-04-18 01:49:21 CEST.
Flavor | Version | Tinstall | Tcheck | Ttotal | Status | Flags |
---|---|---|---|---|---|---|
r-devel-linux-x86_64-debian-clang | 1.0.0 | 3.72 | 49.33 | 53.05 | NOTE | |
r-devel-linux-x86_64-debian-gcc | 1.0.0 | 3.04 | 37.44 | 40.48 | NOTE | |
r-devel-linux-x86_64-fedora-clang | 1.0.0 | 71.86 | NOTE | |||
r-devel-linux-x86_64-fedora-gcc | 1.0.0 | 59.10 | NOTE | |||
r-devel-windows-ix86+x86_64 | 1.0.0 | 13.00 | 72.00 | 85.00 | NOTE | |
r-devel-windows-x86_64-gcc10-UCRT | 1.0.0 | NOTE | ||||
r-patched-linux-x86_64 | 1.0.0 | 4.04 | 45.41 | 49.45 | OK | |
r-patched-solaris-x86 | 1.0.0 | 90.40 | OK | |||
r-release-linux-x86_64 | 1.0.0 | 3.33 | 45.51 | 48.84 | OK | |
r-release-macos-x86_64 | 1.0.0 | OK | ||||
r-release-windows-ix86+x86_64 | 1.0.0 | 32.00 | 67.00 | 99.00 | OK | |
r-oldrel-macos-x86_64 | 1.0.0 | OK | ||||
r-oldrel-windows-ix86+x86_64 | 1.0.0 | 8.00 | 62.00 | 70.00 | OK |
Version: 1.0.0
Check: LazyData
Result: NOTE
'LazyData' is specified without a 'data' directory
Flavors: r-devel-linux-x86_64-debian-clang, r-devel-linux-x86_64-debian-gcc, r-devel-linux-x86_64-fedora-clang, r-devel-linux-x86_64-fedora-gcc, r-devel-windows-ix86+x86_64, r-devel-windows-x86_64-gcc10-UCRT