CRAN Package Check Results for Package ggplotlyExtra

Last updated on 2022-06-30 01:49:09 CEST.

Flavor Version Tinstall Tcheck Ttotal Status Flags
r-devel-linux-x86_64-debian-clang 0.0.1 6.71 58.61 65.32 NOTE
r-devel-linux-x86_64-debian-gcc 0.0.1 5.62 43.85 49.47 NOTE
r-devel-linux-x86_64-fedora-clang 0.0.1 87.26 NOTE
r-devel-linux-x86_64-fedora-gcc 0.0.1 83.49 NOTE
r-devel-windows-x86_64 0.0.1 19.00 80.00 99.00 NOTE
r-patched-linux-x86_64 0.0.1 12.35 54.79 67.14 NOTE
r-release-linux-x86_64 0.0.1 4.34 54.55 58.89 NOTE
r-release-macos-arm64 0.0.1 26.00 NOTE
r-release-macos-x86_64 0.0.1 42.00 NOTE
r-release-windows-x86_64 0.0.1 18.00 83.00 101.00 NOTE
r-oldrel-macos-arm64 0.0.1 33.00 NOTE
r-oldrel-macos-x86_64 0.0.1 39.00 NOTE
r-oldrel-windows-ix86+x86_64 0.0.1 16.00 76.00 92.00 NOTE

Check Details

Version: 0.0.1
Check: LazyData
Result: NOTE
     'LazyData' is specified without a 'data' directory
Flavors: r-devel-linux-x86_64-debian-clang, r-devel-linux-x86_64-debian-gcc, r-devel-linux-x86_64-fedora-clang, r-devel-linux-x86_64-fedora-gcc, r-devel-windows-x86_64, r-patched-linux-x86_64, r-release-linux-x86_64, r-release-macos-arm64, r-release-macos-x86_64, r-release-windows-x86_64, r-oldrel-macos-arm64, r-oldrel-macos-x86_64, r-oldrel-windows-ix86+x86_64