CRAN Package Check Results for Package ggrasp

Last updated on 2020-08-14 01:49:03 CEST.

Flavor Version Tinstall Tcheck Ttotal Status Flags
r-devel-linux-x86_64-debian-clang 1.0 15.22 110.65 125.87 OK
r-devel-linux-x86_64-debian-gcc 1.0 12.59 83.14 95.73 OK
r-devel-linux-x86_64-fedora-clang 1.0 154.57 NOTE
r-devel-linux-x86_64-fedora-gcc 1.0 147.10 OK
r-devel-windows-ix86+x86_64 1.0 70.00 133.00 203.00 NOTE
r-patched-linux-x86_64 1.0 15.21 106.90 122.11 OK
r-patched-solaris-x86 1.0 235.50 NOTE
r-release-linux-x86_64 1.0 16.49 105.95 122.44 OK
r-release-macos-x86_64 1.0 NOTE
r-release-windows-ix86+x86_64 1.0 54.00 168.00 222.00 NOTE
r-oldrel-macos-x86_64 1.0 NOTE
r-oldrel-windows-ix86+x86_64 1.0 26.00 107.00 133.00 NOTE

Check Details

Version: 1.0
Check: installed package size
Result: NOTE
     installed size is 9.4Mb
     sub-directories of 1Mb or more:
     extdata 9.0Mb
Flavors: r-devel-linux-x86_64-fedora-clang, r-devel-windows-ix86+x86_64, r-patched-solaris-x86, r-release-macos-x86_64, r-release-windows-ix86+x86_64, r-oldrel-macos-x86_64, r-oldrel-windows-ix86+x86_64