CRAN Package Check Results for Package ggrasp

Last updated on 2020-01-20 01:50:22 CET.

Flavor Version Tinstall Tcheck Ttotal Status Flags
r-devel-linux-x86_64-debian-clang 1.0 13.64 92.97 106.61 OK
r-devel-linux-x86_64-debian-gcc 1.0 11.69 68.78 80.47 OK
r-devel-linux-x86_64-fedora-clang 1.0 122.89 NOTE
r-devel-linux-x86_64-fedora-gcc 1.0 118.89 OK
r-devel-windows-ix86+x86_64 1.0 53.00 155.00 208.00 NOTE
r-devel-windows-ix86+x86_64-gcc8 1.0 36.00 149.00 185.00 NOTE
r-patched-linux-x86_64 1.0 9.97 78.72 88.69 OK
r-patched-solaris-x86 1.0 166.10 NOTE
r-release-linux-x86_64 1.0 10.32 77.35 87.67 OK
r-release-windows-ix86+x86_64 1.0 47.00 95.00 142.00 NOTE
r-release-osx-x86_64 1.0 NOTE
r-oldrel-windows-ix86+x86_64 1.0 21.00 96.00 117.00 NOTE
r-oldrel-osx-x86_64 1.0 NOTE

Check Details

Version: 1.0
Check: installed package size
Result: NOTE
     installed size is 9.3Mb
     sub-directories of 1Mb or more:
     extdata 9.0Mb
Flavors: r-devel-linux-x86_64-fedora-clang, r-devel-windows-ix86+x86_64, r-devel-windows-ix86+x86_64-gcc8, r-patched-solaris-x86, r-release-windows-ix86+x86_64, r-release-osx-x86_64, r-oldrel-windows-ix86+x86_64, r-oldrel-osx-x86_64