CRAN Package Check Results for Package ggrisk

Last updated on 2021-12-03 00:48:42 CET.

Flavor Version Tinstall Tcheck Ttotal Status Flags
r-devel-linux-x86_64-debian-clang 1.3 17.11 140.40 157.51 OK
r-devel-linux-x86_64-debian-gcc 1.3 12.91 106.34 119.25 OK
r-devel-linux-x86_64-fedora-clang 1.3 199.67 NOTE
r-devel-linux-x86_64-fedora-gcc 1.3 183.05 NOTE
r-devel-windows-x86_64-new-UL 1.3 31.00 184.00 215.00 OK
r-devel-windows-x86_64-new-TK 1.3 NOTE
r-devel-windows-x86_64-old 1.3 30.00 123.00 153.00 OK
r-patched-linux-x86_64 1.3 16.48 132.13 148.61 OK
r-patched-solaris-x86 1.3 259.60 NOTE
r-release-linux-x86_64 1.3 17.30 132.51 149.81 OK
r-release-macos-arm64 1.3 NOTE
r-release-macos-x86_64 1.3 NOTE
r-release-windows-ix86+x86_64 1.3 43.00 171.00 214.00 OK
r-oldrel-macos-x86_64 1.3 NOTE
r-oldrel-windows-ix86+x86_64 1.3 43.00 163.00 206.00 OK

Check Details

Version: 1.3
Check: dependencies in R code
Result: NOTE
    Namespaces in Imports field not imported from:
     ‘nomogramFormula’ ‘survival’
     All declared Imports should be used.
Flavors: r-devel-linux-x86_64-fedora-clang, r-devel-linux-x86_64-fedora-gcc, r-devel-windows-x86_64-new-TK, r-patched-solaris-x86, r-release-macos-arm64, r-release-macos-x86_64, r-oldrel-macos-x86_64