CRAN Package Check Results for Package ggrisk

Last updated on 2022-08-15 02:53:43 CEST.

Flavor Version Tinstall Tcheck Ttotal Status Flags
r-devel-linux-x86_64-debian-clang 1.3 17.39 134.06 151.45 OK
r-devel-linux-x86_64-debian-gcc 1.3 12.86 99.05 111.91 OK
r-devel-linux-x86_64-fedora-clang 1.3 186.23 NOTE
r-devel-linux-x86_64-fedora-gcc 1.3 189.32 NOTE
r-devel-windows-x86_64 1.3 19.00 144.00 163.00 OK
r-patched-linux-x86_64 1.3 16.56 128.57 145.13 OK
r-release-linux-x86_64 1.3 15.29 127.62 142.91 OK
r-release-macos-arm64 1.3 60.00 NOTE
r-release-macos-x86_64 1.3 84.00 NOTE
r-release-windows-x86_64 1.3 22.00 148.00 170.00 OK
r-oldrel-macos-arm64 1.3 52.00 NOTE
r-oldrel-macos-x86_64 1.3 65.00 NOTE
r-oldrel-windows-ix86+x86_64 1.3 37.00 147.00 184.00 OK

Check Details

Version: 1.3
Check: dependencies in R code
Result: NOTE
    Namespaces in Imports field not imported from:
     ‘nomogramFormula’ ‘survival’
     All declared Imports should be used.
Flavors: r-devel-linux-x86_64-fedora-clang, r-devel-linux-x86_64-fedora-gcc, r-release-macos-arm64, r-release-macos-x86_64, r-oldrel-macos-arm64, r-oldrel-macos-x86_64