CRAN Package Check Results for Package ggrisk

Last updated on 2023-01-30 01:53:34 CET.

Flavor Version Tinstall Tcheck Ttotal Status Flags
r-devel-linux-x86_64-debian-clang 1.3 16.79 131.82 148.61 OK
r-devel-linux-x86_64-debian-gcc 1.3 11.91 98.92 110.83 OK
r-devel-linux-x86_64-fedora-clang 1.3 187.43 NOTE
r-devel-linux-x86_64-fedora-gcc 1.3 179.77 NOTE
r-devel-windows-x86_64 1.3 18.00 158.00 176.00 OK
r-patched-linux-x86_64 1.3 14.93 128.81 143.74 OK
r-release-linux-x86_64 1.3 13.24 128.38 141.62 OK
r-release-macos-arm64 1.3 60.00 NOTE
r-release-macos-x86_64 1.3 84.00 NOTE
r-release-windows-x86_64 1.3 23.00 164.00 187.00 OK
r-oldrel-macos-arm64 1.3 52.00 NOTE
r-oldrel-macos-x86_64 1.3 65.00 NOTE
r-oldrel-windows-ix86+x86_64 1.3 39.00 148.00 187.00 OK

Check Details

Version: 1.3
Check: dependencies in R code
Result: NOTE
    Namespaces in Imports field not imported from:
     ‘nomogramFormula’ ‘survival’
     All declared Imports should be used.
Flavors: r-devel-linux-x86_64-fedora-clang, r-devel-linux-x86_64-fedora-gcc, r-release-macos-arm64, r-release-macos-x86_64, r-oldrel-macos-arm64, r-oldrel-macos-x86_64