CRAN Package Check Results for Package ggspatial

Last updated on 2020-02-22 00:54:45 CET.

Flavor Version Tinstall Tcheck Ttotal Status Flags
r-devel-linux-x86_64-debian-clang 1.0.3 9.06 129.76 138.82 OK
r-devel-linux-x86_64-debian-gcc 1.0.3 6.95 98.36 105.31 OK
r-devel-linux-x86_64-fedora-clang 1.0.3 152.02 NOTE
r-devel-linux-x86_64-fedora-gcc 1.0.3 149.58 NOTE
r-devel-windows-ix86+x86_64 1.0.3 21.00 134.00 155.00 OK
r-devel-windows-ix86+x86_64-gcc8 1.0.3 34.00 186.00 220.00 OK
r-patched-linux-x86_64 1.0.3 OK
r-patched-solaris-x86 1.0.3 210.30 NOTE
r-release-linux-x86_64 1.0.3 7.51 113.90 121.41 OK
r-release-windows-ix86+x86_64 1.0.3 15.00 134.00 149.00 OK
r-release-osx-x86_64 1.0.3 NOTE
r-oldrel-windows-ix86+x86_64 1.0.3 12.00 128.00 140.00 OK
r-oldrel-osx-x86_64 1.0.3 NOTE

Check Details

Version: 1.0.3
Check: dependencies in R code
Result: NOTE
    Namespaces in Imports field not imported from:
     ‘reshape2’ ‘rosm’
     All declared Imports should be used.
Flavors: r-devel-linux-x86_64-fedora-clang, r-devel-linux-x86_64-fedora-gcc, r-patched-solaris-x86, r-release-osx-x86_64, r-oldrel-osx-x86_64