CRAN Package Check Results for Package ggthemes

Last updated on 2020-02-23 00:48:46 CET.

Flavor Version Tinstall Tcheck Ttotal Status Flags
r-devel-linux-x86_64-debian-clang 4.2.0 8.98 97.25 106.23 OK
r-devel-linux-x86_64-debian-gcc 4.2.0 6.15 72.25 78.40 OK
r-devel-linux-x86_64-fedora-clang 4.2.0 130.31 NOTE
r-devel-linux-x86_64-fedora-gcc 4.2.0 127.73 NOTE
r-devel-windows-ix86+x86_64 4.2.0 15.00 121.00 136.00 OK
r-devel-windows-ix86+x86_64-gcc8 4.2.0 27.00 160.00 187.00 OK
r-patched-linux-x86_64 4.2.0 OK
r-patched-solaris-x86 4.2.0 162.70 NOTE
r-release-linux-x86_64 4.2.0 6.81 85.14 91.95 OK
r-release-windows-ix86+x86_64 4.2.0 17.00 114.00 131.00 OK
r-release-osx-x86_64 4.2.0 NOTE
r-oldrel-windows-ix86+x86_64 4.2.0 12.00 106.00 118.00 OK
r-oldrel-osx-x86_64 4.2.0 NOTE

Check Details

Version: 4.2.0
Check: data for non-ASCII characters
Result: NOTE
     Note: found 138 marked UTF-8 strings
Flavors: r-devel-linux-x86_64-fedora-clang, r-devel-linux-x86_64-fedora-gcc, r-patched-solaris-x86, r-release-osx-x86_64, r-oldrel-osx-x86_64