CRAN Package Check Results for Package ggthemes

Last updated on 2020-12-05 00:47:27 CET.

Flavor Version Tinstall Tcheck Ttotal Status Flags
r-devel-linux-x86_64-debian-clang 4.2.0 9.70 98.58 108.28 OK
r-devel-linux-x86_64-debian-gcc 4.2.0 7.19 72.01 79.20 OK
r-devel-linux-x86_64-fedora-clang 4.2.0 126.02 NOTE
r-devel-linux-x86_64-fedora-gcc 4.2.0 116.90 NOTE
r-devel-windows-ix86+x86_64 4.2.0 17.00 120.00 137.00 OK
r-patched-linux-x86_64 4.2.0 9.15 89.90 99.05 OK
r-patched-solaris-x86 4.2.0 157.30 NOTE
r-release-linux-x86_64 4.2.0 8.28 89.53 97.81 OK
r-release-macos-x86_64 4.2.0 NOTE
r-release-windows-ix86+x86_64 4.2.0 12.00 91.00 103.00 OK
r-oldrel-macos-x86_64 4.2.0 NOTE
r-oldrel-windows-ix86+x86_64 4.2.0 14.00 128.00 142.00 OK

Check Details

Version: 4.2.0
Check: data for non-ASCII characters
Result: NOTE
     Note: found 138 marked UTF-8 strings
Flavors: r-devel-linux-x86_64-fedora-clang, r-devel-linux-x86_64-fedora-gcc, r-patched-solaris-x86, r-release-macos-x86_64, r-oldrel-macos-x86_64