Last updated on 2021-01-22 00:48:54 CET.
Flavor | Version | Tinstall | Tcheck | Ttotal | Status | Flags |
---|---|---|---|---|---|---|
r-devel-linux-x86_64-debian-clang | 0.5.0 | 24.91 | 176.38 | 201.29 | OK | |
r-devel-linux-x86_64-debian-gcc | 0.5.0 | 16.18 | 132.03 | 148.21 | OK | |
r-devel-linux-x86_64-fedora-clang | 0.5.0 | 264.72 | NOTE | |||
r-devel-linux-x86_64-fedora-gcc | 0.5.0 | 249.70 | NOTE | |||
r-devel-windows-ix86+x86_64 | 0.5.0 | 58.00 | 232.00 | 290.00 | OK | |
r-patched-linux-x86_64 | 0.5.0 | 20.36 | 164.63 | 184.99 | OK | |
r-patched-solaris-x86 | 0.5.0 | 268.40 | NOTE | |||
r-release-linux-x86_64 | 0.5.0 | 18.80 | 164.57 | 183.37 | OK | |
r-release-macos-x86_64 | 0.5.0 | NOTE | ||||
r-release-windows-ix86+x86_64 | 0.5.0 | 68.00 | 287.00 | 355.00 | OK | |
r-oldrel-macos-x86_64 | 0.5.0 | NOTE | ||||
r-oldrel-windows-ix86+x86_64 | 0.5.0 | 36.00 | 201.00 | 237.00 | OK |
Version: 0.5.0
Check: data for non-ASCII characters
Result: NOTE
Note: found 203 marked UTF-8 strings
Flavors: r-devel-linux-x86_64-fedora-clang, r-devel-linux-x86_64-fedora-gcc, r-patched-solaris-x86, r-release-macos-x86_64, r-oldrel-macos-x86_64