CRAN Package Check Results for Package gimms

Last updated on 2021-06-24 01:50:21 CEST.

Flavor Version Tinstall Tcheck Ttotal Status Flags
r-devel-linux-x86_64-debian-clang 1.2.0 11.03 88.59 99.62 OK
r-devel-linux-x86_64-debian-gcc 1.2.0 8.85 68.04 76.89 OK
r-devel-linux-x86_64-fedora-clang 1.2.0 129.64 OK
r-devel-linux-x86_64-fedora-gcc 1.2.0 117.43 OK
r-devel-windows-x86_64 1.2.0 14.00 84.00 98.00 OK
r-devel-windows-x86_64-gcc10-UCRT 1.2.0 ERROR
r-patched-linux-x86_64 1.2.0 12.19 85.50 97.69 OK
r-patched-solaris-x86 1.2.0 180.40 OK
r-release-linux-x86_64 1.2.0 10.49 86.57 97.06 OK
r-release-macos-arm64 1.2.0 OK
r-release-macos-x86_64 1.2.0 OK
r-release-windows-ix86+x86_64 1.2.0 22.00 88.00 110.00 OK
r-oldrel-macos-x86_64 1.2.0 OK

Check Details

Version: 1.2.0
Check: package dependencies
Result: ERROR
    Package required but not available: 'curl'
    
    See section 'The DESCRIPTION file' in the 'Writing R Extensions'
    manual.
Flavor: r-devel-windows-x86_64-gcc10-UCRT