Last updated on 2021-04-20 01:47:06 CEST.
Flavor | Version | Tinstall | Tcheck | Ttotal | Status | Flags |
---|---|---|---|---|---|---|
r-devel-linux-x86_64-debian-clang | 0.2.4 | 4.52 | 50.85 | 55.37 | OK | |
r-devel-linux-x86_64-debian-gcc | 0.2.4 | 4.03 | 39.58 | 43.61 | OK | |
r-devel-linux-x86_64-fedora-clang | 0.2.4 | 76.02 | NOTE | |||
r-devel-linux-x86_64-fedora-gcc | 0.2.4 | 68.47 | NOTE | |||
r-devel-windows-ix86+x86_64 | 0.2.4 | 10.00 | 77.00 | 87.00 | OK | |
r-devel-windows-x86_64-gcc10-UCRT | 0.2.4 | NOTE | ||||
r-patched-linux-x86_64 | 0.2.4 | 4.58 | 48.59 | 53.17 | OK | |
r-patched-solaris-x86 | 0.2.4 | 100.30 | NOTE | |||
r-release-linux-x86_64 | 0.2.4 | 4.33 | 48.59 | 52.92 | OK | |
r-release-macos-x86_64 | 0.2.4 | NOTE | ||||
r-release-windows-ix86+x86_64 | 0.2.4 | 10.00 | 74.00 | 84.00 | OK | |
r-oldrel-macos-x86_64 | 0.2.4 | NOTE | ||||
r-oldrel-windows-ix86+x86_64 | 0.2.4 | 9.00 | 72.00 | 81.00 | OK |
Version: 0.2.4
Check: dependencies in R code
Result: NOTE
Namespace in Imports field not imported from: ‘lwgeom’
All declared Imports should be used.
Flavors: r-devel-linux-x86_64-fedora-clang, r-devel-linux-x86_64-fedora-gcc, r-devel-windows-x86_64-gcc10-UCRT, r-patched-solaris-x86, r-release-macos-x86_64, r-oldrel-macos-x86_64
Version: 0.2.4
Check: data for non-ASCII characters
Result: NOTE
Note: found 1178 marked UTF-8 strings
Flavors: r-devel-linux-x86_64-fedora-clang, r-devel-linux-x86_64-fedora-gcc, r-devel-windows-x86_64-gcc10-UCRT, r-patched-solaris-x86, r-release-macos-x86_64, r-oldrel-macos-x86_64