CRAN Package Check Results for Package gitcreds

Last updated on 2021-04-20 01:47:06 CEST.

Flavor Version Tinstall Tcheck Ttotal Status Flags
r-devel-linux-x86_64-debian-clang 0.1.1 2.22 29.95 32.17 NOTE
r-devel-linux-x86_64-debian-gcc 0.1.1 1.83 24.14 25.97 NOTE
r-devel-linux-x86_64-fedora-clang 0.1.1 51.02 NOTE
r-devel-linux-x86_64-fedora-gcc 0.1.1 39.82 NOTE
r-devel-windows-ix86+x86_64 0.1.1 6.00 36.00 42.00 NOTE
r-devel-windows-x86_64-gcc10-UCRT 0.1.1 NOTE
r-patched-linux-x86_64 0.1.1 2.27 28.85 31.12 OK
r-patched-solaris-x86 0.1.1 57.30 OK
r-release-linux-x86_64 0.1.1 2.65 28.99 31.64 OK
r-release-macos-x86_64 0.1.1 OK
r-release-windows-ix86+x86_64 0.1.1 6.00 46.00 52.00 OK
r-oldrel-macos-x86_64 0.1.1 OK
r-oldrel-windows-ix86+x86_64 0.1.1 4.00 44.00 48.00 OK

Check Details

Version: 0.1.1
Check: LazyData
Result: NOTE
     'LazyData' is specified without a 'data' directory
Flavors: r-devel-linux-x86_64-debian-clang, r-devel-linux-x86_64-debian-gcc, r-devel-linux-x86_64-fedora-clang, r-devel-linux-x86_64-fedora-gcc, r-devel-windows-ix86+x86_64, r-devel-windows-x86_64-gcc10-UCRT